{"id":97744,"date":"2022-09-06T16:02:25","date_gmt":"2022-09-06T21:02:25","guid":{"rendered":"https:\/\/defabrica.com.mx\/defabrica\/?post_type=product&#038;p=97744"},"modified":"2022-09-06T16:02:25","modified_gmt":"2022-09-06T21:02:25","slug":"frigidaire-estm020-blue-batidora-de-pie-azul","status":"publish","type":"product","link":"https:\/\/defabrica.com.mx\/defabrica\/producto\/frigidaire-estm020-blue-batidora-de-pie-azul\/","title":{"rendered":"Frigidaire &#8211; ESTM020-BLUE Batidora de pie &#8211; Azul"},"content":{"rendered":"<p>Prepare alimentos r\u00e1pidamente con esta batidora de pie retro Frigidaire azul.\u00a0Las ocho velocidades ofrecen un control preciso para una mezcla efectiva, mientras que el 4.75-qt.\u00a0El taz\u00f3n de acero inoxidable le permite mezclar suficiente masa para hornear galletas para toda su familia.\u00a0Esta batidora de pie retro Frigidaire tiene cuatro pies de goma para mayor estabilidad, y el protector contra salpicaduras incluido ayuda a evitar problemas cuando enciende el motor.<\/p>\n<h3><\/h3>\n<h3 class=\"heading-5 v-fw-regular feature-heading\"><strong>Caracter\u00edsticas<\/strong><\/h3>\n<ul>\n<li><strong>El control de 8 velocidades ofrece una variedad de opciones de mezcla<\/strong><br \/>\nDesde un batido lento hasta un l\u00e1tigo muy r\u00e1pido, esta batidora tiene una velocidad que se adapta a m\u00faltiples necesidades culinarias.<\/li>\n<li><strong>motor de 1200 vatios<\/strong><br \/>\nAborda sin esfuerzo incluso la masa gruesa de brownie y la masa de pan.<\/li>\n<li><strong>153,6 onzas capacidad<\/strong><br \/>\nPara mezclar lotes de bebidas o sopas.<\/li>\n<li><strong>Gancho de la pasta<\/strong><br \/>\nAmasa masa de levadura para recetas de pan y pizza.<\/li>\n<\/ul>\n","protected":false},"excerpt":{"rendered":"<p>Prepare alimentos r\u00e1pidamente con esta batidora de pie retro Frigidaire azul.\u00a0Las ocho velocidades ofrecen un control preciso para una mezcla efectiva, mientras que el 4.75-qt.\u00a0El taz\u00f3n de acero inoxidable le<\/p>\n","protected":false},"featured_media":97745,"comment_status":"open","ping_status":"closed","template":"","meta":{"_acf_changed":false,"_joinchat":[]},"product_brand":[],"product_cat":[336,337,986],"product_tag":[],"class_list":{"0":"post-97744","1":"product","2":"type-product","3":"status-publish","4":"has-post-thumbnail","6":"product_cat-hogar","7":"product_cat-cocina","8":"product_cat-batidoras","10":"first","11":"instock","12":"sale","13":"shipping-taxable","14":"purchasable","15":"product-type-simple"},"acf":[],"_links":{"self":[{"href":"https:\/\/defabrica.com.mx\/defabrica\/wp-json\/wp\/v2\/product\/97744","targetHints":{"allow":["GET"]}}],"collection":[{"href":"https:\/\/defabrica.com.mx\/defabrica\/wp-json\/wp\/v2\/product"}],"about":[{"href":"https:\/\/defabrica.com.mx\/defabrica\/wp-json\/wp\/v2\/types\/product"}],"replies":[{"embeddable":true,"href":"https:\/\/defabrica.com.mx\/defabrica\/wp-json\/wp\/v2\/comments?post=97744"}],"wp:featuredmedia":[{"embeddable":true,"href":"https:\/\/defabrica.com.mx\/defabrica\/wp-json\/wp\/v2\/media\/97745"}],"wp:attachment":[{"href":"https:\/\/defabrica.com.mx\/defabrica\/wp-json\/wp\/v2\/media?parent=97744"}],"wp:term":[{"taxonomy":"product_brand","embeddable":true,"href":"https:\/\/defabrica.com.mx\/defabrica\/wp-json\/wp\/v2\/product_brand?post=97744"},{"taxonomy":"product_cat","embeddable":true,"href":"https:\/\/defabrica.com.mx\/defabrica\/wp-json\/wp\/v2\/product_cat?post=97744"},{"taxonomy":"product_tag","embeddable":true,"href":"https:\/\/defabrica.com.mx\/defabrica\/wp-json\/wp\/v2\/product_tag?post=97744"}],"curies":[{"name":"wp","href":"https:\/\/api.w.org\/{rel}","templated":true}]}}