{"id":97412,"date":"2022-09-05T14:57:14","date_gmt":"2022-09-05T19:57:14","guid":{"rendered":"https:\/\/defabrica.com.mx\/defabrica\/?post_type=product&#038;p=97412"},"modified":"2023-01-20T20:31:07","modified_gmt":"2023-01-21T02:31:07","slug":"cuisinart-batidora-de-pie-digital-precision-pro-de-5-5-cuartos-grafito","status":"publish","type":"product","link":"https:\/\/defabrica.com.mx\/defabrica\/producto\/cuisinart-batidora-de-pie-digital-precision-pro-de-5-5-cuartos-grafito\/","title":{"rendered":"Cuisinart &#8211; Batidora de pie digital Precision Pro de 5.5 cuartos &#8211; Grafito"},"content":{"rendered":"<div class=\"embedded-component-container lv product-description\">\n<div>\n<div id=\"shop-product-description-9882011\" class=\"_none\" data-version=\"1.3.48\">\n<div class=\"shop-product-description\">\n<section class=\"align-heading-left\" data-reactroot=\"\">\n<div class=\"long-description-container body-copy \">\n<div class=\"html-fragment\">\u00a1Presentamos la batidora de pie digital con la combinaci\u00f3n perfecta de potencia, precisi\u00f3n y velocidad!\u00a0Equipada con un motor de 500 vatios de alto rendimiento, la batidora de pie digital Cuisinart Precision Pro funciona incluso con los trabajos de mezcla m\u00e1s pesados \u200b\u200ben un taz\u00f3n de gran capacidad de 5.5 cuartos.\u00a0Basta con girar el dial LED digital para seleccionar entre 12 opciones de velocidad, incluidas 3 configuraciones de preparaci\u00f3n de alimentos preprogramadas y 7 tareas de recetas que se realizar\u00e1n en cada configuraci\u00f3n de preparaci\u00f3n de alimentos.\u00a0Los accesorios premium incluyen un batidor de chef, una paleta mezcladora plana, un gancho para amasar y un protector contra salpicaduras con pico vertedor para una m\u00e1xima versatilidad con un desorden m\u00ednimo.\u00a0La carcasa fundida a presi\u00f3n proporciona una durabilidad superior, y la mezcla comercial para la cocina actual garantiza una mezcla precisa y completa.\u00a0Deje que Cuisinart combine la comodidad digital con un rendimiento potente en la batidora de pie imprescindible para hoy.<\/div>\n<\/div>\n<\/section>\n<\/div>\n<\/div>\n<\/div>\n<\/div>\n<div class=\"embedded-component-container lv product-features\">\n<h3><\/h3>\n<h3 class=\"heading-5 v-fw-regular feature-heading\"><strong>Caracter\u00edsticas<\/strong><\/h3>\n<ul>\n<li><strong>Velocidad<\/strong><br \/>\n12 velocidades para mezclar con precisi\u00f3n<\/li>\n<li><strong>Motor<\/strong><br \/>\nPotente motor de 500 vatios<\/li>\n<li><strong>Pantalla LED<\/strong><br \/>\nPantalla LED digital<\/li>\n<li><strong>Esfera LED<\/strong><br \/>\nEl indicador LED se ilumina cuando est\u00e1 en funcionamiento<\/li>\n<li><strong>Temporizador<\/strong><br \/>\nTemporizador de cuenta regresiva con funci\u00f3n de apagado autom\u00e1tico<\/li>\n<li><strong>preprogramado<\/strong><br \/>\nFunciones de recetas preprogramadas<\/li>\n<li><strong>Material<\/strong><br \/>\nAcero inoxidable pulido 5.5 Qt. Cuenco con asa auxiliar<\/li>\n<li><strong>mezclando<\/strong><br \/>\nMezcla comercial para la cocina de hoy<\/li>\n<li><strong>Metal<\/strong><br \/>\nConstrucci\u00f3n de metal fundido a presi\u00f3n.<\/li>\n<li><strong>Cabeza<\/strong><br \/>\nEl cabezal inclinable hacia atr\u00e1s permite un f\u00e1cil acceso al recipiente para mezclar<\/li>\n<li><strong>Toma de corriente<\/strong><br \/>\nUna toma de corriente para accesorios opcionales<\/li>\n<li><strong>Qu\u00e9 est\u00e1 incluido<\/strong><br \/>\nBatidor de chef, gancho para amasar, paleta mezcladora plana, protectores contra salpicaduras con pico vertedor<\/li>\n<\/ul>\n<\/div>\n","protected":false},"excerpt":{"rendered":"<p>\u00a1Presentamos la batidora de pie digital con la combinaci\u00f3n perfecta de potencia, precisi\u00f3n y velocidad!\u00a0Equipada con un motor de 500 vatios de alto rendimiento, la batidora de pie digital Cuisinart<\/p>\n","protected":false},"featured_media":97418,"comment_status":"open","ping_status":"closed","template":"","meta":{"_acf_changed":false,"_joinchat":[]},"product_brand":[],"product_cat":[336,337,986],"product_tag":[],"class_list":{"0":"post-97412","1":"product","2":"type-product","3":"status-publish","4":"has-post-thumbnail","6":"product_cat-hogar","7":"product_cat-cocina","8":"product_cat-batidoras","10":"first","11":"instock","12":"sale","13":"shipping-taxable","14":"purchasable","15":"product-type-simple"},"acf":[],"_links":{"self":[{"href":"https:\/\/defabrica.com.mx\/defabrica\/wp-json\/wp\/v2\/product\/97412","targetHints":{"allow":["GET"]}}],"collection":[{"href":"https:\/\/defabrica.com.mx\/defabrica\/wp-json\/wp\/v2\/product"}],"about":[{"href":"https:\/\/defabrica.com.mx\/defabrica\/wp-json\/wp\/v2\/types\/product"}],"replies":[{"embeddable":true,"href":"https:\/\/defabrica.com.mx\/defabrica\/wp-json\/wp\/v2\/comments?post=97412"}],"wp:featuredmedia":[{"embeddable":true,"href":"https:\/\/defabrica.com.mx\/defabrica\/wp-json\/wp\/v2\/media\/97418"}],"wp:attachment":[{"href":"https:\/\/defabrica.com.mx\/defabrica\/wp-json\/wp\/v2\/media?parent=97412"}],"wp:term":[{"taxonomy":"product_brand","embeddable":true,"href":"https:\/\/defabrica.com.mx\/defabrica\/wp-json\/wp\/v2\/product_brand?post=97412"},{"taxonomy":"product_cat","embeddable":true,"href":"https:\/\/defabrica.com.mx\/defabrica\/wp-json\/wp\/v2\/product_cat?post=97412"},{"taxonomy":"product_tag","embeddable":true,"href":"https:\/\/defabrica.com.mx\/defabrica\/wp-json\/wp\/v2\/product_tag?post=97412"}],"curies":[{"name":"wp","href":"https:\/\/api.w.org\/{rel}","templated":true}]}}