{"id":96463,"date":"2022-08-19T20:57:46","date_gmt":"2022-08-20T01:57:46","guid":{"rendered":"https:\/\/defabrica.com.mx\/defabrica\/?post_type=product&#038;p=96463"},"modified":"2023-01-20T20:55:05","modified_gmt":"2023-01-21T02:55:05","slug":"steelseries-auriculares-inalambricos-para-juegos-arctis-9x-para-xbox-xs-y-xbox-one-negro","status":"publish","type":"product","link":"https:\/\/defabrica.com.mx\/defabrica\/producto\/steelseries-auriculares-inalambricos-para-juegos-arctis-9x-para-xbox-xs-y-xbox-one-negro\/","title":{"rendered":"SteelSeries &#8211; Auriculares inal\u00e1mbricos para juegos Arctis 9X para Xbox X|S y Xbox One &#8211; Negro"},"content":{"rendered":"<p>Rod\u00e9ate de un sonido potente mientras juegas con estos auriculares inal\u00e1mbricos SteelSeries Arctis 9X.\u00a0El micr\u00f3fono con cancelaci\u00f3n de ruido ClearCast elimina el ruido de fondo para captar un sonido claro mientras chateas con amigos en el campo de batalla, y la conectividad Bluetooth significa que puedes mezclar audio desde otro dispositivo.\u00a0La compatibilidad con Xbox le permite conectar estos auriculares inal\u00e1mbricos SteelSeries Arctis 9X como controladores, eliminando los cables colgantes durante las sesiones.<\/p>\n<h3><\/h3>\n<h3 class=\"heading-5 v-fw-regular feature-heading\"><strong>Caracter\u00edsticas<\/strong><\/h3>\n<ul>\n<li><strong>Diadema ajustable<\/strong><br \/>\nSe adapta f\u00e1cilmente a tu cabeza para una m\u00e1xima comodidad durante largas sesiones.<\/li>\n<li><strong>Bater\u00eda recargable<\/strong><br \/>\nOfrece hasta 20 horas de uso con una carga.<\/li>\n<li><strong>Compatible con Xbox One y Xbox One S<\/strong><br \/>\nTambi\u00e9n funciona con dispositivos Xbox One X.<\/li>\n<li><strong>Micr\u00f3fono con cancelaci\u00f3n de ruido ClearCast<\/strong><br \/>\nEl micr\u00f3fono retr\u00e1ctil ClearCast certificado por Discord utiliza un dise\u00f1o bidireccional, el mismo que utilizan las tripulaciones de cubierta de los portaaviones. Proporciona una cancelaci\u00f3n de ruido superior para que su voz suene clara y natural.<\/li>\n<li><strong>Conexi\u00f3n inal\u00e1mbrica de 2,4 GHz<\/strong><br \/>\nGarantiza un audio de latencia ultrabaja y sin p\u00e9rdidas con sus dispositivos Xbox<\/li>\n<li><strong>Controles de auriculares<\/strong><br \/>\nIncluye volumen, encendido\/apagado, respuesta\/finalizaci\u00f3n, reproducci\u00f3n\/pausa, pista siguiente\/anterior y preajuste de ecualizador.<\/li>\n<\/ul>\n","protected":false},"excerpt":{"rendered":"<p>Rod\u00e9ate de un sonido potente mientras juegas con estos auriculares inal\u00e1mbricos SteelSeries Arctis 9X.\u00a0El micr\u00f3fono con cancelaci\u00f3n de ruido ClearCast elimina el ruido de fondo para captar un sonido claro<\/p>\n","protected":false},"featured_media":96465,"comment_status":"open","ping_status":"closed","template":"","meta":{"_acf_changed":false,"_joinchat":[]},"product_brand":[],"product_cat":[277,282,436,441],"product_tag":[],"class_list":{"0":"post-96463","1":"product","2":"type-product","3":"status-publish","4":"has-post-thumbnail","6":"product_cat-zona-gamer","7":"product_cat-accesorios-gamers","8":"product_cat-audifonos-gamer","9":"product_cat-todos-los-accesorios-gamer","11":"first","12":"instock","13":"sale","14":"shipping-taxable","15":"purchasable","16":"product-type-simple"},"acf":[],"_links":{"self":[{"href":"https:\/\/defabrica.com.mx\/defabrica\/wp-json\/wp\/v2\/product\/96463","targetHints":{"allow":["GET"]}}],"collection":[{"href":"https:\/\/defabrica.com.mx\/defabrica\/wp-json\/wp\/v2\/product"}],"about":[{"href":"https:\/\/defabrica.com.mx\/defabrica\/wp-json\/wp\/v2\/types\/product"}],"replies":[{"embeddable":true,"href":"https:\/\/defabrica.com.mx\/defabrica\/wp-json\/wp\/v2\/comments?post=96463"}],"wp:featuredmedia":[{"embeddable":true,"href":"https:\/\/defabrica.com.mx\/defabrica\/wp-json\/wp\/v2\/media\/96465"}],"wp:attachment":[{"href":"https:\/\/defabrica.com.mx\/defabrica\/wp-json\/wp\/v2\/media?parent=96463"}],"wp:term":[{"taxonomy":"product_brand","embeddable":true,"href":"https:\/\/defabrica.com.mx\/defabrica\/wp-json\/wp\/v2\/product_brand?post=96463"},{"taxonomy":"product_cat","embeddable":true,"href":"https:\/\/defabrica.com.mx\/defabrica\/wp-json\/wp\/v2\/product_cat?post=96463"},{"taxonomy":"product_tag","embeddable":true,"href":"https:\/\/defabrica.com.mx\/defabrica\/wp-json\/wp\/v2\/product_tag?post=96463"}],"curies":[{"name":"wp","href":"https:\/\/api.w.org\/{rel}","templated":true}]}}