{"id":96439,"date":"2022-08-19T20:14:03","date_gmt":"2022-08-20T01:14:03","guid":{"rendered":"https:\/\/defabrica.com.mx\/defabrica\/?post_type=product&#038;p=96439"},"modified":"2023-01-20T20:52:47","modified_gmt":"2023-01-21T02:52:47","slug":"steelseries-auriculares-para-juegos-con-cable-arctis-nova-pro-para-pc-ps5-y-ps4-negro","status":"publish","type":"product","link":"https:\/\/defabrica.com.mx\/defabrica\/producto\/steelseries-auriculares-para-juegos-con-cable-arctis-nova-pro-para-pc-ps5-y-ps4-negro\/","title":{"rendered":"SteelSeries &#8211; Auriculares para juegos con cable Arctis Nova Pro para PC, PS5 y PS4 &#8211; Negro"},"content":{"rendered":"<div class=\"embedded-component-container lv product-description\">\n<div>\n<div id=\"shop-product-description-64649874\" class=\"_none\" data-version=\"1.3.48\">\n<div class=\"shop-product-description\">\n<section class=\"align-heading-left\" data-reactroot=\"\">\n<div class=\"long-description-container body-copy \">\n<div class=\"html-fragment\">El Arctis Nova Pro eleva el nivel de los auriculares para juegos con el sistema ac\u00fastico Nova Pro, audio espacial inmersivo de 360\u00b0, software de sonda, GameDAC Gen 2 con audio de alta resoluci\u00f3n, ESS Sabre QuadDAC.<\/div>\n<\/div>\n<\/section>\n<\/div>\n<\/div>\n<\/div>\n<\/div>\n<div class=\"embedded-component-container lv product-features\">\n<h3><\/h3>\n<h3 class=\"heading-5 v-fw-regular feature-heading\"><strong>Caracter\u00edsticas<\/strong><\/h3>\n<ul>\n<li><strong>audio todopoderoso<\/strong><br \/>\nExperimente la m\u00e1xima claridad y calidad de sonido con los controladores premium de alta fidelidad. Personaliza completamente la experiencia de sonido con el software Sonar mediante el uso de un ecualizador param\u00e9trico de grado profesional, el primero en juegos.<\/li>\n<li><strong>Conexi\u00f3n multisistema<\/strong><br \/>\nConecte dos sistemas a la vez y cambie entre ellos con solo presionar un bot\u00f3n. El GameDAC Gen 2 agiliza su experiencia para crear la base multimedia definitiva.<\/li>\n<li><strong>Micr\u00f3fono con cancelaci\u00f3n de ruido alimentado por IA<\/strong><br \/>\nEl micr\u00f3fono ClearCast Gen 2 silencia el ruido de fondo para brindarle comunicaciones n\u00edtidas, respaldadas por los poderosos algoritmos de inteligencia artificial de Sonar Software. El micr\u00f3fono tambi\u00e9n se retrae completamente en el auricular para una apariencia m\u00e1s elegante.<\/li>\n<li><strong>Audio espacial de 360\u00b0<\/strong><br \/>\nEl sonido envolvente inmersivo lo transporta al mundo de los juegos, lo que le permite escuchar cada paso cr\u00edtico, recarga o se\u00f1al vocal para darle una ventaja. *Totalmente compatible con Tempest 3D Audio para PS5 \/ Microsoft Spatial Sound<\/li>\n<li><strong>Certificaci\u00f3n de audio de alta resoluci\u00f3n<\/strong><br \/>\nGameDAC Gen 2 potencia el audio de tu juego con una se\u00f1al un 78 % m\u00e1s pura (en comparaci\u00f3n con GameDAC Gen 1), elevando la resoluci\u00f3n a 96 KHz\/24 bits para un paisaje sonoro mucho m\u00e1s rico y detallado<\/li>\n<li><strong>Ajustable para un ajuste perfecto.<\/strong><br \/>\nEl sistema ComfortMAX incluye orejeras giratorias de altura ajustable, una banda de suspensi\u00f3n flexible y una estructura compatible con anteojos para garantizar un uso c\u00f3modo sin importar cu\u00e1nto tiempo juegues.<\/li>\n<li><strong>Configuraciones f\u00e1ciles<\/strong><br \/>\nAjuste el ecualizador, el dispositivo de entrada, el volumen, ChatMix y mucho m\u00e1s con el toque de un dedo, utilizando GameDAC Gen 2. Configure el audio perfecto para PC o consola directamente desde la pantalla OLED multifunci\u00f3n.<\/li>\n<\/ul>\n<\/div>\n","protected":false},"excerpt":{"rendered":"<p>El Arctis Nova Pro eleva el nivel de los auriculares para juegos con el sistema ac\u00fastico Nova Pro, audio espacial inmersivo de 360\u00b0, software de sonda, GameDAC Gen 2 con<\/p>\n","protected":false},"featured_media":96441,"comment_status":"open","ping_status":"closed","template":"","meta":{"_acf_changed":false,"_joinchat":[]},"product_brand":[],"product_cat":[277,282,436,441],"product_tag":[],"class_list":{"0":"post-96439","1":"product","2":"type-product","3":"status-publish","4":"has-post-thumbnail","6":"product_cat-zona-gamer","7":"product_cat-accesorios-gamers","8":"product_cat-audifonos-gamer","9":"product_cat-todos-los-accesorios-gamer","11":"first","12":"instock","13":"sale","14":"shipping-taxable","15":"purchasable","16":"product-type-simple"},"acf":[],"_links":{"self":[{"href":"https:\/\/defabrica.com.mx\/defabrica\/wp-json\/wp\/v2\/product\/96439","targetHints":{"allow":["GET"]}}],"collection":[{"href":"https:\/\/defabrica.com.mx\/defabrica\/wp-json\/wp\/v2\/product"}],"about":[{"href":"https:\/\/defabrica.com.mx\/defabrica\/wp-json\/wp\/v2\/types\/product"}],"replies":[{"embeddable":true,"href":"https:\/\/defabrica.com.mx\/defabrica\/wp-json\/wp\/v2\/comments?post=96439"}],"wp:featuredmedia":[{"embeddable":true,"href":"https:\/\/defabrica.com.mx\/defabrica\/wp-json\/wp\/v2\/media\/96441"}],"wp:attachment":[{"href":"https:\/\/defabrica.com.mx\/defabrica\/wp-json\/wp\/v2\/media?parent=96439"}],"wp:term":[{"taxonomy":"product_brand","embeddable":true,"href":"https:\/\/defabrica.com.mx\/defabrica\/wp-json\/wp\/v2\/product_brand?post=96439"},{"taxonomy":"product_cat","embeddable":true,"href":"https:\/\/defabrica.com.mx\/defabrica\/wp-json\/wp\/v2\/product_cat?post=96439"},{"taxonomy":"product_tag","embeddable":true,"href":"https:\/\/defabrica.com.mx\/defabrica\/wp-json\/wp\/v2\/product_tag?post=96439"}],"curies":[{"name":"wp","href":"https:\/\/api.w.org\/{rel}","templated":true}]}}