{"id":95730,"date":"2022-08-12T23:18:53","date_gmt":"2022-08-13T04:18:53","guid":{"rendered":"https:\/\/defabrica.com.mx\/defabrica\/?post_type=product&#038;p=95730"},"modified":"2022-08-12T23:18:53","modified_gmt":"2022-08-13T04:18:53","slug":"msi-laptop-creator-m16-16-intel-core-i7-memoria-16-gb-ssd-512-gb-negro","status":"publish","type":"product","link":"https:\/\/defabrica.com.mx\/defabrica\/producto\/msi-laptop-creator-m16-16-intel-core-i7-memoria-16-gb-ssd-512-gb-negro\/","title":{"rendered":"MSI &#8211; Laptop Creator M16 16&#8243; &#8211; Intel Core i7 &#8211; Memoria 16 GB &#8211; SSD 512 GB &#8211; Negro"},"content":{"rendered":"<div class=\"embedded-component-container lv product-description\">\n<div>\n<div id=\"shop-product-description-27206489\" class=\"_none\" data-version=\"1.3.47\">\n<div class=\"shop-product-description\">\n<section class=\"align-heading-left\" data-reactroot=\"\">\n<div class=\"long-description-container body-copy \">\n<div class=\"html-fragment\"><span>Las mejores creaciones a menudo se basan en c\u00e1lculos y dise\u00f1os precisos.\u00a0Algunas de las obras m\u00e1s representativas provienen del Renacimiento, la era conocida por la belleza matem\u00e1tica y geom\u00e9trica formada por la \ufffdProporci\u00f3n \u00c1urea\ufffd.\u00a0Desde la era del Renacimiento, la revoluci\u00f3n cient\u00edfica y la Ilustraci\u00f3n, las grandes evoluciones se basan en la artesan\u00eda de la ciencia y la est\u00e9tica human\u00edstica.\u00a0Creator M16 aplica la proporci\u00f3n \u00e1urea en el dise\u00f1o de productos con tecnolog\u00eda innovadora, lo que lo lleva a un nuevo cap\u00edtulo.\u00a0La tecnolog\u00eda se encuentra con la Est\u00e9tica.<\/span><\/div>\n<\/div>\n<\/section>\n<\/div>\n<\/div>\n<\/div>\n<\/div>\n<div class=\"embedded-component-container lv product-features\">\n<h3><\/h3>\n<h3 class=\"heading-5 v-fw-regular feature-heading\"><strong>Caracter\u00edsticas<\/strong><\/h3>\n<ul>\n<li><strong>Windows 10 Pro<\/strong><br \/>\nCreado para los negocios. Proteja sus datos con seguridad de nivel empresarial, inicie sesi\u00f3n desde cualquier dispositivo en cualquier lugar y aumente la productividad con potentes herramientas de administraci\u00f3n.<\/li>\n<li><strong>Pantalla QHD+ de 16&#8243;<\/strong><br \/>\nCon tecnolog\u00eda de pantalla de color verdadero. La resoluci\u00f3n de 2560 x 1600 ofrece un color y una claridad asombrosos<\/li>\n<li><strong>Memoria del sistema de 16 GB para multitarea y juegos intensos<\/strong><br \/>\nMontones de RAM DDR4 de alto ancho de banda para ejecutar sin problemas sus juegos de PC con muchos gr\u00e1ficos y aplicaciones de edici\u00f3n de video, as\u00ed como numerosos programas y pesta\u00f1as del navegador, todo a la vez.<\/li>\n<li><strong>Unidad de estado s\u00f3lido (SSD) de 512 GB<\/strong><br \/>\nSi bien ofrece menos espacio de almacenamiento que un disco duro, un SSD basado en flash no tiene partes m\u00f3viles, lo que resulta en tiempos de inicio y acceso a datos m\u00e1s r\u00e1pidos, sin ruido y menos producci\u00f3n de calor y consumo de energ\u00eda de la bater\u00eda.<\/li>\n<li><strong>Tarjeta gr\u00e1fica discreta NVIDIA GeForce RTX 3050 Ti<\/strong><br \/>\nTarjeta gr\u00e1fica discreta NVIDIA GeForce RTX 3050 Ti para juegos y dise\u00f1o gr\u00e1fico que ofrece una experiencia visual \u00f3ptima<\/li>\n<li><strong>Pesa 4,97 libras y mide 1,08&#8243; de espesor<\/strong><br \/>\nBater\u00eda de 3 celdas.<\/li>\n<li><strong>La salida HDMI ampl\u00eda sus opciones de visualizaci\u00f3n<\/strong><br \/>\nCon\u00e9ctese a un televisor de alta definici\u00f3n o a un monitor de alta definici\u00f3n para configurar dos pantallas una al lado de la otra o simplemente ver m\u00e1s del panorama general.<\/li>\n<li><strong>Conectividad inal\u00e1mbrica\/al\u00e1mbrica (WiFi 6 &#8211; 802.11ax)<\/strong><br \/>\nConectividad flexible de doble banda con mayor confiabilidad gracias a dos flujos de datos y antenas. Con\u00e9ctese a un enrutador Wi-Fi para experimentar velocidades Wi-Fi GB casi 3 veces m\u00e1s r\u00e1pidas que Wi-Fi 5 est\u00e1ndar con capacidad de respuesta mejorada para a\u00fan m\u00e1s dispositivos.<\/li>\n<li><strong>Teclado iluminado<\/strong><br \/>\nTeclado retroiluminado Para escribir f\u00e1cilmente en condiciones de poca luz u oscuridad.<\/li>\n<\/ul>\n<\/div>\n","protected":false},"excerpt":{"rendered":"<p>Las mejores creaciones a menudo se basan en c\u00e1lculos y dise\u00f1os precisos.\u00a0Algunas de las obras m\u00e1s representativas provienen del Renacimiento, la era conocida por la belleza matem\u00e1tica y geom\u00e9trica formada<\/p>\n","protected":false},"featured_media":95731,"comment_status":"open","ping_status":"closed","template":"","meta":{"_acf_changed":false,"_joinchat":[]},"product_brand":[],"product_cat":[277,280,432],"product_tag":[],"class_list":{"0":"post-95730","1":"product","2":"type-product","3":"status-publish","4":"has-post-thumbnail","6":"product_cat-zona-gamer","7":"product_cat-pc-gaming","8":"product_cat-laptops-gamer","10":"first","11":"instock","12":"sale","13":"shipping-taxable","14":"purchasable","15":"product-type-simple"},"acf":[],"_links":{"self":[{"href":"https:\/\/defabrica.com.mx\/defabrica\/wp-json\/wp\/v2\/product\/95730","targetHints":{"allow":["GET"]}}],"collection":[{"href":"https:\/\/defabrica.com.mx\/defabrica\/wp-json\/wp\/v2\/product"}],"about":[{"href":"https:\/\/defabrica.com.mx\/defabrica\/wp-json\/wp\/v2\/types\/product"}],"replies":[{"embeddable":true,"href":"https:\/\/defabrica.com.mx\/defabrica\/wp-json\/wp\/v2\/comments?post=95730"}],"wp:featuredmedia":[{"embeddable":true,"href":"https:\/\/defabrica.com.mx\/defabrica\/wp-json\/wp\/v2\/media\/95731"}],"wp:attachment":[{"href":"https:\/\/defabrica.com.mx\/defabrica\/wp-json\/wp\/v2\/media?parent=95730"}],"wp:term":[{"taxonomy":"product_brand","embeddable":true,"href":"https:\/\/defabrica.com.mx\/defabrica\/wp-json\/wp\/v2\/product_brand?post=95730"},{"taxonomy":"product_cat","embeddable":true,"href":"https:\/\/defabrica.com.mx\/defabrica\/wp-json\/wp\/v2\/product_cat?post=95730"},{"taxonomy":"product_tag","embeddable":true,"href":"https:\/\/defabrica.com.mx\/defabrica\/wp-json\/wp\/v2\/product_tag?post=95730"}],"curies":[{"name":"wp","href":"https:\/\/api.w.org\/{rel}","templated":true}]}}