{"id":95462,"date":"2022-08-12T18:08:28","date_gmt":"2022-08-12T23:08:28","guid":{"rendered":"https:\/\/defabrica.com.mx\/defabrica\/?post_type=product&#038;p=95462"},"modified":"2022-08-12T18:08:28","modified_gmt":"2022-08-12T23:08:28","slug":"wd-black-sn850-1tb-ssd-interno-pcie-gen-4-x4-nvme-con-disipador-termico-para-ps5-y-computadoras-de-escritorio","status":"publish","type":"product","link":"https:\/\/defabrica.com.mx\/defabrica\/producto\/wd-black-sn850-1tb-ssd-interno-pcie-gen-4-x4-nvme-con-disipador-termico-para-ps5-y-computadoras-de-escritorio\/","title":{"rendered":"WD &#8211; BLACK SN850 1TB SSD interno PCIe Gen 4 x4 NVMe con disipador t\u00e9rmico para PS5 y computadoras de escritorio"},"content":{"rendered":"<div class=\"product-description\"><span>El futuro de los juegos ha llegado con el SSD WD_BLACK\u2122 SN850 NVMe\u2122 con disipador de calor.\u00a0Los largos tiempos de carga son obsoletos con la tecnolog\u00eda PCIe 4 x4, alcanzando una velocidad de lectura de hasta 7000 MB\/s y una velocidad de escritura de hasta 5300 MB\/s.\u00a0Pase m\u00e1s tiempo jugando y menos tiempo eliminando, almacenando sus juegos m\u00e1s recientes y favoritos con una capacidad de 1 TB (no dise\u00f1ado para NAS o entornos de servidor).<\/span><\/div>\n<div class=\"product-description-banners-lv\">\n<div class=\"product-description-banner\" data-track=\"description-html-asset:Find the ideal drive for your needs.\">\n<h3><\/h3>\n<h3 class=\"heading-5 v-fw-regular feature-heading\"><strong>Caracter\u00edsticas<\/strong><\/h3>\n<ul>\n<li><strong>Interfaz PCI Express 4.0 x4<\/strong><br \/>\nPrep\u00e1rese para la pr\u00f3xima evoluci\u00f3n de la velocidad con el SSD WD_BLACK SN850 NVMe, que le brinda la tecnolog\u00eda PCIe Gen4 superior para su PC para que no se quede atr\u00e1s en la pr\u00f3xima generaci\u00f3n de juegos.<\/li>\n<li><strong>Compatibilidad con versiones anteriores<\/strong><br \/>\nEste SSD es retrocompatible con PCIe Gen3 x4, PCIe Gen3 x2, PCIe Gen3 x1, PCIe Gen2 x4, PCIe Gen2 x2 y PCIe Gen2 x1.<\/li>\n<li><strong>Capacidad de almacenamiento de 1 TB<\/strong><br \/>\nProporciona un amplio espacio para almacenar tus juegos favoritos listos para la batalla.<\/li>\n<li><strong>Alcanzar un rendimiento irracional<\/strong><br \/>\nLa tecnolog\u00eda NVMe ofrece velocidades de lectura de hasta 7000 MB\/s y de escritura de hasta 5300 MB\/s para que pueda ingresar m\u00e1s r\u00e1pido, con hasta 1 000 000 de IOPS para una experiencia de juego fluida, receptiva y potente.<\/li>\n<li><strong>Compatible con los sistemas operativos Windows 10 y Windows 8.1<\/strong><br \/>\nPara usar con sus computadoras existentes.<\/li>\n<li><strong>Disipador de calor elegante<\/strong><br \/>\nMinimiza el estrangulamiento t\u00e9rmico para superar los l\u00edmites del rendimiento de los juegos de primer nivel.<\/li>\n<li><strong>Ilumina tu estaci\u00f3n con RGB<\/strong><br \/>\nMejore su estaci\u00f3n de juegos con iluminaci\u00f3n RGB totalmente personalizable controlada a trav\u00e9s del panel WD_BLACK (solo Windows) y dise\u00f1ada para combinar con su estilo.<\/li>\n<li><strong>Software de tablero WD_BLACK\u2122<\/strong><br \/>\nTome el control total con el software descargable, que le permite monitorear la salud de su disco y optimizar el rendimiento usando el modo de juego.<\/li>\n<li><strong>Tu consola se hizo m\u00e1s grande<\/strong><br \/>\nAhora funciona con la consola PlayStation 5.** Instalado en su ranura M.2, juegue y almacene juegos de PS4\u2122 y PS5\u2122 directamente desde el SSD WD_BLACK SN850 NVMe\u2122 con disipador de calor y tenga la velocidad que necesita para experimentar la pr\u00f3xima generaci\u00f3n en su gloria completa<\/li>\n<\/ul>\n<\/div>\n<\/div>\n","protected":false},"excerpt":{"rendered":"<p>El futuro de los juegos ha llegado con el SSD WD_BLACK\u2122 SN850 NVMe\u2122 con disipador de calor.\u00a0Los largos tiempos de carga son obsoletos con la tecnolog\u00eda PCIe 4 x4, alcanzando<\/p>\n","protected":false},"featured_media":95496,"comment_status":"open","ping_status":"closed","template":"","meta":{"_acf_changed":false,"_joinchat":[]},"product_brand":[],"product_cat":[277,280,435],"product_tag":[],"class_list":{"0":"post-95462","1":"product","2":"type-product","3":"status-publish","4":"has-post-thumbnail","6":"product_cat-zona-gamer","7":"product_cat-pc-gaming","8":"product_cat-todos-los-accesorios-para-pc-gaming","10":"first","11":"instock","12":"sale","13":"shipping-taxable","14":"purchasable","15":"product-type-simple"},"acf":[],"_links":{"self":[{"href":"https:\/\/defabrica.com.mx\/defabrica\/wp-json\/wp\/v2\/product\/95462","targetHints":{"allow":["GET"]}}],"collection":[{"href":"https:\/\/defabrica.com.mx\/defabrica\/wp-json\/wp\/v2\/product"}],"about":[{"href":"https:\/\/defabrica.com.mx\/defabrica\/wp-json\/wp\/v2\/types\/product"}],"replies":[{"embeddable":true,"href":"https:\/\/defabrica.com.mx\/defabrica\/wp-json\/wp\/v2\/comments?post=95462"}],"wp:featuredmedia":[{"embeddable":true,"href":"https:\/\/defabrica.com.mx\/defabrica\/wp-json\/wp\/v2\/media\/95496"}],"wp:attachment":[{"href":"https:\/\/defabrica.com.mx\/defabrica\/wp-json\/wp\/v2\/media?parent=95462"}],"wp:term":[{"taxonomy":"product_brand","embeddable":true,"href":"https:\/\/defabrica.com.mx\/defabrica\/wp-json\/wp\/v2\/product_brand?post=95462"},{"taxonomy":"product_cat","embeddable":true,"href":"https:\/\/defabrica.com.mx\/defabrica\/wp-json\/wp\/v2\/product_cat?post=95462"},{"taxonomy":"product_tag","embeddable":true,"href":"https:\/\/defabrica.com.mx\/defabrica\/wp-json\/wp\/v2\/product_tag?post=95462"}],"curies":[{"name":"wp","href":"https:\/\/api.w.org\/{rel}","templated":true}]}}