{"id":95373,"date":"2022-08-11T19:28:58","date_gmt":"2022-08-12T00:28:58","guid":{"rendered":"https:\/\/defabrica.com.mx\/defabrica\/?post_type=product&#038;p=95373"},"modified":"2023-01-20T19:39:12","modified_gmt":"2023-01-21T01:39:12","slug":"wd-wd_black-p10-disco-duro-externo-usb-3-2-gen-1-tipo-b-de-5-tb-negro","status":"publish","type":"product","link":"https:\/\/defabrica.com.mx\/defabrica\/producto\/wd-wd_black-p10-disco-duro-externo-usb-3-2-gen-1-tipo-b-de-5-tb-negro\/","title":{"rendered":"WD &#8211; WD_BLACK P10 Disco duro externo USB 3.2 Gen 1 tipo B de 5 TB &#8211; Negro"},"content":{"rendered":"<div class=\"product-description\">El Game Drive WD_Black P10 le brinda a su consola o PC las herramientas de mejora del rendimiento que necesita para mantener su ventaja competitiva.\u00a0Dise\u00f1ado espec\u00edficamente para jugadores que buscan expandir el potencial de su consola o PC guardando su biblioteca de juegos en un factor de forma m\u00f3vil.\u00a0Ahora, con WD_Black P10 Game Drive, puede manejar su juego de la manera que elija.<\/div>\n<div class=\"product-description-banners-lv\">\n<div class=\"product-description-banner\" data-track=\"description-html-asset:Find the ideal drive for your needs.\">\n<h3><\/h3>\n<h3 class=\"heading-5 v-fw-regular feature-heading\"><strong>Caracter\u00edsticas<\/strong><\/h3>\n<ul>\n<li><strong>Almacenamiento de siguiente nivel para consolas de pr\u00f3xima generaci\u00f3n<\/strong><br \/>\nNo permita que sus juegos acumulen polvo digital en su antiguo sistema.<\/li>\n<li><strong>WD_BLACK\u2122 P10 Game Drive es compatible con las consolas de nueva generaci\u00f3n, Xbox\u2122 Series X|S (juega y almacena juegos de Xbox One\u2122\/archiva juegos de Xbox\u2122 Series X|S) o PlayStation\u2122 5 (juega y almacena juegos de PS4\u2122\/ archivar juegos de PS5\u2122).<\/strong><\/li>\n<li><strong>Capacidad de almacenamiento de 5 TB<\/strong><br \/>\nLa unidad puede guardar hasta 138 juegos, proporcionando el espacio que necesita para hacer crecer su biblioteca de juegos.<\/li>\n<li><strong>Dondequiera que vayas, tus juegos te siguen<\/strong><br \/>\nIngrese r\u00e1pidamente al juego, sin importar d\u00f3nde se encuentre. El factor de forma altamente duradero y f\u00e1cil de transportar del WD_BLACK\u2122 P10 Game Drive le brinda la capacidad de llevar su biblioteca dondequiera que vaya.<\/li>\n<li><strong>Construido para mejor<\/strong><br \/>\nTodo lo que se incluye en los dispositivos WD_BLACK\u2122 est\u00e1 dise\u00f1ado espec\u00edficamente para llevar su juego m\u00e1s all\u00e1, sin importar lo que juegue. Con velocidades de hasta 140 MB\/s2 y 5 TB de almacenamiento adicional, WD_BLACK\u2122 P10 Game Drive llevar\u00e1 su consola o PC a nuevos niveles de rendimiento.<\/li>\n<li><strong>Gana sin preocupaciones<\/strong><br \/>\nWD_BLACK\u2122 est\u00e1 rompiendo moldes cuando se trata de expansi\u00f3n y rendimiento de almacenamiento premium. Dise\u00f1ado espec\u00edficamente para los jugadores, el WD_BLACK\u2122 P10 Game Drive le brinda a su consola o PC el aumento de rendimiento confiable y la capacidad que necesita.<\/li>\n<\/ul>\n<\/div>\n<\/div>\n","protected":false},"excerpt":{"rendered":"<p>El Game Drive WD_Black P10 le brinda a su consola o PC las herramientas de mejora del rendimiento que necesita para mantener su ventaja competitiva.\u00a0Dise\u00f1ado espec\u00edficamente para jugadores que buscan<\/p>\n","protected":false},"featured_media":95374,"comment_status":"open","ping_status":"closed","template":"","meta":{"_acf_changed":false,"_joinchat":[]},"product_brand":[],"product_cat":[277,280,435],"product_tag":[],"class_list":{"0":"post-95373","1":"product","2":"type-product","3":"status-publish","4":"has-post-thumbnail","6":"product_cat-zona-gamer","7":"product_cat-pc-gaming","8":"product_cat-todos-los-accesorios-para-pc-gaming","10":"first","11":"instock","12":"sale","13":"shipping-taxable","14":"purchasable","15":"product-type-simple"},"acf":[],"_links":{"self":[{"href":"https:\/\/defabrica.com.mx\/defabrica\/wp-json\/wp\/v2\/product\/95373","targetHints":{"allow":["GET"]}}],"collection":[{"href":"https:\/\/defabrica.com.mx\/defabrica\/wp-json\/wp\/v2\/product"}],"about":[{"href":"https:\/\/defabrica.com.mx\/defabrica\/wp-json\/wp\/v2\/types\/product"}],"replies":[{"embeddable":true,"href":"https:\/\/defabrica.com.mx\/defabrica\/wp-json\/wp\/v2\/comments?post=95373"}],"wp:featuredmedia":[{"embeddable":true,"href":"https:\/\/defabrica.com.mx\/defabrica\/wp-json\/wp\/v2\/media\/95374"}],"wp:attachment":[{"href":"https:\/\/defabrica.com.mx\/defabrica\/wp-json\/wp\/v2\/media?parent=95373"}],"wp:term":[{"taxonomy":"product_brand","embeddable":true,"href":"https:\/\/defabrica.com.mx\/defabrica\/wp-json\/wp\/v2\/product_brand?post=95373"},{"taxonomy":"product_cat","embeddable":true,"href":"https:\/\/defabrica.com.mx\/defabrica\/wp-json\/wp\/v2\/product_cat?post=95373"},{"taxonomy":"product_tag","embeddable":true,"href":"https:\/\/defabrica.com.mx\/defabrica\/wp-json\/wp\/v2\/product_tag?post=95373"}],"curies":[{"name":"wp","href":"https:\/\/api.w.org\/{rel}","templated":true}]}}