{"id":94287,"date":"2022-07-28T18:17:29","date_gmt":"2022-07-28T23:17:29","guid":{"rendered":"https:\/\/defabrica.com.mx\/defabrica\/?post_type=product&#038;p=94287"},"modified":"2022-11-18T12:30:06","modified_gmt":"2022-11-18T18:30:06","slug":"makita-fd09r1-12v-max-cxt-litio-ion-inalambrico-3-8-kit-de-taladro-2-0ah","status":"publish","type":"product","link":"https:\/\/defabrica.com.mx\/defabrica\/producto\/makita-fd09r1-12v-max-cxt-litio-ion-inalambrico-3-8-kit-de-taladro-2-0ah\/","title":{"rendered":"Makita FD09R1 12V max CXT Litio-Ion Inal\u00e1mbrico 3\/8&#8243; Kit de Taladro (2.0Ah)"},"content":{"rendered":"<p>El Juego de Taladro-Atornillador Inal\u00e1mbrico de 3\/8&#8243; MAX CXT Litio-Ion de 12 Voltios de Makita ofrece potencia y velocidad en un tama\u00f1o ultracompacto para perforar, atornillar y sujetar eficientemente.\u00a0Con las bater\u00edas de estilo deslizante MAX CXT de 12 voltios, los usuarios obtienen un equilibrio y una ergonom\u00eda superiores a las bater\u00edas tipo c\u00e1psula.\u00a0Para mayor comodidad, las bater\u00edas incluyen un indicador LED de nivel de carga integrado.\u00a0El FD09R1 pesa solo 2.4 lbs.\u00a0(con bater\u00eda de 2,0 Ah) y entrega 250 in.\/lbs.\u00a0de par m\u00e1ximo.\u00a0Es una soluci\u00f3n ideal para usuarios que buscan un taladro atornillador m\u00e1s compacto con menos peso y para aplicaciones en espacios reducidos.\u00a0Para un tiempo de funcionamiento m\u00e1s prolongado, las herramientas inal\u00e1mbricas MAX CXT de 12 voltios tambi\u00e9n son compatibles con la bater\u00eda de iones de litio MAX CXT de 12 voltios y 4,0 Ah (BL1041B).\u00a0Las bater\u00edas de iones de litio MAX CXT de 12 voltios est\u00e1n dise\u00f1adas con un circuito de protecci\u00f3n de bater\u00eda que protege contra sobrecargas,\u00a0sobredescarga y sobrecalentamiento.\u00a0Es parte de la serie MAX CXT de 12 voltios en expansi\u00f3n, que combina rendimiento con una ergonom\u00eda superior en un tama\u00f1o compacto.<\/p>\n<div class=\"grid bullet-list-wrapper\">\n<ul class=\"bullet-list bullet-list--margin list list--type-square\">\n<li class=\"list__item\">El dise\u00f1o de 2 velocidades variables (0 RPM a 450 RPM y 0 RPM a 1700 RPM) cubre una amplia gama de aplicaciones de perforaci\u00f3n y conducci\u00f3n<\/li>\n<li class=\"list__item\">El motor fabricado por Makita entrega 250 in.\/lbs.\u00a0de par m\u00e1ximo<\/li>\n<li class=\"list__item\">El mango de dise\u00f1o ergon\u00f3mico con empu\u00f1adura suave de goma brinda mayor comodidad<\/li>\n<li class=\"list__item\">El dise\u00f1o de la bater\u00eda deslizante MAX CXT de 12 voltios permite que la herramienta se sostenga por s\u00ed sola para comodidad del usuario<\/li>\n<li class=\"list__item\">Dise\u00f1o compacto y ergon\u00f3mico con solo 7 pulgadas de largo<\/li>\n<li class=\"list__item\">Pesa s\u00f3lo 2,4 libras.\u00a0con bater\u00eda para reducir la fatiga del operador<\/li>\n<li class=\"list__item\">La luz LED incorporada ilumina el \u00e1rea de trabajo<\/li>\n<li class=\"list__item\">Ideal para trabajar en espacios reducidos<\/li>\n<li class=\"list__item\">Pr\u00e1ctico portabrocas sin llave de 3\/8 pulg. para cambios r\u00e1pidos de broca<\/li>\n<li class=\"list__item\">El circuito de protecci\u00f3n de la bater\u00eda protege contra sobrecarga, sobredescarga y sobrecalentamiento<\/li>\n<li class=\"list__item\">Bater\u00eda de iones de litio MAX CXT de 12 voltios 2.0 Ah BL1021B, cuenta con un indicador de nivel de carga de bater\u00eda LED integrado<\/li>\n<li class=\"list__item\">Parte de la serie MAX CXT de 12 voltios en expansi\u00f3n, que combina rendimiento con una ergonom\u00eda superior en un tama\u00f1o compacto<\/li>\n<li class=\"list__item\">No es compatible con herramientas, bater\u00edas y cargadores tipo pod de 12 voltios MAX<\/li>\n<\/ul>\n<\/div>\n","protected":false},"excerpt":{"rendered":"<p>El Juego de Taladro-Atornillador Inal\u00e1mbrico de 3\/8&#8243; MAX CXT Litio-Ion de 12 Voltios de Makita ofrece potencia y velocidad en un tama\u00f1o ultracompacto para perforar, atornillar y sujetar eficientemente.\u00a0Con las<\/p>\n","protected":false},"featured_media":94288,"comment_status":"open","ping_status":"closed","template":"","meta":{"_acf_changed":false,"_joinchat":[]},"product_brand":[],"product_cat":[1649,1650,1220,1221],"product_tag":[],"class_list":{"0":"post-94287","1":"product","2":"type-product","3":"status-publish","4":"has-post-thumbnail","6":"product_cat-perforacion","7":"product_cat-taladros","8":"product_cat-herramientas","9":"product_cat-herramientas-electricas","11":"first","12":"instock","13":"sale","14":"shipping-taxable","15":"purchasable","16":"product-type-simple"},"acf":[],"_links":{"self":[{"href":"https:\/\/defabrica.com.mx\/defabrica\/wp-json\/wp\/v2\/product\/94287","targetHints":{"allow":["GET"]}}],"collection":[{"href":"https:\/\/defabrica.com.mx\/defabrica\/wp-json\/wp\/v2\/product"}],"about":[{"href":"https:\/\/defabrica.com.mx\/defabrica\/wp-json\/wp\/v2\/types\/product"}],"replies":[{"embeddable":true,"href":"https:\/\/defabrica.com.mx\/defabrica\/wp-json\/wp\/v2\/comments?post=94287"}],"wp:featuredmedia":[{"embeddable":true,"href":"https:\/\/defabrica.com.mx\/defabrica\/wp-json\/wp\/v2\/media\/94288"}],"wp:attachment":[{"href":"https:\/\/defabrica.com.mx\/defabrica\/wp-json\/wp\/v2\/media?parent=94287"}],"wp:term":[{"taxonomy":"product_brand","embeddable":true,"href":"https:\/\/defabrica.com.mx\/defabrica\/wp-json\/wp\/v2\/product_brand?post=94287"},{"taxonomy":"product_cat","embeddable":true,"href":"https:\/\/defabrica.com.mx\/defabrica\/wp-json\/wp\/v2\/product_cat?post=94287"},{"taxonomy":"product_tag","embeddable":true,"href":"https:\/\/defabrica.com.mx\/defabrica\/wp-json\/wp\/v2\/product_tag?post=94287"}],"curies":[{"name":"wp","href":"https:\/\/api.w.org\/{rel}","templated":true}]}}