{"id":93895,"date":"2022-07-27T14:18:46","date_gmt":"2022-07-27T19:18:46","guid":{"rendered":"https:\/\/defabrica.com.mx\/defabrica\/?post_type=product&#038;p=93895"},"modified":"2022-07-27T14:18:47","modified_gmt":"2022-07-27T19:18:47","slug":"asus-monitor-tuf-gaming-de-34","status":"publish","type":"product","link":"https:\/\/defabrica.com.mx\/defabrica\/producto\/asus-monitor-tuf-gaming-de-34\/","title":{"rendered":"ASUS &#8211; Monitor TUF Gaming de 34&#8243;"},"content":{"rendered":"<div class=\"embedded-component-container lv product-description\">\n<div>\n<div id=\"shop-product-description-8756173\" class=\"_none\" data-version=\"1.3.46\">\n<div class=\"shop-product-description\">\n<section class=\"align-heading-left\" data-reactroot=\"\">\n<div class=\"long-description-container body-copy \">\n<div class=\"html-fragment\"><span>mientras que HDR10 ayuda a resaltar los detalles de las \u00e1reas oscuras y brillantes mientras mantiene la claridad general de la imagen. TUF Gaming VG34VQL1B de ASUS tambi\u00e9n cuenta con una resoluci\u00f3n nativa de 3440 x 1440, un panel de alineaci\u00f3n vertical (VA), soporte de 8 bits para 16,7 millones de colores, un Relaci\u00f3n de aspecto ultraancha de 21:9, panel antirreflejo, relaci\u00f3n de contraste est\u00e1tico de 4000:1, brillo de 550 cd\/m2, 109 ppi y tiempos de respuesta de 4 ms (GtG) y 1 ms (MPRT).\u00a0Usando los \u00e1ngulos de visi\u00f3n horizontal y vertical de 178\u00b0, es posible ver contenido desde pr\u00e1cticamente cualquier posici\u00f3n.\u00a0Esta pantalla tiene dos entradas HDMI 2.0, dos entradas DisplayPort 1.4, una entrada USB 3.0 Tipo-B y cuatro salidas USB 3.0 Tipo-A.\u00a0El audio se puede emitir utilizando los altavoces duales de 2 W o el conector para auriculares de 3,5 mm.\u00a0Para ayudar a mejorar a\u00fan m\u00e1s la visualizaci\u00f3n y la accesibilidad, la pantalla cuenta con un ajuste de altura de 5,1&#8243;,<\/span><\/div>\n<\/div>\n<\/section>\n<\/div>\n<\/div>\n<\/div>\n<\/div>\n<div class=\"embedded-component-container lv product-features\">\n<h3><\/h3>\n<h3 class=\"heading-5 v-fw-regular feature-heading\"><strong>Caracter\u00edsticas<\/strong><\/h3>\n<ul>\n<li><strong>Entradas\/Conexiones<\/strong><br \/>\n2 entradas HDMI 2.0, 2 entradas DisplayPort 1.4, 4 salidas USB tipo A (USB 3.1\/USB 3.2 Gen 1), 1 entrada USB tipo B (USB 3.1\/USB 3.2 Gen 1), 1 entrada de 3,5 mm Producci\u00f3n<\/li>\n<li><strong>Resoluci\u00f3n nativa y relaci\u00f3n de aspecto<\/strong><br \/>\n3440 x 1440 (WQHD), relaci\u00f3n de aspecto 21:9<\/li>\n<li><strong>Tecnolog\u00eda HDR<\/strong><br \/>\nDos modos HDR le permiten ajustar el rendimiento HDR del monitor en funci\u00f3n del escenario de visualizaci\u00f3n actual.<\/li>\n<li><strong>Tiempo de respuesta<\/strong><br \/>\n4ms (GtG)- 1ms (MPRT)<\/li>\n<li><strong>Frecuencia de actualizaci\u00f3n<\/strong><br \/>\nUna impresionante frecuencia de actualizaci\u00f3n de 165 Hz ayuda a eliminar el retraso y el desenfoque de movimiento para darle la ventaja en juegos de disparos en primera persona, carreras, estrategia en tiempo real y t\u00edtulos deportivos. Esta frecuencia de actualizaci\u00f3n r\u00e1pida te permite jugar con configuraciones visuales altas y reaccionar r\u00e1pidamente a lo que est\u00e1 en pantalla.<\/li>\n<\/ul>\n<\/div>\n","protected":false},"excerpt":{"rendered":"<p>mientras que HDR10 ayuda a resaltar los detalles de las \u00e1reas oscuras y brillantes mientras mantiene la claridad general de la imagen. TUF Gaming VG34VQL1B de ASUS tambi\u00e9n cuenta con<\/p>\n","protected":false},"featured_media":93896,"comment_status":"open","ping_status":"closed","template":"","meta":{"_acf_changed":false,"_joinchat":[]},"product_brand":[],"product_cat":[277,280,433],"product_tag":[],"class_list":{"0":"post-93895","1":"product","2":"type-product","3":"status-publish","4":"has-post-thumbnail","6":"product_cat-zona-gamer","7":"product_cat-pc-gaming","8":"product_cat-monitores-gamer","10":"first","11":"instock","12":"sale","13":"shipping-taxable","14":"purchasable","15":"product-type-simple"},"acf":[],"_links":{"self":[{"href":"https:\/\/defabrica.com.mx\/defabrica\/wp-json\/wp\/v2\/product\/93895","targetHints":{"allow":["GET"]}}],"collection":[{"href":"https:\/\/defabrica.com.mx\/defabrica\/wp-json\/wp\/v2\/product"}],"about":[{"href":"https:\/\/defabrica.com.mx\/defabrica\/wp-json\/wp\/v2\/types\/product"}],"replies":[{"embeddable":true,"href":"https:\/\/defabrica.com.mx\/defabrica\/wp-json\/wp\/v2\/comments?post=93895"}],"wp:featuredmedia":[{"embeddable":true,"href":"https:\/\/defabrica.com.mx\/defabrica\/wp-json\/wp\/v2\/media\/93896"}],"wp:attachment":[{"href":"https:\/\/defabrica.com.mx\/defabrica\/wp-json\/wp\/v2\/media?parent=93895"}],"wp:term":[{"taxonomy":"product_brand","embeddable":true,"href":"https:\/\/defabrica.com.mx\/defabrica\/wp-json\/wp\/v2\/product_brand?post=93895"},{"taxonomy":"product_cat","embeddable":true,"href":"https:\/\/defabrica.com.mx\/defabrica\/wp-json\/wp\/v2\/product_cat?post=93895"},{"taxonomy":"product_tag","embeddable":true,"href":"https:\/\/defabrica.com.mx\/defabrica\/wp-json\/wp\/v2\/product_tag?post=93895"}],"curies":[{"name":"wp","href":"https:\/\/api.w.org\/{rel}","templated":true}]}}