{"id":93680,"date":"2022-07-26T11:06:12","date_gmt":"2022-07-26T16:06:12","guid":{"rendered":"https:\/\/defabrica.com.mx\/defabrica\/?post_type=product&#038;p=93680"},"modified":"2023-03-03T11:20:11","modified_gmt":"2023-03-03T17:20:11","slug":"manfrotto-mkcompactacn-bk-tripie-con-cabeza-compact-action","status":"publish","type":"product","link":"https:\/\/defabrica.com.mx\/defabrica\/producto\/manfrotto-mkcompactacn-bk-tripie-con-cabeza-compact-action\/","title":{"rendered":"Manfrotto Mkcompactacn-bk Tripie Con Cabeza Compact Action"},"content":{"rendered":"<h3 class=\"heading-5 v-fw-regular feature-heading\"><strong>Caracter\u00edsticas<\/strong><\/h3>\n<ul>\n<li><strong>Compatible con la mayor\u00eda de videoc\u00e1maras, c\u00e1maras y tel\u00e9fonos m\u00f3viles de hasta 3,2&#8243; de ancho<\/strong><br \/>\nPara evitar el movimiento de la c\u00e1mara.<\/li>\n<li><strong>Construcci\u00f3n en aluminio y tecnopol\u00edmero<\/strong><br \/>\nCon doble rosca hembra de 1\/4\u00bb ubicada en la base y en la parte posterior para un transporte liviano y un soporte resistente para la c\u00e1mara.<\/li>\n<li><strong>Cabezal inclinable +90\u00b0\/-90\u00b0<\/strong><br \/>\nPara facilitar el posicionamiento de la c\u00e1mara.<\/li>\n<li><strong>Patas de tr\u00edpode multi\u00e1ngulo<\/strong><br \/>\nPara lograr la estabilidad deseada.<\/li>\n<li><strong>Abrazadera universal para tel\u00e9fono inteligente con sistema de liberaci\u00f3n r\u00e1pida<\/strong><br \/>\nHace que montar y desmontar la c\u00e1mara sea r\u00e1pido y f\u00e1cil.<\/li>\n<li><strong>Bloqueo panor\u00e1mico independiente y bloqueo de inclinaci\u00f3n independiente<\/strong><br \/>\nPara mayor seguridad.<\/li>\n<li><strong>Soporte independiente<\/strong><br \/>\nPermite el uso sin patas de tr\u00edpode.<\/li>\n<li><strong>Almohadillas de goma de silicona<\/strong><br \/>\nPara un agarre seguro.<\/li>\n<li><strong>Altura m\u00e1xima de extensi\u00f3n de 61&#8243;<\/strong><br \/>\nLe permite colocar su c\u00e1mara o videoc\u00e1mara en un nivel ideal.<\/li>\n<\/ul>\n","protected":false},"excerpt":{"rendered":"<p>Caracter\u00edsticas Compatible con la mayor\u00eda de videoc\u00e1maras, c\u00e1maras y tel\u00e9fonos m\u00f3viles de hasta 3,2&#8243; de ancho Para evitar el movimiento de la c\u00e1mara. Construcci\u00f3n en aluminio y tecnopol\u00edmero Con doble<\/p>\n","protected":false},"featured_media":93681,"comment_status":"open","ping_status":"closed","template":"","meta":{"_acf_changed":false,"_joinchat":[]},"product_brand":[],"product_cat":[442,450,452],"product_tag":[],"class_list":{"0":"post-93680","1":"product","2":"type-product","3":"status-publish","4":"has-post-thumbnail","6":"product_cat-camaras","7":"product_cat-accesorios-camaras","8":"product_cat-tripies-monopies-estabilizadores","10":"first","11":"outofstock","12":"sale","13":"shipping-taxable","14":"purchasable","15":"product-type-simple"},"acf":[],"_links":{"self":[{"href":"https:\/\/defabrica.com.mx\/defabrica\/wp-json\/wp\/v2\/product\/93680","targetHints":{"allow":["GET"]}}],"collection":[{"href":"https:\/\/defabrica.com.mx\/defabrica\/wp-json\/wp\/v2\/product"}],"about":[{"href":"https:\/\/defabrica.com.mx\/defabrica\/wp-json\/wp\/v2\/types\/product"}],"replies":[{"embeddable":true,"href":"https:\/\/defabrica.com.mx\/defabrica\/wp-json\/wp\/v2\/comments?post=93680"}],"wp:featuredmedia":[{"embeddable":true,"href":"https:\/\/defabrica.com.mx\/defabrica\/wp-json\/wp\/v2\/media\/93681"}],"wp:attachment":[{"href":"https:\/\/defabrica.com.mx\/defabrica\/wp-json\/wp\/v2\/media?parent=93680"}],"wp:term":[{"taxonomy":"product_brand","embeddable":true,"href":"https:\/\/defabrica.com.mx\/defabrica\/wp-json\/wp\/v2\/product_brand?post=93680"},{"taxonomy":"product_cat","embeddable":true,"href":"https:\/\/defabrica.com.mx\/defabrica\/wp-json\/wp\/v2\/product_cat?post=93680"},{"taxonomy":"product_tag","embeddable":true,"href":"https:\/\/defabrica.com.mx\/defabrica\/wp-json\/wp\/v2\/product_tag?post=93680"}],"curies":[{"name":"wp","href":"https:\/\/api.w.org\/{rel}","templated":true}]}}