{"id":93621,"date":"2022-07-26T01:24:10","date_gmt":"2022-07-26T06:24:10","guid":{"rendered":"https:\/\/defabrica.com.mx\/defabrica\/?post_type=product&#038;p=93621"},"modified":"2023-01-19T14:54:53","modified_gmt":"2023-01-19T20:54:53","slug":"dell-monitor-curvo-para-juegos-24-negro","status":"publish","type":"product","link":"https:\/\/defabrica.com.mx\/defabrica\/producto\/dell-monitor-curvo-para-juegos-24-negro\/","title":{"rendered":"Dell &#8211; Monitor curvo para juegos 24&#8243;- Negro"},"content":{"rendered":"<div class=\"embedded-component-container lv product-description\">\n<div>\n<div id=\"shop-product-description-72797346\" class=\"_none\" data-version=\"1.3.46\">\n<div class=\"shop-product-description\">\n<section class=\"align-heading-left\" data-reactroot=\"\">\n<div class=\"long-description-container body-copy \">\n<div class=\"html-fragment\">El nuevo monitor curvo para juegos Dell de 24&#8243; est\u00e1 equipado con un tiempo de respuesta de 4 ms, 165 Hz, tecnolog\u00eda AMD FreeSync\u2122 Premium con alineaci\u00f3n vertical, antirreflejo con dureza 3H y curvatura 1500R. Altura ajustable y pantalla LED, este monitor de 24&#8243; est\u00e1 equipado para el mejor juego.<\/div>\n<\/div>\n<\/section>\n<\/div>\n<\/div>\n<\/div>\n<\/div>\n<div class=\"embedded-component-container lv product-features\">\n<h3><\/h3>\n<h3 class=\"heading-5 v-fw-regular feature-heading\"><strong>Caracter\u00edsticas<\/strong><\/h3>\n<ul>\n<li><strong>Resoluci\u00f3n Full HD de 1920 x 1080<\/strong><br \/>\nEl dise\u00f1o de bisel ultradelgado de tres lados le permite disfrutar de una excelente claridad de pantalla en resoluci\u00f3n Full HD de 1920 x 1080<\/li>\n<li><strong>colores consistentes<\/strong><br \/>\nObtenga vistas pr\u00e1cticamente perfectas con colores uniformes en un amplio \u00e1ngulo de visi\u00f3n de 178\u00b0\/178\u00b0 con la tecnolog\u00eda In-Plane Switching (IPS)<\/li>\n<li><strong>Monitor con luz de borde LED de 24&#8243;<\/strong><br \/>\nEl tipo de pantalla eficiente utiliza LED para proporcionar retroiluminaci\u00f3n precisa a los p\u00edxeles.<\/li>\n<li><strong>Tecnolog\u00eda AMD FreeSync<\/strong><br \/>\nSincroniza a la perfecci\u00f3n la salida de velocidad de fotogramas entre la tarjeta gr\u00e1fica y el monitor. Esta frecuencia de actualizaci\u00f3n din\u00e1mica elimina eficazmente el desgarro, el tartamudeo y las sacudidas de la imagen para una experiencia de juego fluida.<\/li>\n<li><strong>Conmutaci\u00f3n perfecta<\/strong><br \/>\nLos puertos HDMI duales incorporados mantienen sus dispositivos siempre conectados y le permiten cambiar sin esfuerzo entre la transmisi\u00f3n y los juegos de consola.<\/li>\n<li><strong>Dise\u00f1o<\/strong><br \/>\nEl monitor Curved Gaming est\u00e1 dise\u00f1ado para ofrecer un juego r\u00e1pido y receptivo, versatilidad y funciones altamente personalizables para brindar una experiencia de juego excepcional e inmersiva a los jugadores convencionales y casuales.<\/li>\n<li><strong>Frecuencia de actualizaci\u00f3n<\/strong><br \/>\nUna frecuencia de actualizaci\u00f3n impresionantemente r\u00e1pida de 165 Hz permite ver im\u00e1genes de movimiento r\u00e1pido con una claridad incre\u00edble para que pueda reaccionar m\u00e1s r\u00e1pido.<\/li>\n<li><strong>Tiempo de respuesta<\/strong><br \/>\nDisfrute de un rendimiento perfecto durante la acci\u00f3n a alta velocidad gracias a un tiempo de respuesta de imagen en movimiento (MPRT) incre\u00edblemente r\u00e1pido de 1 ms y un tiempo de respuesta GtG de 4 ms que elimina el desenfoque de movimiento.<\/li>\n<li><strong>relaci\u00f3n de contraste<\/strong><br \/>\nVea colores intensos y uniformes (99 % de la gama de colores sRGB) en el panel VA (alineaci\u00f3n vertical) que ofrece una alta relaci\u00f3n de contraste de 3000:1 en un amplio \u00e1ngulo de visi\u00f3n de 178 grados<\/li>\n<li><strong>pantalla curva<\/strong><br \/>\nLa pantalla curva 1500R crea un campo de visi\u00f3n m\u00e1s realista para una experiencia visual m\u00e1s inmersiva<\/li>\n<li><strong>Altura ajustable<\/strong><br \/>\nLa capacidad de ajuste de altura e inclinaci\u00f3n le permite personalizar su preferencia de visualizaci\u00f3n durante largas horas de juego<\/li>\n<li><strong>Ventaja en el juego<\/strong><br \/>\n3 perfiles definidos por el usuario para adaptarse a la variedad de juegos jugados adem\u00e1s de 4 modos preestablecidos y funciones de juego como Temporizador, Contador de velocidad de fotogramas, Estabilizador oscuro.<\/li>\n<li><strong>Una c\u00e1mara de gesti\u00f3n de cables<\/strong><br \/>\nPermite que los cables pasen discretamente a trav\u00e9s del soporte para conectarse f\u00e1cilmente a los puertos dentro del compartimiento oculto en la parte posterior del monitor.<\/li>\n<\/ul>\n<\/div>\n","protected":false},"excerpt":{"rendered":"<p>El nuevo monitor curvo para juegos Dell de 24&#8243; est\u00e1 equipado con un tiempo de respuesta de 4 ms, 165 Hz, tecnolog\u00eda AMD FreeSync\u2122 Premium con alineaci\u00f3n vertical, antirreflejo con<\/p>\n","protected":false},"featured_media":93622,"comment_status":"open","ping_status":"closed","template":"","meta":{"_acf_changed":false,"_joinchat":[]},"product_brand":[],"product_cat":[277,280,433],"product_tag":[],"class_list":{"0":"post-93621","1":"product","2":"type-product","3":"status-publish","4":"has-post-thumbnail","6":"product_cat-zona-gamer","7":"product_cat-pc-gaming","8":"product_cat-monitores-gamer","10":"first","11":"instock","12":"sale","13":"shipping-taxable","14":"purchasable","15":"product-type-simple"},"acf":[],"_links":{"self":[{"href":"https:\/\/defabrica.com.mx\/defabrica\/wp-json\/wp\/v2\/product\/93621","targetHints":{"allow":["GET"]}}],"collection":[{"href":"https:\/\/defabrica.com.mx\/defabrica\/wp-json\/wp\/v2\/product"}],"about":[{"href":"https:\/\/defabrica.com.mx\/defabrica\/wp-json\/wp\/v2\/types\/product"}],"replies":[{"embeddable":true,"href":"https:\/\/defabrica.com.mx\/defabrica\/wp-json\/wp\/v2\/comments?post=93621"}],"wp:featuredmedia":[{"embeddable":true,"href":"https:\/\/defabrica.com.mx\/defabrica\/wp-json\/wp\/v2\/media\/93622"}],"wp:attachment":[{"href":"https:\/\/defabrica.com.mx\/defabrica\/wp-json\/wp\/v2\/media?parent=93621"}],"wp:term":[{"taxonomy":"product_brand","embeddable":true,"href":"https:\/\/defabrica.com.mx\/defabrica\/wp-json\/wp\/v2\/product_brand?post=93621"},{"taxonomy":"product_cat","embeddable":true,"href":"https:\/\/defabrica.com.mx\/defabrica\/wp-json\/wp\/v2\/product_cat?post=93621"},{"taxonomy":"product_tag","embeddable":true,"href":"https:\/\/defabrica.com.mx\/defabrica\/wp-json\/wp\/v2\/product_tag?post=93621"}],"curies":[{"name":"wp","href":"https:\/\/api.w.org\/{rel}","templated":true}]}}