{"id":93615,"date":"2022-07-26T01:20:45","date_gmt":"2022-07-26T06:20:45","guid":{"rendered":"https:\/\/defabrica.com.mx\/defabrica\/?post_type=product&#038;p=93615"},"modified":"2023-01-19T14:54:08","modified_gmt":"2023-01-19T20:54:08","slug":"dell-monitor-led-para-juegos-32-negro","status":"publish","type":"product","link":"https:\/\/defabrica.com.mx\/defabrica\/producto\/dell-monitor-led-para-juegos-32-negro\/","title":{"rendered":"Dell -Monitor LED para juegos 32&#8243;- Negro"},"content":{"rendered":"<div class=\"embedded-component-container lv product-description\">\n<div>\n<div id=\"shop-product-description-96045952\" class=\"_none\" data-version=\"1.3.46\">\n<div class=\"shop-product-description\">\n<section class=\"align-heading-left\" data-reactroot=\"\">\n<div class=\"long-description-container body-copy \">\n<div class=\"html-fragment\">Disfrute de impresionantes vistas panor\u00e1micas durante el juego con este monitor Dell curvo para juegos de 32 pulgadas.\u00a0Una resoluci\u00f3n vibrante de 2560 x 1440 junto con una relaci\u00f3n de contraste de 3000: 1 brinda colores precisos para una experiencia de juego inmersiva.\u00a0Este monitor Dell curvo para juegos de 32 pulgadas tiene AMD FreeSync 2 para reducir el desgarro y la divisi\u00f3n de la pantalla, y una frecuencia de actualizaci\u00f3n de 165 Hz mantiene la acci\u00f3n fluida.<\/div>\n<\/div>\n<\/section>\n<\/div>\n<\/div>\n<\/div>\n<\/div>\n<div class=\"embedded-component-container lv product-features\">\n<h3><\/h3>\n<h3 class=\"heading-5 v-fw-regular feature-heading\"><strong>Caracter\u00edsticas<\/strong><\/h3>\n<ul>\n<li><strong>Resoluci\u00f3n QHD 2560 x 1440 con relaci\u00f3n de aspecto 16:9<\/strong><br \/>\nOfrece una calidad de imagen n\u00edtida con detalles sorprendentes.<\/li>\n<li><strong>Tecnolog\u00eda VESA DisplayHDR\u2122 400<\/strong><br \/>\nGarantiza una fidelidad real y un color llamativo, por lo que los juegos y las pel\u00edculas se ven exactamente como el desarrollador o el cineasta pretend\u00edan.<\/li>\n<li><strong>Frecuencia de actualizaci\u00f3n de 165 Hz<\/strong><br \/>\nOfrece un rendimiento potente para que pueda aprovechar al m\u00e1ximo sus juegos y videos.<\/li>\n<li><strong>Monitor VA de pantalla plana de 32&#8243;<\/strong><br \/>\nProporciona una gran \u00e1rea de visualizaci\u00f3n e im\u00e1genes claras.<\/li>\n<li><strong>pantalla curva<\/strong><br \/>\nProporciona una inmersi\u00f3n adicional para jugar y mirar videos.<\/li>\n<li><strong>Tecnolog\u00eda AMD FreeSync\u2122<\/strong><br \/>\nEsta tecnolog\u00eda de sincronizaci\u00f3n adaptativa hace coincidir la velocidad de fotogramas del monitor con cualquier tarjeta gr\u00e1fica AMD compatible.<\/li>\n<li><strong>Una entrada DisplayPort y dos HDMI<\/strong><br \/>\nLe permite configurar reproductores de DVD y otras fuentes AV para obtener una se\u00f1al de audio y video clara y de alta calidad.<\/li>\n<li><strong>\u00c1ngulos de visi\u00f3n horizontal y vertical de 178\u00b0<\/strong><br \/>\nGarantice una vista clara del monitor desde m\u00faltiples puntos de vista.<\/li>\n<li><strong>Dise\u00f1o de montaje en pared<\/strong><br \/>\nSepare su monitor de su base para colgarlo en la pared a trav\u00e9s del soporte VESA de 100 mm x 100 mm incluido.<\/li>\n<li><strong>relaci\u00f3n de contraste 3000:1<\/strong><br \/>\nGarantiza que las im\u00e1genes sean n\u00edtidas y claras con negros profundos y luces brillantes.<\/li>\n<li><strong>Brillo de 350 cd\/m\u00b2<\/strong><br \/>\nOfrece una pantalla altamente visible e im\u00e1genes n\u00edtidas en pantalla.<\/li>\n<li><strong>Soporte ajustable<\/strong><br \/>\nPermite ajustes de inclinaci\u00f3n y altura para que pueda crear un entorno m\u00e1s personal y c\u00f3modo para un rendimiento \u00f3ptimo.<\/li>\n<li><strong>Mejora tu experiencia de juego<\/strong><br \/>\nLas caracter\u00edsticas como el temporizador, el contador de velocidad de fotogramas y el estabilizador oscuro le brindan una ventaja en el juego al mejorar la visibilidad durante los escenarios de juego oscuros, controlar la velocidad de fotogramas y alinear la pantalla.<\/li>\n<\/ul>\n<\/div>\n","protected":false},"excerpt":{"rendered":"<p>Disfrute de impresionantes vistas panor\u00e1micas durante el juego con este monitor Dell curvo para juegos de 32 pulgadas.\u00a0Una resoluci\u00f3n vibrante de 2560 x 1440 junto con una relaci\u00f3n de contraste<\/p>\n","protected":false},"featured_media":93616,"comment_status":"open","ping_status":"closed","template":"","meta":{"_acf_changed":false,"_joinchat":[]},"product_brand":[],"product_cat":[277,280,433],"product_tag":[],"class_list":{"0":"post-93615","1":"product","2":"type-product","3":"status-publish","4":"has-post-thumbnail","6":"product_cat-zona-gamer","7":"product_cat-pc-gaming","8":"product_cat-monitores-gamer","10":"first","11":"instock","12":"sale","13":"shipping-taxable","14":"purchasable","15":"product-type-simple"},"acf":[],"_links":{"self":[{"href":"https:\/\/defabrica.com.mx\/defabrica\/wp-json\/wp\/v2\/product\/93615","targetHints":{"allow":["GET"]}}],"collection":[{"href":"https:\/\/defabrica.com.mx\/defabrica\/wp-json\/wp\/v2\/product"}],"about":[{"href":"https:\/\/defabrica.com.mx\/defabrica\/wp-json\/wp\/v2\/types\/product"}],"replies":[{"embeddable":true,"href":"https:\/\/defabrica.com.mx\/defabrica\/wp-json\/wp\/v2\/comments?post=93615"}],"wp:featuredmedia":[{"embeddable":true,"href":"https:\/\/defabrica.com.mx\/defabrica\/wp-json\/wp\/v2\/media\/93616"}],"wp:attachment":[{"href":"https:\/\/defabrica.com.mx\/defabrica\/wp-json\/wp\/v2\/media?parent=93615"}],"wp:term":[{"taxonomy":"product_brand","embeddable":true,"href":"https:\/\/defabrica.com.mx\/defabrica\/wp-json\/wp\/v2\/product_brand?post=93615"},{"taxonomy":"product_cat","embeddable":true,"href":"https:\/\/defabrica.com.mx\/defabrica\/wp-json\/wp\/v2\/product_cat?post=93615"},{"taxonomy":"product_tag","embeddable":true,"href":"https:\/\/defabrica.com.mx\/defabrica\/wp-json\/wp\/v2\/product_tag?post=93615"}],"curies":[{"name":"wp","href":"https:\/\/api.w.org\/{rel}","templated":true}]}}