{"id":93542,"date":"2022-07-26T00:22:51","date_gmt":"2022-07-26T05:22:51","guid":{"rendered":"https:\/\/defabrica.com.mx\/defabrica\/?post_type=product&#038;p=93542"},"modified":"2023-01-19T14:47:13","modified_gmt":"2023-01-19T20:47:13","slug":"gigabyte-m27q-27-led-qhd-freesync-premium-ips-monitor-para-juegos-con-hdr-hdmi-displayport-usb-negro","status":"publish","type":"product","link":"https:\/\/defabrica.com.mx\/defabrica\/producto\/gigabyte-m27q-27-led-qhd-freesync-premium-ips-monitor-para-juegos-con-hdr-hdmi-displayport-usb-negro\/","title":{"rendered":"GIGABYTE M27Q 27&#8243; LED QHD FreeSync Premium IPS Monitor para juegos con HDR (HDMI, DisplayPort, USB) &#8211; Negro"},"content":{"rendered":"<div class=\"embedded-component-container lv product-description\">\n<div>\n<div id=\"shop-product-description-28387089\" class=\"_none\" data-version=\"1.3.46\">\n<div class=\"shop-product-description\">\n<section class=\"align-heading-left\" data-reactroot=\"\">\n<div class=\"long-description-container body-copy \">\n<div class=\"html-fragment\">Los monitores para juegos GIGABYTE incluyen un rendimiento superior en un paquete optimizado.\u00a0El M27Q brinda una experiencia inmersiva a trav\u00e9s de un juego fluido y una gran precisi\u00f3n de color con un tiempo de respuesta de 0,5 ms, una frecuencia de actualizaci\u00f3n de 170 Hz y compatibilidad con el software de la tarjeta gr\u00e1fica.<\/div>\n<\/div>\n<\/section>\n<\/div>\n<\/div>\n<\/div>\n<\/div>\n<div class=\"embedded-component-container lv product-features\">\n<h3><\/h3>\n<h3 class=\"heading-5 v-fw-regular feature-heading\"><strong>Caracter\u00edsticas<\/strong><\/h3>\n<ul>\n<li><strong>tama\u00f1o de la pantalla<\/strong><br \/>\nPanel IPS SS de 27 pulgadas<\/li>\n<li><strong>Resoluci\u00f3n de pantalla<\/strong><br \/>\nPantalla IPS 2K 2560&#215;1440 SS<\/li>\n<li><strong>Frecuencia de actualizaci\u00f3n<\/strong><br \/>\nFrecuencia de actualizaci\u00f3n de 170 Hz<\/li>\n<li><strong>Tiempo de respuesta<\/strong><br \/>\nTiempo de respuesta de 0,5 ms (MPRT)<\/li>\n<li><strong>Listo para HDR<\/strong><br \/>\nPantalla VESA de calidad de estudio HDR400 y 92 % DCI-P3 (140 % sRGB) Gama de colores<\/li>\n<li><strong>Premium de AMD FreeSync<\/strong><br \/>\nJugabilidad fluida con AMD FreeSync Premium<\/li>\n<li><strong>Funci\u00f3n KVM<\/strong><br \/>\nControle varios dispositivos con KVM<\/li>\n<li><strong>Funci\u00f3n de juego<\/strong><br \/>\nCaracter\u00edsticas t\u00e1cticas cl\u00e1sicas de GIGABYTE con OSD Sidekick<\/li>\n<li><strong>Ajustes de soporte<\/strong><br \/>\nSoporte ajustable de inclinaci\u00f3n y cabeza<\/li>\n<li><strong>Entrada de pantalla<\/strong><br \/>\n1 puerto de pantalla 1.2, 2 HDMI 2.0, 2 USB 3.0, 1 USB tipo C<\/li>\n<li><strong>Montaje VESA<\/strong><br \/>\nCompatible con soporte de pared VESA 100x100mm<\/li>\n<li><strong>Filtro de luz azul<\/strong><br \/>\nLuz azul baja y sin parpadeo<\/li>\n<li><strong>Garant\u00eda<\/strong><br \/>\n3 a\u00f1os de garant\u00eda, piezas y mano de obra<\/li>\n<\/ul>\n<\/div>\n","protected":false},"excerpt":{"rendered":"<p>Los monitores para juegos GIGABYTE incluyen un rendimiento superior en un paquete optimizado.\u00a0El M27Q brinda una experiencia inmersiva a trav\u00e9s de un juego fluido y una gran precisi\u00f3n de color<\/p>\n","protected":false},"featured_media":93543,"comment_status":"open","ping_status":"closed","template":"","meta":{"_acf_changed":false,"_joinchat":[]},"product_brand":[],"product_cat":[277,280,433],"product_tag":[],"class_list":{"0":"post-93542","1":"product","2":"type-product","3":"status-publish","4":"has-post-thumbnail","6":"product_cat-zona-gamer","7":"product_cat-pc-gaming","8":"product_cat-monitores-gamer","10":"first","11":"instock","12":"sale","13":"shipping-taxable","14":"purchasable","15":"product-type-simple"},"acf":[],"_links":{"self":[{"href":"https:\/\/defabrica.com.mx\/defabrica\/wp-json\/wp\/v2\/product\/93542","targetHints":{"allow":["GET"]}}],"collection":[{"href":"https:\/\/defabrica.com.mx\/defabrica\/wp-json\/wp\/v2\/product"}],"about":[{"href":"https:\/\/defabrica.com.mx\/defabrica\/wp-json\/wp\/v2\/types\/product"}],"replies":[{"embeddable":true,"href":"https:\/\/defabrica.com.mx\/defabrica\/wp-json\/wp\/v2\/comments?post=93542"}],"wp:featuredmedia":[{"embeddable":true,"href":"https:\/\/defabrica.com.mx\/defabrica\/wp-json\/wp\/v2\/media\/93543"}],"wp:attachment":[{"href":"https:\/\/defabrica.com.mx\/defabrica\/wp-json\/wp\/v2\/media?parent=93542"}],"wp:term":[{"taxonomy":"product_brand","embeddable":true,"href":"https:\/\/defabrica.com.mx\/defabrica\/wp-json\/wp\/v2\/product_brand?post=93542"},{"taxonomy":"product_cat","embeddable":true,"href":"https:\/\/defabrica.com.mx\/defabrica\/wp-json\/wp\/v2\/product_cat?post=93542"},{"taxonomy":"product_tag","embeddable":true,"href":"https:\/\/defabrica.com.mx\/defabrica\/wp-json\/wp\/v2\/product_tag?post=93542"}],"curies":[{"name":"wp","href":"https:\/\/api.w.org\/{rel}","templated":true}]}}