{"id":93161,"date":"2022-07-24T22:08:46","date_gmt":"2022-07-25T03:08:46","guid":{"rendered":"https:\/\/defabrica.com.mx\/defabrica\/?post_type=product&#038;p=93161"},"modified":"2023-01-19T15:55:54","modified_gmt":"2023-01-19T21:55:54","slug":"grid-legends-playstation-5","status":"publish","type":"product","link":"https:\/\/defabrica.com.mx\/defabrica\/producto\/grid-legends-playstation-5\/","title":{"rendered":"Grid Legends &#8211; PlayStation 5"},"content":{"rendered":"<p>Grid Legends ofrece emocionantes deportes de motor de rueda a rueda y acci\u00f3n al borde de su asiento en todo el mundo.\u00a0Cree los eventos de automovilismo de sus sue\u00f1os, participe en carreras multijugador en vivo, sea parte del drama en una historia de producci\u00f3n virtual inmersiva y disfrute de la sensaci\u00f3n de las carreras de acci\u00f3n espectaculares.<\/p>\n<h3 class=\"heading-5 v-fw-regular feature-heading\"><strong>Caracter\u00edsticas<\/strong><\/h3>\n<ul>\n<li><strong>Reserva* Grid Legends hoy para acceder a:<\/strong><br \/>\nSeneca &amp; Ravenwest Double Pack, que incluye cuatro autos (Aston Martin Vantage GT4, Porsche 962, Ginetta G55 GT4, Koenigsegg Jesko) para usar durante el juego<\/li>\n<li><strong>Eventos profesionales exclusivos<\/strong><\/li>\n<li><strong>Iconos, libreas y pancartas exclusivos del equipo<\/strong><\/li>\n<li><strong>Como se Juega<\/strong><br \/>\nGrid Legends ofrece emociones instant\u00e1neas y momentos de carreras ic\u00f3nicos para cualquiera que sue\u00f1e con subirse a un autom\u00f3vil incre\u00edble y pisar el acelerador a fondo.<\/li>\n<li><strong>Abraza la sensaci\u00f3n de correr a las velocidades m\u00e1s altas, en los autos m\u00e1s incre\u00edbles del mundo, a trav\u00e9s de lugares deslumbrantes, con acci\u00f3n y drama dondequiera que mires.<\/strong><\/li>\n<li><strong>Creador de carreras<\/strong><br \/>\nUsa Race Creator para dise\u00f1ar carreras llenas de adrenalina para romper con tus amigos, con tipos de eventos como Eliminaci\u00f3n, carreras electrizantes de Boost y el regreso de Drift.<\/li>\n<li><strong>Elija la ubicaci\u00f3n y el clima, enfrente diferentes clases de autos entre s\u00ed y dicte cada factor clave de una carrera para hacerla suya.<\/strong><\/li>\n<li><strong>Carreras en l\u00ednea<\/strong><br \/>\nIngrese a la acci\u00f3n sin problemas, organice la sesi\u00f3n multijugador perfecta y cree historias con otros corredores con nuestras innovadoras opciones sociales en l\u00ednea.<\/li>\n<li><strong>Historia<\/strong><br \/>\nConvi\u00e9rtase en el centro de atenci\u00f3n en una dram\u00e1tica historia de carreras, tra\u00edda a la vida por un elenco de clase mundial que incluye a Ncuti Gatwa, utilizando revolucionarias escenas de producci\u00f3n virtual.<\/li>\n<li><strong>Experimente la acci\u00f3n al borde de su asiento en un espectacular mundo de deportes de motor, vea la controversia en el paddock y supere al infame Ravenwest Motorsport en su lucha por estar al frente de la manada.<\/strong><\/li>\n<li><strong>Variedad de carreras<\/strong><br \/>\nCree momentos de carreras inolvidables con la lista m\u00e1s grande de autos y ubicaciones de Grid, cuidadosamente seleccionados para una acci\u00f3n emocionante.<\/li>\n<li><strong>Lleve al l\u00edmite m\u00e1s de 100 de los veh\u00edculos m\u00e1s deseables del mundo, todos disponibles para actualizar, ajustar y personalizar visualmente.<\/strong><\/li>\n<\/ul>\n","protected":false},"excerpt":{"rendered":"<p>Grid Legends ofrece emocionantes deportes de motor de rueda a rueda y acci\u00f3n al borde de su asiento en todo el mundo.\u00a0Cree los eventos de automovilismo de sus sue\u00f1os, participe<\/p>\n","protected":false},"featured_media":93162,"comment_status":"open","ping_status":"closed","template":"","meta":{"_acf_changed":false,"_joinchat":[]},"product_brand":[],"product_cat":[1515,277,894],"product_tag":[],"class_list":{"0":"post-93161","1":"product","2":"type-product","3":"status-publish","4":"has-post-thumbnail","6":"product_cat-ofetas-zonagamer","7":"product_cat-zona-gamer","8":"product_cat-videojuegos","10":"first","11":"instock","12":"sale","13":"shipping-taxable","14":"purchasable","15":"product-type-simple"},"acf":[],"_links":{"self":[{"href":"https:\/\/defabrica.com.mx\/defabrica\/wp-json\/wp\/v2\/product\/93161","targetHints":{"allow":["GET"]}}],"collection":[{"href":"https:\/\/defabrica.com.mx\/defabrica\/wp-json\/wp\/v2\/product"}],"about":[{"href":"https:\/\/defabrica.com.mx\/defabrica\/wp-json\/wp\/v2\/types\/product"}],"replies":[{"embeddable":true,"href":"https:\/\/defabrica.com.mx\/defabrica\/wp-json\/wp\/v2\/comments?post=93161"}],"wp:featuredmedia":[{"embeddable":true,"href":"https:\/\/defabrica.com.mx\/defabrica\/wp-json\/wp\/v2\/media\/93162"}],"wp:attachment":[{"href":"https:\/\/defabrica.com.mx\/defabrica\/wp-json\/wp\/v2\/media?parent=93161"}],"wp:term":[{"taxonomy":"product_brand","embeddable":true,"href":"https:\/\/defabrica.com.mx\/defabrica\/wp-json\/wp\/v2\/product_brand?post=93161"},{"taxonomy":"product_cat","embeddable":true,"href":"https:\/\/defabrica.com.mx\/defabrica\/wp-json\/wp\/v2\/product_cat?post=93161"},{"taxonomy":"product_tag","embeddable":true,"href":"https:\/\/defabrica.com.mx\/defabrica\/wp-json\/wp\/v2\/product_tag?post=93161"}],"curies":[{"name":"wp","href":"https:\/\/api.w.org\/{rel}","templated":true}]}}