{"id":92988,"date":"2022-07-23T17:11:15","date_gmt":"2022-07-23T22:11:15","guid":{"rendered":"https:\/\/defabrica.com.mx\/defabrica\/?post_type=product&#038;p=92988"},"modified":"2023-01-19T14:21:07","modified_gmt":"2023-01-19T20:21:07","slug":"viewsonic-monitor-de-juegos-premium-ips-fhd-144-hz-1-ms-freesync-de-17-mini-hdmi-usb-c","status":"publish","type":"product","link":"https:\/\/defabrica.com.mx\/defabrica\/producto\/viewsonic-monitor-de-juegos-premium-ips-fhd-144-hz-1-ms-freesync-de-17-mini-hdmi-usb-c\/","title":{"rendered":"ViewSonic &#8211; Monitor de juegos premium IPS FHD 144 Hz 1 ms FreeSync de 17&#8243; (Mini HDMI, USB-C)"},"content":{"rendered":"<p>El ViewSonic VX1755 es un monitor port\u00e1til de 17,2\u201d dise\u00f1ado para PC m\u00f3viles y juegos de consola.\u00a0Con una pantalla Full HD brillante y vibrante, y una frecuencia de actualizaci\u00f3n ultrarr\u00e1pida de 144 Hz, este monitor ofrece una poderosa experiencia de juego a nivel de escritorio dentro de un paquete port\u00e1til.\u00a0Equipado con la tecnolog\u00eda AMD FreeSync Premium, el VX1755 ofrece un juego muy fluido para los jugadores serios.\u00a0El VX1755 tambi\u00e9n puede servir como una pantalla complementaria para una computadora port\u00e1til o tableta para aumentar la productividad.\u00a0Con una pantalla antirreflejo y resoluci\u00f3n Full HD 1080p, este monitor ofrece una experiencia de visualizaci\u00f3n n\u00edtida para que los usuarios puedan ver m\u00e1s y jugar m\u00e1s.\u00a0Un puerto USB tipo C permite una transmisi\u00f3n r\u00e1pida y f\u00e1cil de video y audio.\u00a0Un segundo puerto USB tipo C permite la alimentaci\u00f3n cuando se usa una consola, o un puerto para conectar el teclado y el mouse cuando se est\u00e1 en la PC.\u00a0Ultra delgado,<\/p>\n<h3><\/h3>\n<h3 class=\"heading-5 v-fw-regular feature-heading\"><strong>Caracter\u00edsticas<\/strong><\/h3>\n<ul>\n<li><strong>Monitor ultraport\u00e1til<\/strong><br \/>\nCon un peso de alrededor de 2 libras. Con solo 0,6 pulgadas de grosor, este monitor port\u00e1til de 17,2 pulgadas se puede guardar f\u00e1cilmente y llevarlo a donde quiera que vaya.<\/li>\n<li><strong>Optimizado para juegos port\u00e1tiles<\/strong><br \/>\nLa resoluci\u00f3n Full HD 1080p (1920x1080p) y la incre\u00edble frecuencia de actualizaci\u00f3n de 144 Hz le brindan la ventaja en todas sus b\u00fasquedas de juegos. Conecte sus dispositivos de juego para jugar en cualquier lugar<\/li>\n<li><strong>Premium de AMD FreeSync<\/strong><br \/>\nLa tecnolog\u00eda AMD FreeSync Premium permite un juego fluido y sin rasgaduras<\/li>\n<li><strong>USB-C de 2 v\u00edas con alimentaci\u00f3n de 60 W<\/strong><br \/>\nCon puertos USB-C duales, el VX1755 puede entregar datos, audio, video y alimentaci\u00f3n a trav\u00e9s de un solo cable, con computadoras port\u00e1tiles capaces de alimentar el monitor a trav\u00e9s de alimentaci\u00f3n bidireccional.<\/li>\n<li><strong>Cubierta de soporte y protecci\u00f3n de pantalla<\/strong><br \/>\nCada monitor viene con una cubierta de pantalla duradera y un soporte incorporado para orientaci\u00f3n tanto en modo vertical como horizontal<\/li>\n<li><strong>Sin necesidad de estaci\u00f3n de acoplamiento<\/strong><br \/>\nConecte video, audio, datos y alimentaci\u00f3n con un solo cable USB-C y conecte perif\u00e9ricos como unidades USB y ratones con el concentrador USB<\/li>\n<li><strong>Conectividad Flexible<\/strong><br \/>\nEl VX1755 admite computadoras port\u00e1tiles, PC y sistemas operativos Apple\/Mac con entradas Mini-HDMI y USB-C<\/li>\n<li><strong>Incluido en la Caja<\/strong><br \/>\nMonitor port\u00e1til con cubierta, cable USB C a USB C, cable USB C a USB A, adaptador de corriente y gu\u00eda de inicio r\u00e1pido<\/li>\n<\/ul>\n","protected":false},"excerpt":{"rendered":"<p>El ViewSonic VX1755 es un monitor port\u00e1til de 17,2\u201d dise\u00f1ado para PC m\u00f3viles y juegos de consola.\u00a0Con una pantalla Full HD brillante y vibrante, y una frecuencia de actualizaci\u00f3n ultrarr\u00e1pida<\/p>\n","protected":false},"featured_media":92989,"comment_status":"open","ping_status":"closed","template":"","meta":{"_acf_changed":false,"_joinchat":[]},"product_brand":[],"product_cat":[277,280,433],"product_tag":[],"class_list":{"0":"post-92988","1":"product","2":"type-product","3":"status-publish","4":"has-post-thumbnail","6":"product_cat-zona-gamer","7":"product_cat-pc-gaming","8":"product_cat-monitores-gamer","10":"first","11":"instock","12":"sale","13":"shipping-taxable","14":"purchasable","15":"product-type-simple"},"acf":[],"_links":{"self":[{"href":"https:\/\/defabrica.com.mx\/defabrica\/wp-json\/wp\/v2\/product\/92988","targetHints":{"allow":["GET"]}}],"collection":[{"href":"https:\/\/defabrica.com.mx\/defabrica\/wp-json\/wp\/v2\/product"}],"about":[{"href":"https:\/\/defabrica.com.mx\/defabrica\/wp-json\/wp\/v2\/types\/product"}],"replies":[{"embeddable":true,"href":"https:\/\/defabrica.com.mx\/defabrica\/wp-json\/wp\/v2\/comments?post=92988"}],"wp:featuredmedia":[{"embeddable":true,"href":"https:\/\/defabrica.com.mx\/defabrica\/wp-json\/wp\/v2\/media\/92989"}],"wp:attachment":[{"href":"https:\/\/defabrica.com.mx\/defabrica\/wp-json\/wp\/v2\/media?parent=92988"}],"wp:term":[{"taxonomy":"product_brand","embeddable":true,"href":"https:\/\/defabrica.com.mx\/defabrica\/wp-json\/wp\/v2\/product_brand?post=92988"},{"taxonomy":"product_cat","embeddable":true,"href":"https:\/\/defabrica.com.mx\/defabrica\/wp-json\/wp\/v2\/product_cat?post=92988"},{"taxonomy":"product_tag","embeddable":true,"href":"https:\/\/defabrica.com.mx\/defabrica\/wp-json\/wp\/v2\/product_tag?post=92988"}],"curies":[{"name":"wp","href":"https:\/\/api.w.org\/{rel}","templated":true}]}}