{"id":92697,"date":"2022-07-22T09:14:02","date_gmt":"2022-07-22T14:14:02","guid":{"rendered":"https:\/\/defabrica.com.mx\/defabrica\/?post_type=product&#038;p=92697"},"modified":"2023-01-19T15:17:07","modified_gmt":"2023-01-19T21:17:07","slug":"neptunia-x-senran-kagura-ninja-wars-nintendo-switch","status":"publish","type":"product","link":"https:\/\/defabrica.com.mx\/defabrica\/producto\/neptunia-x-senran-kagura-ninja-wars-nintendo-switch\/","title":{"rendered":"Neptunia x SENRAN KAGURA: Ninja Wars &#8211; Nintendo Switch"},"content":{"rendered":"<p>Gamninjustri: un lugar donde se re\u00fanen todo tipo de ninjas.\u00a0A medida que aumentaba la lucha por el control entre los Daimyos de las naciones, aumentaban las tensiones entre las dos grandes naciones, cada una de las cuales albergaba una de las principales escuelas de artes marciales.<\/p>\n<h3 class=\"heading-5 v-fw-regular feature-heading\"><strong>Caracter\u00edsticas<\/strong><\/h3>\n<ul>\n<li><strong>Cuando 2 se convierte en 1<\/strong><br \/>\n\u00a1Las dos naciones en guerra de las series Neptunia y SENRAN KAGURA ahora han unido fuerzas en un juego de rol lleno de acci\u00f3n! Elige entre 10 personajes posibles, incluidos dos nuevos personajes: Yuuki y Goh.<\/li>\n<li><strong>El arte del ninja<\/strong><br \/>\nCada personaje posee un conjunto \u00fanico de habilidades, conocido como Ninja Art Skills. Encadena tus habilidades de arte ninja para dejar a tus enemigos en el polvo. Los ninjas y los shinobi tambi\u00e9n est\u00e1n equipados con proyectiles que pueden infligir da\u00f1o f\u00edsico o estados temporales para ralentizar a los enemigos.<\/li>\n<li><strong>Mantente a la moda con Spirit Games<\/strong><br \/>\n\u00a1Colecciona gemas espirituales para mejorar tus estad\u00edsticas! La leyenda dice que colocarlos en ciertas combinaciones puede agregar impulsos a\u00fan mayores&#8230;<\/li>\n<li><strong>\u00bfEres un verdadero guerrero ninja?<\/strong><br \/>\nEl minijuego Peaches &amp; Cream Meditation permite a los jugadores probar su equilibrio con el controlador de movimiento de PS4. \u00a1Llenar con \u00e9xito el medidor de melocot\u00f3n otorga mejoras de estad\u00edsticas adicionales en la batalla! \u00a1Adem\u00e1s, prueba tu poder con el contenido posterior al juego, Yomi-Training!<\/li>\n<li><strong>Cubierta Reversible<\/strong><br \/>\nEl juego f\u00edsico contar\u00e1 con una imagen especial en el reverso de la portada.<\/li>\n<\/ul>\n","protected":false},"excerpt":{"rendered":"<p>Gamninjustri: un lugar donde se re\u00fanen todo tipo de ninjas.\u00a0A medida que aumentaba la lucha por el control entre los Daimyos de las naciones, aumentaban las tensiones entre las dos<\/p>\n","protected":false},"featured_media":92699,"comment_status":"open","ping_status":"closed","template":"","meta":{"_acf_changed":false,"_joinchat":[]},"product_brand":[],"product_cat":[277,894],"product_tag":[],"class_list":{"0":"post-92697","1":"product","2":"type-product","3":"status-publish","4":"has-post-thumbnail","6":"product_cat-zona-gamer","7":"product_cat-videojuegos","9":"first","10":"instock","11":"sale","12":"shipping-taxable","13":"purchasable","14":"product-type-simple"},"acf":[],"_links":{"self":[{"href":"https:\/\/defabrica.com.mx\/defabrica\/wp-json\/wp\/v2\/product\/92697","targetHints":{"allow":["GET"]}}],"collection":[{"href":"https:\/\/defabrica.com.mx\/defabrica\/wp-json\/wp\/v2\/product"}],"about":[{"href":"https:\/\/defabrica.com.mx\/defabrica\/wp-json\/wp\/v2\/types\/product"}],"replies":[{"embeddable":true,"href":"https:\/\/defabrica.com.mx\/defabrica\/wp-json\/wp\/v2\/comments?post=92697"}],"wp:featuredmedia":[{"embeddable":true,"href":"https:\/\/defabrica.com.mx\/defabrica\/wp-json\/wp\/v2\/media\/92699"}],"wp:attachment":[{"href":"https:\/\/defabrica.com.mx\/defabrica\/wp-json\/wp\/v2\/media?parent=92697"}],"wp:term":[{"taxonomy":"product_brand","embeddable":true,"href":"https:\/\/defabrica.com.mx\/defabrica\/wp-json\/wp\/v2\/product_brand?post=92697"},{"taxonomy":"product_cat","embeddable":true,"href":"https:\/\/defabrica.com.mx\/defabrica\/wp-json\/wp\/v2\/product_cat?post=92697"},{"taxonomy":"product_tag","embeddable":true,"href":"https:\/\/defabrica.com.mx\/defabrica\/wp-json\/wp\/v2\/product_tag?post=92697"}],"curies":[{"name":"wp","href":"https:\/\/api.w.org\/{rel}","templated":true}]}}