{"id":92690,"date":"2022-07-22T09:09:18","date_gmt":"2022-07-22T14:09:18","guid":{"rendered":"https:\/\/defabrica.com.mx\/defabrica\/?post_type=product&#038;p=92690"},"modified":"2022-07-22T09:09:18","modified_gmt":"2022-07-22T14:09:18","slug":"death-end-request-2-nintendo-switch","status":"publish","type":"product","link":"https:\/\/defabrica.com.mx\/defabrica\/producto\/death-end-request-2-nintendo-switch\/","title":{"rendered":"Death end re;Quest 2 &#8211; Nintendo Switch"},"content":{"rendered":"<p><span>En colaboraci\u00f3n con el guionista de la serie Corpse Party, Makoto Kedouin, y el dise\u00f1ador de personajes del Death end re;Quest original, Kei Nanameda, Death end re;Quest 2 es una secuela que plantea la pregunta: \u00bfQu\u00e9 sucede cuando la realidad es consumido por la oscuridad?\u00a0<\/span><span>La versi\u00f3n de Nintendo Switch incluye todos los DLC gratuitos y de pago.\u00a0<\/span><span>Los disfraces de Glitch ser\u00e1n los mismos que los del lanzamiento de PS4.<\/span><\/p>\n<h3 class=\"heading-5 v-fw-regular feature-heading\"><strong>Caracter\u00edsticas<\/strong><\/h3>\n<ul>\n<li><strong>D\u00eda y noche<\/strong><br \/>\nExplore la pintoresca ciudad de Le Choara durante el d\u00eda a trav\u00e9s de la lente de una novela visual y hable con la gente del pueblo para encontrar el paradero de la hermana perdida de Mai. \u00a1Por la noche, lucha contra criaturas oscuras en un juego de rol por turnos!<\/li>\n<li><strong>No lo llames retroceso<\/strong><br \/>\nEl sistema Knockback permite a Mai y su escuadr\u00f3n golpear Shadow Matter contra las paredes, otros enemigos e incluso a otros miembros del grupo para realizar combos viciosos. Y si programa sus ataques en el momento adecuado, es posible que incluso pueda activar Super Knockbacks y Super Knockblows.<\/li>\n<li><strong>Cuidado con el berserker<\/strong><br \/>\nDurante la exploraci\u00f3n de mazmorras y la batalla, una figura negra sin rostro aparecer\u00e1 de la nada. La figura tambi\u00e9n mostrar\u00e1 un \u00e1rea de ataque una vez que aparezca. Mai y su escuadr\u00f3n deben escapar del \u00e1rea de ataque del Berserker, ya que matar\u00e1 instant\u00e1neamente a cualquiera con un solo golpe.<\/li>\n<li><strong>Overkill trae enormes recompensas<\/strong><br \/>\n\u00a1El sistema Overkill es una caracter\u00edstica adicional en la que los personajes pueden acumular da\u00f1o m\u00e1s all\u00e1 de la salud de un enemigo para obtener experiencia adicional! Intenta infligir tanto da\u00f1o a todos los monstruos para obtener mayores recompensas.<\/li>\n<li><strong>Cubierta Reversible<\/strong><br \/>\nEl juego f\u00edsico contar\u00e1 con una imagen especial en el reverso de la portada.<\/li>\n<\/ul>\n","protected":false},"excerpt":{"rendered":"<p>En colaboraci\u00f3n con el guionista de la serie Corpse Party, Makoto Kedouin, y el dise\u00f1ador de personajes del Death end re;Quest original, Kei Nanameda, Death end re;Quest 2 es una<\/p>\n","protected":false},"featured_media":92691,"comment_status":"open","ping_status":"closed","template":"","meta":{"_acf_changed":false,"_joinchat":[]},"product_brand":[],"product_cat":[277,894],"product_tag":[],"class_list":{"0":"post-92690","1":"product","2":"type-product","3":"status-publish","4":"has-post-thumbnail","6":"product_cat-zona-gamer","7":"product_cat-videojuegos","9":"first","10":"instock","11":"sale","12":"shipping-taxable","13":"purchasable","14":"product-type-simple"},"acf":[],"_links":{"self":[{"href":"https:\/\/defabrica.com.mx\/defabrica\/wp-json\/wp\/v2\/product\/92690","targetHints":{"allow":["GET"]}}],"collection":[{"href":"https:\/\/defabrica.com.mx\/defabrica\/wp-json\/wp\/v2\/product"}],"about":[{"href":"https:\/\/defabrica.com.mx\/defabrica\/wp-json\/wp\/v2\/types\/product"}],"replies":[{"embeddable":true,"href":"https:\/\/defabrica.com.mx\/defabrica\/wp-json\/wp\/v2\/comments?post=92690"}],"wp:featuredmedia":[{"embeddable":true,"href":"https:\/\/defabrica.com.mx\/defabrica\/wp-json\/wp\/v2\/media\/92691"}],"wp:attachment":[{"href":"https:\/\/defabrica.com.mx\/defabrica\/wp-json\/wp\/v2\/media?parent=92690"}],"wp:term":[{"taxonomy":"product_brand","embeddable":true,"href":"https:\/\/defabrica.com.mx\/defabrica\/wp-json\/wp\/v2\/product_brand?post=92690"},{"taxonomy":"product_cat","embeddable":true,"href":"https:\/\/defabrica.com.mx\/defabrica\/wp-json\/wp\/v2\/product_cat?post=92690"},{"taxonomy":"product_tag","embeddable":true,"href":"https:\/\/defabrica.com.mx\/defabrica\/wp-json\/wp\/v2\/product_tag?post=92690"}],"curies":[{"name":"wp","href":"https:\/\/api.w.org\/{rel}","templated":true}]}}