{"id":92677,"date":"2022-07-22T09:02:26","date_gmt":"2022-07-22T14:02:26","guid":{"rendered":"https:\/\/defabrica.com.mx\/defabrica\/?post_type=product&#038;p=92677"},"modified":"2023-01-19T15:15:17","modified_gmt":"2023-01-19T21:15:17","slug":"birushana-rising-flower-of-genpei-nintendo-switch","status":"publish","type":"product","link":"https:\/\/defabrica.com.mx\/defabrica\/producto\/birushana-rising-flower-of-genpei-nintendo-switch\/","title":{"rendered":"Birushana: Rising Flower of Genpei &#8211; Nintendo Switch"},"content":{"rendered":"<p>Quince a\u00f1os despu\u00e9s de la Rebeli\u00f3n Heiji, el clan Heike ha alcanzado el apogeo de su poder, mientras que el clan Genji sigue devastado por la derrota.\u00a0Escondido en lo profundo de las monta\u00f1as de Kurama vive Shanao, el heredero var\u00f3n sobreviviente m\u00e1s joven del nombre Genji.\u00a0Sin embargo, Shanao esconde un profundo secreto conocido por muy pocos.\u00a0El heredero m\u00e1s joven del nombre Genji no es hombre.<\/p>\n<h3 class=\"heading-5 v-fw-regular feature-heading\"><strong>Caracter\u00edsticas<\/strong><\/h3>\n<ul>\n<li><strong>El objeto de mi afecto<\/strong><br \/>\nShanao encontrar\u00e1 cinco rutas potenciales, cada una con un nivel de afecto, un medidor que muestra cu\u00e1nto has progresado con el personaje en funci\u00f3n de las elecciones realizadas.<\/li>\n<li><strong>Poniendo a prueba mis habilidades<\/strong><br \/>\nShanao posee 3 habilidades de car\u00e1cter: fuerza, conocimiento y amabilidad. A medida que avanzas, se te dan opciones que afectar\u00e1n las habilidades de su personaje. Trate de encontrar un equilibrio igual para las 3 habilidades. \u00a1Demasiado alto o bajo de cualquier habilidad puede desencadenar un mal resultado!<\/li>\n<li><strong>Manzana de mi Ai<\/strong><br \/>\n\u00a1El sistema Ai Catch permite a los jugadores evaluar c\u00f3mo sus elecciones afectan el nivel de afecto de un personaje y las habilidades de personaje de Shanao en tiempo real! Una pl\u00e1ntula indicar\u00e1 un nivel de afecto bajo, mientras que una flor en flor mostrar\u00e1 un nivel de afecto prometedor.<\/li>\n<li><strong>Toma otra pu\u00f1alada<\/strong><br \/>\nDespu\u00e9s de completar un cap\u00edtulo, los jugadores pueden volver a visitarlo y manipular los niveles de afecto y las habilidades de los personajes, las dos medidas principales que determinan el progreso de una ruta. Si sientes que Shanao va por el camino equivocado, \u00a1repite el cap\u00edtulo y vuelve a la normalidad!<\/li>\n<li><strong>Idiomas<\/strong><br \/>\nTexto en ingl\u00e9s en el juego y voz en japon\u00e9s en el juego.<\/li>\n<\/ul>\n","protected":false},"excerpt":{"rendered":"<p>Quince a\u00f1os despu\u00e9s de la Rebeli\u00f3n Heiji, el clan Heike ha alcanzado el apogeo de su poder, mientras que el clan Genji sigue devastado por la derrota.\u00a0Escondido en lo profundo<\/p>\n","protected":false},"featured_media":92678,"comment_status":"open","ping_status":"closed","template":"","meta":{"_acf_changed":false,"_joinchat":[]},"product_brand":[],"product_cat":[1515,277,894],"product_tag":[],"class_list":{"0":"post-92677","1":"product","2":"type-product","3":"status-publish","4":"has-post-thumbnail","6":"product_cat-ofetas-zonagamer","7":"product_cat-zona-gamer","8":"product_cat-videojuegos","10":"first","11":"instock","12":"sale","13":"shipping-taxable","14":"purchasable","15":"product-type-simple"},"acf":[],"_links":{"self":[{"href":"https:\/\/defabrica.com.mx\/defabrica\/wp-json\/wp\/v2\/product\/92677","targetHints":{"allow":["GET"]}}],"collection":[{"href":"https:\/\/defabrica.com.mx\/defabrica\/wp-json\/wp\/v2\/product"}],"about":[{"href":"https:\/\/defabrica.com.mx\/defabrica\/wp-json\/wp\/v2\/types\/product"}],"replies":[{"embeddable":true,"href":"https:\/\/defabrica.com.mx\/defabrica\/wp-json\/wp\/v2\/comments?post=92677"}],"wp:featuredmedia":[{"embeddable":true,"href":"https:\/\/defabrica.com.mx\/defabrica\/wp-json\/wp\/v2\/media\/92678"}],"wp:attachment":[{"href":"https:\/\/defabrica.com.mx\/defabrica\/wp-json\/wp\/v2\/media?parent=92677"}],"wp:term":[{"taxonomy":"product_brand","embeddable":true,"href":"https:\/\/defabrica.com.mx\/defabrica\/wp-json\/wp\/v2\/product_brand?post=92677"},{"taxonomy":"product_cat","embeddable":true,"href":"https:\/\/defabrica.com.mx\/defabrica\/wp-json\/wp\/v2\/product_cat?post=92677"},{"taxonomy":"product_tag","embeddable":true,"href":"https:\/\/defabrica.com.mx\/defabrica\/wp-json\/wp\/v2\/product_tag?post=92677"}],"curies":[{"name":"wp","href":"https:\/\/api.w.org\/{rel}","templated":true}]}}