{"id":92608,"date":"2022-07-22T03:14:00","date_gmt":"2022-07-22T08:14:00","guid":{"rendered":"https:\/\/defabrica.com.mx\/defabrica\/?post_type=product&#038;p=92608"},"modified":"2023-01-19T12:22:05","modified_gmt":"2023-01-19T18:22:05","slug":"atelier-sophie-2-el-alquimista-del-sueno-misterioso-nintendo-switch","status":"publish","type":"product","link":"https:\/\/defabrica.com.mx\/defabrica\/producto\/atelier-sophie-2-el-alquimista-del-sueno-misterioso-nintendo-switch\/","title":{"rendered":"Atelier Sophie 2: El alquimista del sue\u00f1o misterioso &#8211; Nintendo Switch"},"content":{"rendered":"<p>Atelier Sophie 2: The Alchemist of the Mysterious Dream contin\u00faa la historia de las muchas aventuras de Sophie y Plachta.\u00a0Despu\u00e9s de dejar la ciudad natal de Sophie, Kirchen Bell, la pareja descubre un enorme \u00e1rbol id\u00e9ntico a uno que Plachta hab\u00eda visto en un sue\u00f1o y, a medida que se acercan, un misterioso v\u00f3rtice los atrae hacia adentro.\u00a0Sophie se despierta sola en un mundo nuevo y curioso llamado Erde Wiege, y no pasa mucho tiempo antes de que escuche sobre un alquimista llamado Plachta que vive en las afueras de la ciudad.<\/p>\n<h3 class=\"heading-5 v-fw-regular feature-heading\"><strong>Caracter\u00edsticas<\/strong><\/h3>\n<ul>\n<li><strong>Atelier Sophie 2: El alquimista del sue\u00f1o misterioso<\/strong><\/li>\n<\/ul>\n","protected":false},"excerpt":{"rendered":"<p>Atelier Sophie 2: The Alchemist of the Mysterious Dream contin\u00faa la historia de las muchas aventuras de Sophie y Plachta.\u00a0Despu\u00e9s de dejar la ciudad natal de Sophie, Kirchen Bell, la<\/p>\n","protected":false},"featured_media":92609,"comment_status":"open","ping_status":"closed","template":"","meta":{"_acf_changed":false,"_joinchat":[]},"product_brand":[],"product_cat":[277,894],"product_tag":[],"class_list":{"0":"post-92608","1":"product","2":"type-product","3":"status-publish","4":"has-post-thumbnail","6":"product_cat-zona-gamer","7":"product_cat-videojuegos","9":"first","10":"instock","11":"sale","12":"shipping-taxable","13":"purchasable","14":"product-type-simple"},"acf":[],"_links":{"self":[{"href":"https:\/\/defabrica.com.mx\/defabrica\/wp-json\/wp\/v2\/product\/92608","targetHints":{"allow":["GET"]}}],"collection":[{"href":"https:\/\/defabrica.com.mx\/defabrica\/wp-json\/wp\/v2\/product"}],"about":[{"href":"https:\/\/defabrica.com.mx\/defabrica\/wp-json\/wp\/v2\/types\/product"}],"replies":[{"embeddable":true,"href":"https:\/\/defabrica.com.mx\/defabrica\/wp-json\/wp\/v2\/comments?post=92608"}],"wp:featuredmedia":[{"embeddable":true,"href":"https:\/\/defabrica.com.mx\/defabrica\/wp-json\/wp\/v2\/media\/92609"}],"wp:attachment":[{"href":"https:\/\/defabrica.com.mx\/defabrica\/wp-json\/wp\/v2\/media?parent=92608"}],"wp:term":[{"taxonomy":"product_brand","embeddable":true,"href":"https:\/\/defabrica.com.mx\/defabrica\/wp-json\/wp\/v2\/product_brand?post=92608"},{"taxonomy":"product_cat","embeddable":true,"href":"https:\/\/defabrica.com.mx\/defabrica\/wp-json\/wp\/v2\/product_cat?post=92608"},{"taxonomy":"product_tag","embeddable":true,"href":"https:\/\/defabrica.com.mx\/defabrica\/wp-json\/wp\/v2\/product_tag?post=92608"}],"curies":[{"name":"wp","href":"https:\/\/api.w.org\/{rel}","templated":true}]}}