{"id":92554,"date":"2022-07-22T02:22:30","date_gmt":"2022-07-22T07:22:30","guid":{"rendered":"https:\/\/defabrica.com.mx\/defabrica\/?post_type=product&#038;p=92554"},"modified":"2022-07-22T02:22:30","modified_gmt":"2022-07-22T07:22:30","slug":"bug-fables-nintendo-switch","status":"publish","type":"product","link":"https:\/\/defabrica.com.mx\/defabrica\/producto\/bug-fables-nintendo-switch\/","title":{"rendered":"Bug Fables &#8211; Nintendo Switch"},"content":{"rendered":"<p><span>Bug Fables es un juego de rol de aventuras que sigue a tres h\u00e9roes, Vi, Kabbu y Leif, mientras se embarcan en una b\u00fasqueda \u00e9pica en Bugaria en busca del tesoro y la inmortalidad.\u00a0<\/span><span>El juego combina plataformas coloridas con las habilidades \u00fanicas de los h\u00e9roes mientras exploran una amplia variedad de \u00e1reas en el reino.<\/span><\/p>\n<h3 class=\"heading-5 v-fw-regular feature-heading\"><strong>Caracter\u00edsticas<\/strong><\/h3>\n<ul>\n<li><strong>\u00a1Siete exuberantes cap\u00edtulos de historia que siguen a los h\u00e9roes de Bugaria!<\/strong><\/li>\n<li><strong>\u00a1Atraviesa vastos mundos que se transforman en combates por turnos!<\/strong><\/li>\n<li><strong>\u00a1Cambia el rumbo de la batalla con la funci\u00f3n Turn Relay para explotar las debilidades del enemigo con el poder del trabajo en equipo!<\/strong><\/li>\n<li><strong>\u00a1Utiliza un sistema de cocci\u00f3n para convertir los ingredientes en objetos que te ayuden en la batalla!<\/strong><\/li>\n<li><strong>\u00a1M\u00e1s de 30 misiones secundarias y 15 jefes opcionales!<\/strong><\/li>\n<\/ul>\n","protected":false},"excerpt":{"rendered":"<p>Bug Fables es un juego de rol de aventuras que sigue a tres h\u00e9roes, Vi, Kabbu y Leif, mientras se embarcan en una b\u00fasqueda \u00e9pica en Bugaria en busca del<\/p>\n","protected":false},"featured_media":92555,"comment_status":"open","ping_status":"closed","template":"","meta":{"_acf_changed":false,"_joinchat":[]},"product_brand":[],"product_cat":[277,894],"product_tag":[],"class_list":{"0":"post-92554","1":"product","2":"type-product","3":"status-publish","4":"has-post-thumbnail","6":"product_cat-zona-gamer","7":"product_cat-videojuegos","9":"first","10":"instock","11":"sale","12":"shipping-taxable","13":"purchasable","14":"product-type-simple"},"acf":[],"_links":{"self":[{"href":"https:\/\/defabrica.com.mx\/defabrica\/wp-json\/wp\/v2\/product\/92554","targetHints":{"allow":["GET"]}}],"collection":[{"href":"https:\/\/defabrica.com.mx\/defabrica\/wp-json\/wp\/v2\/product"}],"about":[{"href":"https:\/\/defabrica.com.mx\/defabrica\/wp-json\/wp\/v2\/types\/product"}],"replies":[{"embeddable":true,"href":"https:\/\/defabrica.com.mx\/defabrica\/wp-json\/wp\/v2\/comments?post=92554"}],"wp:featuredmedia":[{"embeddable":true,"href":"https:\/\/defabrica.com.mx\/defabrica\/wp-json\/wp\/v2\/media\/92555"}],"wp:attachment":[{"href":"https:\/\/defabrica.com.mx\/defabrica\/wp-json\/wp\/v2\/media?parent=92554"}],"wp:term":[{"taxonomy":"product_brand","embeddable":true,"href":"https:\/\/defabrica.com.mx\/defabrica\/wp-json\/wp\/v2\/product_brand?post=92554"},{"taxonomy":"product_cat","embeddable":true,"href":"https:\/\/defabrica.com.mx\/defabrica\/wp-json\/wp\/v2\/product_cat?post=92554"},{"taxonomy":"product_tag","embeddable":true,"href":"https:\/\/defabrica.com.mx\/defabrica\/wp-json\/wp\/v2\/product_tag?post=92554"}],"curies":[{"name":"wp","href":"https:\/\/api.w.org\/{rel}","templated":true}]}}