{"id":92546,"date":"2022-07-22T02:13:38","date_gmt":"2022-07-22T07:13:38","guid":{"rendered":"https:\/\/defabrica.com.mx\/defabrica\/?post_type=product&#038;p=92546"},"modified":"2023-01-19T12:07:22","modified_gmt":"2023-01-19T18:07:22","slug":"no-more-heroes-2-nintendo-switch","status":"publish","type":"product","link":"https:\/\/defabrica.com.mx\/defabrica\/producto\/no-more-heroes-2-nintendo-switch\/","title":{"rendered":"No More Heroes 2 &#8211; Nintendo Switch"},"content":{"rendered":"<p>\u00a1Contin\u00faa la lucha en la remasterizaci\u00f3n HD de la secuela del juego de acci\u00f3n de asesinos original!\u00a0Tres a\u00f1os despu\u00e9s de que Travis Touchdown fuera clasificado en el puesto n\u00famero 1 por la Asociaci\u00f3n de Asesinos Unidos, se encuentra cayendo al puesto 51.<\/p>\n<h3 class=\"heading-5 v-fw-regular feature-heading\"><strong>Caracter\u00edsticas<\/strong><\/h3>\n<ul>\n<li><strong>Katanas de haz de doble empu\u00f1adura como Travis Touchdown para marcar la locura de hack-and-slash hasta 11!<\/strong><\/li>\n<li><strong>Salta a trav\u00e9s del combate como el \u00e1gil Shinobu o deja a los enemigos en el polvo como el hermano de Travis, Henry.<\/strong><\/li>\n<li><strong>\u00a1Experimenta una explosi\u00f3n del pasado jugando minijuegos de 8 bits para ganar dinero y potenciarte!<\/strong><\/li>\n<\/ul>\n","protected":false},"excerpt":{"rendered":"<p>\u00a1Contin\u00faa la lucha en la remasterizaci\u00f3n HD de la secuela del juego de acci\u00f3n de asesinos original!\u00a0Tres a\u00f1os despu\u00e9s de que Travis Touchdown fuera clasificado en el puesto n\u00famero 1<\/p>\n","protected":false},"featured_media":92547,"comment_status":"open","ping_status":"closed","template":"","meta":{"_acf_changed":false,"_joinchat":[]},"product_brand":[],"product_cat":[277,894],"product_tag":[],"class_list":{"0":"post-92546","1":"product","2":"type-product","3":"status-publish","4":"has-post-thumbnail","6":"product_cat-zona-gamer","7":"product_cat-videojuegos","9":"first","10":"instock","11":"sale","12":"shipping-taxable","13":"purchasable","14":"product-type-simple"},"acf":[],"_links":{"self":[{"href":"https:\/\/defabrica.com.mx\/defabrica\/wp-json\/wp\/v2\/product\/92546","targetHints":{"allow":["GET"]}}],"collection":[{"href":"https:\/\/defabrica.com.mx\/defabrica\/wp-json\/wp\/v2\/product"}],"about":[{"href":"https:\/\/defabrica.com.mx\/defabrica\/wp-json\/wp\/v2\/types\/product"}],"replies":[{"embeddable":true,"href":"https:\/\/defabrica.com.mx\/defabrica\/wp-json\/wp\/v2\/comments?post=92546"}],"wp:featuredmedia":[{"embeddable":true,"href":"https:\/\/defabrica.com.mx\/defabrica\/wp-json\/wp\/v2\/media\/92547"}],"wp:attachment":[{"href":"https:\/\/defabrica.com.mx\/defabrica\/wp-json\/wp\/v2\/media?parent=92546"}],"wp:term":[{"taxonomy":"product_brand","embeddable":true,"href":"https:\/\/defabrica.com.mx\/defabrica\/wp-json\/wp\/v2\/product_brand?post=92546"},{"taxonomy":"product_cat","embeddable":true,"href":"https:\/\/defabrica.com.mx\/defabrica\/wp-json\/wp\/v2\/product_cat?post=92546"},{"taxonomy":"product_tag","embeddable":true,"href":"https:\/\/defabrica.com.mx\/defabrica\/wp-json\/wp\/v2\/product_tag?post=92546"}],"curies":[{"name":"wp","href":"https:\/\/api.w.org\/{rel}","templated":true}]}}