{"id":92540,"date":"2022-07-22T02:04:42","date_gmt":"2022-07-22T07:04:42","guid":{"rendered":"https:\/\/defabrica.com.mx\/defabrica\/?post_type=product&#038;p=92540"},"modified":"2023-01-19T12:05:39","modified_gmt":"2023-01-19T18:05:39","slug":"scott-pilgrim-contra-el-mundo-el-juego-nintendo-switch","status":"publish","type":"product","link":"https:\/\/defabrica.com.mx\/defabrica\/producto\/scott-pilgrim-contra-el-mundo-el-juego-nintendo-switch\/","title":{"rendered":"Scott Pilgrim contra el mundo: el juego &#8211; Nintendo Switch"},"content":{"rendered":"<p>Complete Edition incluye la remasterizaci\u00f3n de Scott Pilgrim vs. The World\u2122: The Game y sus DLC originales: los paquetes complementarios Knives Chau y Wallace Wells.\u00a0Redescubre el amado beat &#8216;em up de estilo arcade en 2D inspirado en la ic\u00f3nica serie de c\u00f3mics y la pel\u00edcula, Scott Pilgrim vs. The World.\u00a0Juega como tus personajes favoritos: Scott Pilgrim, Ramona Flowers, Knives Chau, Stephen Stills y m\u00e1s.<\/p>\n<h3 class=\"heading-5 v-fw-regular feature-heading\"><strong>Caracter\u00edsticas<\/strong><\/h3>\n<ul>\n<li><strong>Jugadores: hasta 4 jugadores<\/strong><\/li>\n<li><strong>G\u00e9nero: Acci\u00f3n, Lucha<\/strong><\/li>\n<\/ul>\n","protected":false},"excerpt":{"rendered":"<p>Complete Edition incluye la remasterizaci\u00f3n de Scott Pilgrim vs. The World\u2122: The Game y sus DLC originales: los paquetes complementarios Knives Chau y Wallace Wells.\u00a0Redescubre el amado beat &#8216;em up<\/p>\n","protected":false},"featured_media":92541,"comment_status":"open","ping_status":"closed","template":"","meta":{"_acf_changed":false,"_joinchat":[]},"product_brand":[],"product_cat":[277,894],"product_tag":[],"class_list":{"0":"post-92540","1":"product","2":"type-product","3":"status-publish","4":"has-post-thumbnail","6":"product_cat-zona-gamer","7":"product_cat-videojuegos","9":"first","10":"instock","11":"sale","12":"shipping-taxable","13":"purchasable","14":"product-type-simple"},"acf":[],"_links":{"self":[{"href":"https:\/\/defabrica.com.mx\/defabrica\/wp-json\/wp\/v2\/product\/92540","targetHints":{"allow":["GET"]}}],"collection":[{"href":"https:\/\/defabrica.com.mx\/defabrica\/wp-json\/wp\/v2\/product"}],"about":[{"href":"https:\/\/defabrica.com.mx\/defabrica\/wp-json\/wp\/v2\/types\/product"}],"replies":[{"embeddable":true,"href":"https:\/\/defabrica.com.mx\/defabrica\/wp-json\/wp\/v2\/comments?post=92540"}],"wp:featuredmedia":[{"embeddable":true,"href":"https:\/\/defabrica.com.mx\/defabrica\/wp-json\/wp\/v2\/media\/92541"}],"wp:attachment":[{"href":"https:\/\/defabrica.com.mx\/defabrica\/wp-json\/wp\/v2\/media?parent=92540"}],"wp:term":[{"taxonomy":"product_brand","embeddable":true,"href":"https:\/\/defabrica.com.mx\/defabrica\/wp-json\/wp\/v2\/product_brand?post=92540"},{"taxonomy":"product_cat","embeddable":true,"href":"https:\/\/defabrica.com.mx\/defabrica\/wp-json\/wp\/v2\/product_cat?post=92540"},{"taxonomy":"product_tag","embeddable":true,"href":"https:\/\/defabrica.com.mx\/defabrica\/wp-json\/wp\/v2\/product_tag?post=92540"}],"curies":[{"name":"wp","href":"https:\/\/api.w.org\/{rel}","templated":true}]}}