{"id":92508,"date":"2022-07-22T01:47:02","date_gmt":"2022-07-22T06:47:02","guid":{"rendered":"https:\/\/defabrica.com.mx\/defabrica\/?post_type=product&#038;p=92508"},"modified":"2023-01-19T12:03:17","modified_gmt":"2023-01-19T18:03:17","slug":"oddworld-soulstorm-playstation-5-2","status":"publish","type":"product","link":"https:\/\/defabrica.com.mx\/defabrica\/producto\/oddworld-soulstorm-playstation-5-2\/","title":{"rendered":"Oddworld: Soulstorm &#8211; PlayStation 5"},"content":{"rendered":"<p>Oddworld: Soulstorm es la secuela de plataformas de acci\u00f3n y aventuras m\u00e1s grande, m\u00e1s mala y m\u00e1s audaz de la renombrada serie de videojuegos, y la segunda entrega explosiva en la quintalog\u00eda despu\u00e9s de Oddworld: New &#8216;n&#8217; Tasty.\u00a0Juegas como Abe, el reacio h\u00e9roe Mudokon que sin darse cuenta provoc\u00f3 un levantamiento y ahora debe liderar a sus compa\u00f1eros Mudokons en su lucha por la libertad contra los l\u00edderes del planeta.<\/p>\n<h3 class=\"heading-5 v-fw-regular feature-heading\"><strong>Caracter\u00edsticas<\/strong><\/h3>\n<ul>\n<li><strong>Plataformas de acci\u00f3n y aventuras<\/strong><br \/>\nEvolucionando el g\u00e9nero de plataformas agregando elementos RPG-lite con agencia de jugadores para jugar como quieras, ya sea de forma agresiva o pasiva.<\/li>\n<li><strong>Narrativo<\/strong><br \/>\nUna historia oscura con un retorcido sentido del humor que arroja luz sobre las iron\u00edas que existen en la condici\u00f3n humana.<\/li>\n<li><strong>Quarma:<\/strong><br \/>\nQuarma es una funci\u00f3n de retroalimentaci\u00f3n en tiempo real que refleja tus acciones en el juego, lo que influir\u00e1 en el resultado del juego.<\/li>\n<li><strong>Econom\u00eda del carro\u00f1ero:<\/strong><br \/>\nRobar enemigos, saquear casilleros y tamizar botes de basura para adquirir recursos. Interc\u00e1mbialos en las m\u00e1quinas expendedoras para obtener productos que te den m\u00e1s control sobre c\u00f3mo eliges conquistar los numerosos desaf\u00edos del juego.<\/li>\n<li><strong>Elaboraci\u00f3n:<\/strong><br \/>\nUtilice los recursos recolectados y los productos de las m\u00e1quinas expendedoras para crear art\u00edculos que puedan usarse como armas o herramientas contra personajes y obst\u00e1culos.<\/li>\n<\/ul>\n","protected":false},"excerpt":{"rendered":"<p>Oddworld: Soulstorm es la secuela de plataformas de acci\u00f3n y aventuras m\u00e1s grande, m\u00e1s mala y m\u00e1s audaz de la renombrada serie de videojuegos, y la segunda entrega explosiva en<\/p>\n","protected":false},"featured_media":92520,"comment_status":"open","ping_status":"closed","template":"","meta":{"_acf_changed":false,"_joinchat":[]},"product_brand":[],"product_cat":[277,894],"product_tag":[],"class_list":{"0":"post-92508","1":"product","2":"type-product","3":"status-publish","4":"has-post-thumbnail","6":"product_cat-zona-gamer","7":"product_cat-videojuegos","9":"first","10":"instock","11":"sale","12":"shipping-taxable","13":"purchasable","14":"product-type-simple"},"acf":[],"_links":{"self":[{"href":"https:\/\/defabrica.com.mx\/defabrica\/wp-json\/wp\/v2\/product\/92508","targetHints":{"allow":["GET"]}}],"collection":[{"href":"https:\/\/defabrica.com.mx\/defabrica\/wp-json\/wp\/v2\/product"}],"about":[{"href":"https:\/\/defabrica.com.mx\/defabrica\/wp-json\/wp\/v2\/types\/product"}],"replies":[{"embeddable":true,"href":"https:\/\/defabrica.com.mx\/defabrica\/wp-json\/wp\/v2\/comments?post=92508"}],"wp:featuredmedia":[{"embeddable":true,"href":"https:\/\/defabrica.com.mx\/defabrica\/wp-json\/wp\/v2\/media\/92520"}],"wp:attachment":[{"href":"https:\/\/defabrica.com.mx\/defabrica\/wp-json\/wp\/v2\/media?parent=92508"}],"wp:term":[{"taxonomy":"product_brand","embeddable":true,"href":"https:\/\/defabrica.com.mx\/defabrica\/wp-json\/wp\/v2\/product_brand?post=92508"},{"taxonomy":"product_cat","embeddable":true,"href":"https:\/\/defabrica.com.mx\/defabrica\/wp-json\/wp\/v2\/product_cat?post=92508"},{"taxonomy":"product_tag","embeddable":true,"href":"https:\/\/defabrica.com.mx\/defabrica\/wp-json\/wp\/v2\/product_tag?post=92508"}],"curies":[{"name":"wp","href":"https:\/\/api.w.org\/{rel}","templated":true}]}}