{"id":92434,"date":"2022-07-22T00:07:25","date_gmt":"2022-07-22T05:07:25","guid":{"rendered":"https:\/\/defabrica.com.mx\/defabrica\/?post_type=product&#038;p=92434"},"modified":"2023-01-19T11:31:25","modified_gmt":"2023-01-19T17:31:25","slug":"astria-ascending-nintendo-switch","status":"publish","type":"product","link":"https:\/\/defabrica.com.mx\/defabrica\/producto\/astria-ascending-nintendo-switch\/","title":{"rendered":"Astria Ascending &#8211; Nintendo Switch"},"content":{"rendered":"<p>Explora un vasto mundo al borde del caos en un JRPG maduro y emotivo.\u00a0Experimenta una historia \u00e9pica con gratificantes combates por turnos y una amplia personalizaci\u00f3n representada en gloriosas im\u00e1genes 4K dibujadas a mano.<\/p>\n<h3 class=\"heading-5 v-fw-regular feature-heading\"><strong>Caracter\u00edsticas<\/strong><\/h3>\n<ul>\n<li><strong>Explora el vasto y hermoso mundo de Orcanon<\/strong><br \/>\nVisita cinco ciudades diferentes pobladas por criaturas \u00fanicas y resuelve m\u00e1s de 20 mazmorras peligrosas.<\/li>\n<li><strong>Una gran historia de destino y sacrificio.<\/strong><br \/>\nSum\u00e9rgete en una narrativa fascinante plagada de traiciones, sacrificios y terrores. Una historia basada en personajes adultos, Astria Ascending ofrece una experiencia m\u00e1s madura y un di\u00e1logo extenso.<\/li>\n<li><strong>Un gratificante sistema de combate por turnos<\/strong><br \/>\nLucha contra m\u00e1s de 200 monstruos diferentes en cautivadores combates por turnos. Recoge e invoca bestias legendarias para la lucha y aumenta tu poder para manejar los legendarios Cosmo Breaks.<\/li>\n<li><strong>Conoce a un elenco de personajes inolvidable<\/strong><br \/>\nElige entre ocho personajes de jugador personalizables que abarcan una gama de razas y habilidades fant\u00e1sticas, y forma un equipo heroico que debe sacrificarlo todo para salvar el mundo.<\/li>\n<\/ul>\n","protected":false},"excerpt":{"rendered":"<p>Explora un vasto mundo al borde del caos en un JRPG maduro y emotivo.\u00a0Experimenta una historia \u00e9pica con gratificantes combates por turnos y una amplia personalizaci\u00f3n representada en gloriosas im\u00e1genes<\/p>\n","protected":false},"featured_media":92435,"comment_status":"open","ping_status":"closed","template":"","meta":{"_acf_changed":false,"_joinchat":[]},"product_brand":[],"product_cat":[1515,277,894],"product_tag":[],"class_list":{"0":"post-92434","1":"product","2":"type-product","3":"status-publish","4":"has-post-thumbnail","6":"product_cat-ofetas-zonagamer","7":"product_cat-zona-gamer","8":"product_cat-videojuegos","10":"first","11":"instock","12":"sale","13":"shipping-taxable","14":"purchasable","15":"product-type-simple"},"acf":[],"_links":{"self":[{"href":"https:\/\/defabrica.com.mx\/defabrica\/wp-json\/wp\/v2\/product\/92434","targetHints":{"allow":["GET"]}}],"collection":[{"href":"https:\/\/defabrica.com.mx\/defabrica\/wp-json\/wp\/v2\/product"}],"about":[{"href":"https:\/\/defabrica.com.mx\/defabrica\/wp-json\/wp\/v2\/types\/product"}],"replies":[{"embeddable":true,"href":"https:\/\/defabrica.com.mx\/defabrica\/wp-json\/wp\/v2\/comments?post=92434"}],"wp:featuredmedia":[{"embeddable":true,"href":"https:\/\/defabrica.com.mx\/defabrica\/wp-json\/wp\/v2\/media\/92435"}],"wp:attachment":[{"href":"https:\/\/defabrica.com.mx\/defabrica\/wp-json\/wp\/v2\/media?parent=92434"}],"wp:term":[{"taxonomy":"product_brand","embeddable":true,"href":"https:\/\/defabrica.com.mx\/defabrica\/wp-json\/wp\/v2\/product_brand?post=92434"},{"taxonomy":"product_cat","embeddable":true,"href":"https:\/\/defabrica.com.mx\/defabrica\/wp-json\/wp\/v2\/product_cat?post=92434"},{"taxonomy":"product_tag","embeddable":true,"href":"https:\/\/defabrica.com.mx\/defabrica\/wp-json\/wp\/v2\/product_tag?post=92434"}],"curies":[{"name":"wp","href":"https:\/\/api.w.org\/{rel}","templated":true}]}}