{"id":92409,"date":"2022-07-21T23:43:45","date_gmt":"2022-07-22T04:43:45","guid":{"rendered":"https:\/\/defabrica.com.mx\/defabrica\/?post_type=product&#038;p=92409"},"modified":"2022-07-21T23:43:46","modified_gmt":"2022-07-22T04:43:46","slug":"train-sim-world-2-edicion-de-lujo-xbox-series-x","status":"publish","type":"product","link":"https:\/\/defabrica.com.mx\/defabrica\/producto\/train-sim-world-2-edicion-de-lujo-xbox-series-x\/","title":{"rendered":"Train Sim World 2 Edici\u00f3n de lujo &#8211; Xbox Series X"},"content":{"rendered":"<div class=\"embedded-component-container lv product-description\">\n<div>\n<div id=\"shop-product-description-6078255\" class=\"_none\" data-version=\"1.3.46\">\n<div class=\"shop-product-description\">\n<section class=\"align-heading-left\" data-reactroot=\"\">\n<div class=\"long-description-container body-copy \">\n<div class=\"html-fragment\"><span>\u00a1ESTAR EN CONTROL!\u00a0A medida que los andenes se llenan de pasajeros y el tr\u00e1fico ferroviario aumenta para satisfacer la creciente demanda, comienza la hora pico.\u00a0Tome el control de los trenes repletos y navegue por la concurrida red, siendo revisado constantemente por las se\u00f1ales a medida que avanza de una estaci\u00f3n a otra &#8211; Luchando para mantener el tiempo y evitar demoras costosas con Train Sim World 2: Rush Hour.<\/span><\/div>\n<\/div>\n<\/section>\n<\/div>\n<\/div>\n<\/div>\n<\/div>\n<div class=\"embedded-component-container lv product-features\">\n<h3><\/h3>\n<h3 class=\"heading-5 v-fw-regular feature-heading\"><strong>Caracter\u00edsticas<\/strong><\/h3>\n<ul>\n<li><strong>Rutas aut\u00e9nticas<\/strong><br \/>\nExplore la l\u00ednea de pasajeros m\u00e1s concurrida de los EE. UU. con Boston Sprinter, enfr\u00e9ntese al agitado London London Commuter del Reino Unido y domine los variados servicios alemanes en Nahverkehr Dresden.<\/li>\n<li><strong>Locomotoras ic\u00f3nicas<\/strong><br \/>\nS\u00fabase a la cabina de locomotoras con licencia oficial, como la &#8216;Cities Sprinter&#8217; de Amtrak, la Gatwick Express BR Class 387, la BR 442 de Deutsche Bahn y muchas m\u00e1s.<\/li>\n<li><strong>Herramientas personalizadas<\/strong><br \/>\nSea creativo y agregue un toque personal a sus locomotoras con Livery Designer. Utilice el Planificador de escenarios para conducir lo que quiera, donde quiera, cuando quiera.<\/li>\n<\/ul>\n<\/div>\n","protected":false},"excerpt":{"rendered":"<p>\u00a1ESTAR EN CONTROL!\u00a0A medida que los andenes se llenan de pasajeros y el tr\u00e1fico ferroviario aumenta para satisfacer la creciente demanda, comienza la hora pico.\u00a0Tome el control de los trenes<\/p>\n","protected":false},"featured_media":92410,"comment_status":"open","ping_status":"closed","template":"","meta":{"_acf_changed":false,"_joinchat":[]},"product_brand":[],"product_cat":[277,894],"product_tag":[],"class_list":{"0":"post-92409","1":"product","2":"type-product","3":"status-publish","4":"has-post-thumbnail","6":"product_cat-zona-gamer","7":"product_cat-videojuegos","9":"first","10":"instock","11":"sale","12":"shipping-taxable","13":"purchasable","14":"product-type-simple"},"acf":[],"_links":{"self":[{"href":"https:\/\/defabrica.com.mx\/defabrica\/wp-json\/wp\/v2\/product\/92409","targetHints":{"allow":["GET"]}}],"collection":[{"href":"https:\/\/defabrica.com.mx\/defabrica\/wp-json\/wp\/v2\/product"}],"about":[{"href":"https:\/\/defabrica.com.mx\/defabrica\/wp-json\/wp\/v2\/types\/product"}],"replies":[{"embeddable":true,"href":"https:\/\/defabrica.com.mx\/defabrica\/wp-json\/wp\/v2\/comments?post=92409"}],"wp:featuredmedia":[{"embeddable":true,"href":"https:\/\/defabrica.com.mx\/defabrica\/wp-json\/wp\/v2\/media\/92410"}],"wp:attachment":[{"href":"https:\/\/defabrica.com.mx\/defabrica\/wp-json\/wp\/v2\/media?parent=92409"}],"wp:term":[{"taxonomy":"product_brand","embeddable":true,"href":"https:\/\/defabrica.com.mx\/defabrica\/wp-json\/wp\/v2\/product_brand?post=92409"},{"taxonomy":"product_cat","embeddable":true,"href":"https:\/\/defabrica.com.mx\/defabrica\/wp-json\/wp\/v2\/product_cat?post=92409"},{"taxonomy":"product_tag","embeddable":true,"href":"https:\/\/defabrica.com.mx\/defabrica\/wp-json\/wp\/v2\/product_tag?post=92409"}],"curies":[{"name":"wp","href":"https:\/\/api.w.org\/{rel}","templated":true}]}}