{"id":92401,"date":"2022-07-21T23:37:26","date_gmt":"2022-07-22T04:37:26","guid":{"rendered":"https:\/\/defabrica.com.mx\/defabrica\/?post_type=product&#038;p=92401"},"modified":"2023-01-19T11:22:53","modified_gmt":"2023-01-19T17:22:53","slug":"snowrunner-premium-edition-serie-xbox-x","status":"publish","type":"product","link":"https:\/\/defabrica.com.mx\/defabrica\/producto\/snowrunner-premium-edition-serie-xbox-x\/","title":{"rendered":"SnowRunner Premium Edition &#8211; Serie Xbox X"},"content":{"rendered":"<p>\u00a1Prep\u00e1rate para la experiencia todoterreno de \u00faltima generaci\u00f3n!\u00a0SnowRunner lo coloca en el asiento del conductor de poderosos veh\u00edculos mientras conquista entornos abiertos extremos con la simulaci\u00f3n de terreno m\u00e1s avanzada jam\u00e1s vista.\u00a0Conduce 40 veh\u00edculos de marcas como Ford, Chevrolet y Freightliner mientras dejas tu huella en un mundo abierto ind\u00f3mito.\u00a0Supere el barro, las aguas torrenciales, la nieve y los lagos congelados mientras asume peligrosos contratos y misiones.\u00a0Ampl\u00ede y personalice su flota con muchas mejoras y accesorios, incluido un esn\u00f3rquel de escape para aguas pesadas o llantas de cadena para luchar contra la nieve.<\/p>\n<h3 class=\"heading-5 v-fw-regular feature-heading\"><strong>Caracter\u00edsticas<\/strong><\/h3>\n<ul>\n<li><strong>\u00a1Monta solo o con otros jugadores en cooperativo de 4 jugadores!<\/strong><\/li>\n<li><strong>Enfr\u00e9ntate a entornos extremos en un motor de f\u00edsica muy avanzado<\/strong><\/li>\n<li><strong>40 veh\u00edculos \u00fanicos para desbloquear, actualizar y personalizar<\/strong><\/li>\n<li><strong>Completa docenas de misiones desafiantes en un mundo interconectado<\/strong><\/li>\n<li><strong>Ve solo o juega con otros jugadores en modo cooperativo de 4 jugadores<\/strong><\/li>\n<\/ul>\n","protected":false},"excerpt":{"rendered":"<p>\u00a1Prep\u00e1rate para la experiencia todoterreno de \u00faltima generaci\u00f3n!\u00a0SnowRunner lo coloca en el asiento del conductor de poderosos veh\u00edculos mientras conquista entornos abiertos extremos con la simulaci\u00f3n de terreno m\u00e1s avanzada<\/p>\n","protected":false},"featured_media":92402,"comment_status":"open","ping_status":"closed","template":"","meta":{"_acf_changed":false,"_joinchat":[]},"product_brand":[],"product_cat":[1515,277,894],"product_tag":[],"class_list":{"0":"post-92401","1":"product","2":"type-product","3":"status-publish","4":"has-post-thumbnail","6":"product_cat-ofetas-zonagamer","7":"product_cat-zona-gamer","8":"product_cat-videojuegos","10":"first","11":"instock","12":"sale","13":"shipping-taxable","14":"purchasable","15":"product-type-simple"},"acf":[],"_links":{"self":[{"href":"https:\/\/defabrica.com.mx\/defabrica\/wp-json\/wp\/v2\/product\/92401","targetHints":{"allow":["GET"]}}],"collection":[{"href":"https:\/\/defabrica.com.mx\/defabrica\/wp-json\/wp\/v2\/product"}],"about":[{"href":"https:\/\/defabrica.com.mx\/defabrica\/wp-json\/wp\/v2\/types\/product"}],"replies":[{"embeddable":true,"href":"https:\/\/defabrica.com.mx\/defabrica\/wp-json\/wp\/v2\/comments?post=92401"}],"wp:featuredmedia":[{"embeddable":true,"href":"https:\/\/defabrica.com.mx\/defabrica\/wp-json\/wp\/v2\/media\/92402"}],"wp:attachment":[{"href":"https:\/\/defabrica.com.mx\/defabrica\/wp-json\/wp\/v2\/media?parent=92401"}],"wp:term":[{"taxonomy":"product_brand","embeddable":true,"href":"https:\/\/defabrica.com.mx\/defabrica\/wp-json\/wp\/v2\/product_brand?post=92401"},{"taxonomy":"product_cat","embeddable":true,"href":"https:\/\/defabrica.com.mx\/defabrica\/wp-json\/wp\/v2\/product_cat?post=92401"},{"taxonomy":"product_tag","embeddable":true,"href":"https:\/\/defabrica.com.mx\/defabrica\/wp-json\/wp\/v2\/product_tag?post=92401"}],"curies":[{"name":"wp","href":"https:\/\/api.w.org\/{rel}","templated":true}]}}