{"id":92375,"date":"2022-07-21T20:35:42","date_gmt":"2022-07-22T01:35:42","guid":{"rendered":"https:\/\/defabrica.com.mx\/defabrica\/?post_type=product&#038;p=92375"},"modified":"2023-01-19T13:00:03","modified_gmt":"2023-01-19T19:00:03","slug":"hp-omen-16-1-laptop-intel-core-i7-12700h-16gb-memory-nvidia-geforce-rtx-3050-ti-1tb-ssd-shadow-black","status":"publish","type":"product","link":"https:\/\/defabrica.com.mx\/defabrica\/producto\/hp-omen-16-1-laptop-intel-core-i7-12700h-16gb-memory-nvidia-geforce-rtx-3050-ti-1tb-ssd-shadow-black\/","title":{"rendered":"HP OMEN &#8211; 16.1&#8243; Laptop &#8211; Intel Core i7-12700H &#8211; 16GB Memory &#8211; NVIDIA GeForce RTX 3050 Ti &#8211; 1TB SSD &#8211; Shadow Black"},"content":{"rendered":"<div class=\"embedded-component-container lv product-description\">\n<div>\n<div id=\"shop-product-description-37747078\" class=\"_none\" data-version=\"1.3.46\">\n<div class=\"shop-product-description\">\n<section class=\"align-heading-left\" data-reactroot=\"\">\n<div class=\"long-description-container body-copy \">\n<div class=\"html-fragment\">Un rendimiento tan grande atrae a algunos fan\u00e1ticos bastante grandes: las computadoras port\u00e1tiles para juegos no tienen que calentarse.\u00a0Esta ingenier\u00eda de siguiente nivel maximiza la potencia a nivel de computadora de escritorio mientras minimiza las temperaturas con la nueva e innovadora tecnolog\u00eda de enfriamiento OMEN Tempest.\u00a016,1 pulgadas de pura terapia de inmersi\u00f3n en el juego: las l\u00edneas futuristas de su dise\u00f1o minimalista con bisel de 3 lados hacen de esta m\u00e1quina una obra de arte.\u00a0Pi\u00e9rdete en la pantalla masiva con bordes de bisel angostos que parecen sangrar sin problemas hasta el infinito.\u00a0El FHD 144Hz har\u00e1 que cualquier juego se vea mejor.\u00a0Expanda su mente, cuerpo y puertos: hay espacio para toneladas de perif\u00e9ricos, desde unidades externas, GPU o simplemente su tel\u00e9fono.\u00a0Toda la m\u00e1quina funciona con hardware OMEN y OMEN Gaming Hub.\u00a0Esta bestia es un cuartel general de juegos.PC certificada por IEM: juegue como los profesionales con una PC certificada por IEM exclusiva de Best Buy.\u00a0Una PC certificada por IEM garantiza que obtenga los mismos componentes que alimentan las PC de sus atletas y equipos favoritos durante los torneos Intel\u00ae Extreme Masters.\u00a0Cada PC certificada viene equipada con la misma tecnolog\u00eda Intel\u00ae de gama alta que utilizan los competidores en el escenario principal.<\/div>\n<\/div>\n<\/section>\n<\/div>\n<\/div>\n<\/div>\n<\/div>\n<div class=\"embedded-component-container lv product-features\">\n<h3><\/h3>\n<h3 class=\"heading-5 v-fw-regular feature-heading\"><strong>Caracter\u00edsticas<\/strong><\/h3>\n<ul>\n<li><strong>Sistema operativo: Windows 11 Hogar<\/strong><br \/>\nDesde un men\u00fa Inicio renovado hasta nuevas formas de conectarse con sus personas, noticias, juegos y contenido favoritos: Windows 11 es el lugar para pensar, expresar y crear de forma natural.<\/li>\n<li><strong>Pantalla: 16,1 pulgadas en diagonal, FHD (1920 x 1080), 144 Hz, IPS, microborde, antirreflejo<\/strong><br \/>\nReduce el retraso frustrante y las im\u00e1genes superpuestas con una pantalla que combina una frecuencia de actualizaci\u00f3n de 144 Hz y una resoluci\u00f3n FHD de 1080p para un juego fluido y n\u00edtido.<\/li>\n<li><strong>Procesador: Intel Core i7-12700H de 12.\u00aa generaci\u00f3n<\/strong><br \/>\nEl procesador Intel Core de 12.\u00aa generaci\u00f3n distribuye el rendimiento donde m\u00e1s lo necesita, ahorr\u00e1ndole tiempo y aumentando su capacidad para hacer lo que realmente quiere.<\/li>\n<li><strong>Memoria: 16 GB DDR5-4800 MHz RAM (2 x 8 GB)<\/strong><br \/>\nMontones de RAM DDR4 de alto ancho de banda para ejecutar sin problemas sus juegos de PC con muchos gr\u00e1ficos y aplicaciones de edici\u00f3n de video, as\u00ed como numerosos programas y pesta\u00f1as del navegador, todo a la vez.<\/li>\n<li><strong>Gr\u00e1ficos: NVIDIA GeForce RTX 3050 Ti Laptop GPU (4 GB GDDR6 dedicado)<\/strong><br \/>\nAcceda a la potencia de RTX de segunda generaci\u00f3n con la arquitectura galardonada NVIDIA Ampere.<\/li>\n<li><strong>Almacenamiento interno: SSD PCIe NVMe M.2 de 1 TB<\/strong><br \/>\nObtenga un rendimiento hasta 30 veces m\u00e1s r\u00e1pido que un disco duro tradicional.<\/li>\n<li><strong>Inal\u00e1mbrico: Wi-Fi 6E (2&#215;2) y combinaci\u00f3n de Bluetooth (compatible con velocidad de datos Gigabit)<\/strong><br \/>\nDisfrute de velocidades m\u00e1s r\u00e1pidas, rendimiento mejorado, mayor capacidad y latencias m\u00e1s bajas que las iteraciones anteriores con la tecnolog\u00eda Wi-Fi 6E.<\/li>\n<li><strong>C\u00e1mara: c\u00e1mara HP Wide Vision 720p HD con reducci\u00f3n de ruido temporal y micr\u00f3fonos digitales integrados de doble matriz<\/strong><br \/>\nEl campo de visi\u00f3n de gran angular de 88 grados le permite chatear por video con toda la familia o grupo de amigos con detalles n\u00edtidos.<\/li>\n<li><strong>Sonido: Audio de Bang &amp; Olufsen con altavoces duales<\/strong><br \/>\nLos parlantes duales HP, HP Audio Boost y la sintonizaci\u00f3n experta de Bang &amp; Olufsen brindan la perfecci\u00f3n de audio a su PC.<\/li>\n<li><strong>Teclado: Teclado de tama\u00f1o completo, con retroiluminaci\u00f3n RGB de 4 zonas, de cer\u00e1mica blanca y tecnolog\u00eda de 26 teclas Rollover Anti-Ghosting Key<\/strong><br \/>\nLe permite retroiluminar 4 zonas independientes con diferente iluminaci\u00f3n de teclado RGB. Las teclas WASD se destacan para resaltar los controles clave. Todo se controla f\u00e1cilmente a trav\u00e9s de OMEN Gaming Hub.<\/li>\n<li><strong>Tecnolog\u00eda de refrigeraci\u00f3n OMEN Tempest<\/strong><br \/>\nMant\u00e9ngase fresco bajo presi\u00f3n con la soluci\u00f3n t\u00e9rmica avanzada para port\u00e1tiles, OMEN Tempest Cooling Technology. La ventilaci\u00f3n de 3 lados y el flujo de aire de 5 v\u00edas garantizan una estabilidad y un rendimiento \u00f3ptimos del sistema cuando el juego se calienta.<\/li>\n<li><strong>HP Imagepad con gestos multit\u00e1ctiles<\/strong><br \/>\nEste verdadero panel t\u00e1ctil multit\u00e1ctil admite gestos con cuatro dedos y le permite desplazarse, hacer zoom y navegar con un simple toque.<\/li>\n<li><strong>Pantalla de microborde<\/strong><br \/>\nEl bisel apenas visible revoluciona su pantalla al permitir que una pantalla m\u00e1s grande quepa en un marco m\u00e1s peque\u00f1o.<\/li>\n<li><strong>Peso del producto: 5,29 libras<\/strong><br \/>\nConstruido pensando en el medio ambiente, este port\u00e1til est\u00e1 dise\u00f1ado con materiales sostenibles como:<br \/>\nPl\u00e1stico ligado al oc\u00e9ano en el bisel y la carcasa del altavoz, teclas hechas de pl\u00e1stico reciclado posconsumo, cubierta de teclado hecha de metal reciclado<\/li>\n<\/ul>\n<\/div>\n","protected":false},"excerpt":{"rendered":"<p>Un rendimiento tan grande atrae a algunos fan\u00e1ticos bastante grandes: las computadoras port\u00e1tiles para juegos no tienen que calentarse.\u00a0Esta ingenier\u00eda de siguiente nivel maximiza la potencia a nivel de computadora<\/p>\n","protected":false},"featured_media":92376,"comment_status":"open","ping_status":"closed","template":"","meta":{"_acf_changed":false,"_joinchat":[]},"product_brand":[],"product_cat":[277,280,432],"product_tag":[],"class_list":{"0":"post-92375","1":"product","2":"type-product","3":"status-publish","4":"has-post-thumbnail","6":"product_cat-zona-gamer","7":"product_cat-pc-gaming","8":"product_cat-laptops-gamer","10":"first","11":"instock","12":"sale","13":"shipping-taxable","14":"purchasable","15":"product-type-simple"},"acf":[],"_links":{"self":[{"href":"https:\/\/defabrica.com.mx\/defabrica\/wp-json\/wp\/v2\/product\/92375","targetHints":{"allow":["GET"]}}],"collection":[{"href":"https:\/\/defabrica.com.mx\/defabrica\/wp-json\/wp\/v2\/product"}],"about":[{"href":"https:\/\/defabrica.com.mx\/defabrica\/wp-json\/wp\/v2\/types\/product"}],"replies":[{"embeddable":true,"href":"https:\/\/defabrica.com.mx\/defabrica\/wp-json\/wp\/v2\/comments?post=92375"}],"wp:featuredmedia":[{"embeddable":true,"href":"https:\/\/defabrica.com.mx\/defabrica\/wp-json\/wp\/v2\/media\/92376"}],"wp:attachment":[{"href":"https:\/\/defabrica.com.mx\/defabrica\/wp-json\/wp\/v2\/media?parent=92375"}],"wp:term":[{"taxonomy":"product_brand","embeddable":true,"href":"https:\/\/defabrica.com.mx\/defabrica\/wp-json\/wp\/v2\/product_brand?post=92375"},{"taxonomy":"product_cat","embeddable":true,"href":"https:\/\/defabrica.com.mx\/defabrica\/wp-json\/wp\/v2\/product_cat?post=92375"},{"taxonomy":"product_tag","embeddable":true,"href":"https:\/\/defabrica.com.mx\/defabrica\/wp-json\/wp\/v2\/product_tag?post=92375"}],"curies":[{"name":"wp","href":"https:\/\/api.w.org\/{rel}","templated":true}]}}