{"id":92335,"date":"2022-07-21T20:10:34","date_gmt":"2022-07-22T01:10:34","guid":{"rendered":"https:\/\/defabrica.com.mx\/defabrica\/?post_type=product&#038;p=92335"},"modified":"2023-01-19T13:43:21","modified_gmt":"2023-01-19T19:43:21","slug":"samsung-monitor-para-juegos-odyssey-g40b-fhd-ips-240hz-1ms-g-sync-de-27-negro","status":"publish","type":"product","link":"https:\/\/defabrica.com.mx\/defabrica\/producto\/samsung-monitor-para-juegos-odyssey-g40b-fhd-ips-240hz-1ms-g-sync-de-27-negro\/","title":{"rendered":"Samsung &#8211; Monitor para juegos Odyssey G40B FHD IPS 240Hz 1ms G-Sync de 27&#8243; &#8211; Negro"},"content":{"rendered":"<div class=\"embedded-component-container lv product-description\">\n<div>\n<div id=\"shop-product-description-27725398\" class=\"_none\" data-version=\"1.3.46\">\n<div class=\"shop-product-description\">\n<section class=\"align-heading-left\" data-reactroot=\"\">\n<div class=\"long-description-container body-copy \">\n<div class=\"html-fragment\">Cuando se trata del rendimiento de los juegos, la m\u00e1s m\u00ednima desventaja puede ser la diferencia entre ganar o perder un partido.\u00a0Con una frecuencia de actualizaci\u00f3n de 240 Hz, un tiempo de respuesta ultrarr\u00e1pido de 1 ms (GTG), compatibilidad total con G-Sync adaptable y soporte FreeSync Premium, puede estar seguro de que la Odyssey G4 no lo defraudar\u00e1 en el campo de batalla.<\/div>\n<\/div>\n<\/section>\n<\/div>\n<\/div>\n<\/div>\n<\/div>\n<div class=\"embedded-component-container lv product-features\">\n<h3><\/h3>\n<h3 class=\"heading-5 v-fw-regular feature-heading\"><strong>Caracter\u00edsticas<\/strong><\/h3>\n<ul>\n<li><strong>Frecuencia de actualizaci\u00f3n de 240 y tiempo de respuesta de 1 ms<\/strong><br \/>\nVelocidad a trav\u00e9s de las escenas. La frecuencia de actualizaci\u00f3n de 240 Hz elimina el retraso para un juego emocionante con una acci\u00f3n ultra suave. Salta sobre los enemigos justo cuando los veas con un tiempo de respuesta de 1 ms y marcos sin desenfoque.<\/li>\n<li><strong>Resoluci\u00f3n FHD y panel IPS<\/strong><br \/>\nEscape al realismo que desaf\u00eda la realidad. Puedes ver juegos como nunca antes. El panel IPS ofrece colores claros y un amplio \u00e1ngulo de visi\u00f3n de 178\u00ba para mayor claridad desde cualquier punto de vista.<\/li>\n<li><strong>Compatible con Nvidia G-Sync<\/strong><br \/>\nJugabilidad fluida sin esfuerzo. La compatibilidad con G-Sync mantiene la GPU y el panel sincronizados para eliminar las interrupciones, el retraso de la pantalla y las l\u00e1grimas de imagen. Las escenas de juegos complejos y de acci\u00f3n r\u00e1pida son estables y sin interrupciones con AMD FreeSync Premium para su ventaja competitiva.<\/li>\n<li><strong>Vista de juego ultra ancha<\/strong><br \/>\nMantenga su ojo en la victoria. Ajusta tu pantalla a 21:9 para descubrir \u00e1reas ocultas en las escenas del juego con Ultrawide Game View. Ahora, cuando juegues partidos de f\u00fatbol, \u200b\u200bver\u00e1s m\u00e1s de la cancha hasta los postes de la porter\u00eda.<\/li>\n<li><strong>Y en los juegos de conducci\u00f3n, obt\u00e9n una vista natural y global del camino por delante.<\/strong><\/li>\n<li><strong>Soporte ergon\u00f3mico<\/strong><br \/>\nLlegar a la altura de ganar. Gira, inclina y ajusta tu monitor hasta que todos los enemigos est\u00e9n a la vista. Su pantalla se puede mover libremente para que pueda encontrar una comodidad de juego total.<\/li>\n<li><strong>Cambio autom\u00e1tico de fuente+<\/strong><br \/>\nEncienda para jugar al instante. Con Auto Source Switch+, su monitor detecta cuando los dispositivos conectados est\u00e1n encendidos y cambia instant\u00e1neamente a la nueva fuente de se\u00f1al. Esto lo ayuda a llegar a la acci\u00f3n de su juego m\u00e1s r\u00e1pido sin pasar por m\u00faltiples fuentes de entrada.<\/li>\n<\/ul>\n<\/div>\n","protected":false},"excerpt":{"rendered":"<p>Cuando se trata del rendimiento de los juegos, la m\u00e1s m\u00ednima desventaja puede ser la diferencia entre ganar o perder un partido.\u00a0Con una frecuencia de actualizaci\u00f3n de 240 Hz, un<\/p>\n","protected":false},"featured_media":92336,"comment_status":"open","ping_status":"closed","template":"","meta":{"_acf_changed":false,"_joinchat":[]},"product_brand":[],"product_cat":[277,280,433],"product_tag":[],"class_list":{"0":"post-92335","1":"product","2":"type-product","3":"status-publish","4":"has-post-thumbnail","6":"product_cat-zona-gamer","7":"product_cat-pc-gaming","8":"product_cat-monitores-gamer","10":"first","11":"instock","12":"sale","13":"shipping-taxable","14":"purchasable","15":"product-type-simple"},"acf":[],"_links":{"self":[{"href":"https:\/\/defabrica.com.mx\/defabrica\/wp-json\/wp\/v2\/product\/92335","targetHints":{"allow":["GET"]}}],"collection":[{"href":"https:\/\/defabrica.com.mx\/defabrica\/wp-json\/wp\/v2\/product"}],"about":[{"href":"https:\/\/defabrica.com.mx\/defabrica\/wp-json\/wp\/v2\/types\/product"}],"replies":[{"embeddable":true,"href":"https:\/\/defabrica.com.mx\/defabrica\/wp-json\/wp\/v2\/comments?post=92335"}],"wp:featuredmedia":[{"embeddable":true,"href":"https:\/\/defabrica.com.mx\/defabrica\/wp-json\/wp\/v2\/media\/92336"}],"wp:attachment":[{"href":"https:\/\/defabrica.com.mx\/defabrica\/wp-json\/wp\/v2\/media?parent=92335"}],"wp:term":[{"taxonomy":"product_brand","embeddable":true,"href":"https:\/\/defabrica.com.mx\/defabrica\/wp-json\/wp\/v2\/product_brand?post=92335"},{"taxonomy":"product_cat","embeddable":true,"href":"https:\/\/defabrica.com.mx\/defabrica\/wp-json\/wp\/v2\/product_cat?post=92335"},{"taxonomy":"product_tag","embeddable":true,"href":"https:\/\/defabrica.com.mx\/defabrica\/wp-json\/wp\/v2\/product_tag?post=92335"}],"curies":[{"name":"wp","href":"https:\/\/api.w.org\/{rel}","templated":true}]}}