{"id":92279,"date":"2022-07-21T19:39:25","date_gmt":"2022-07-22T00:39:25","guid":{"rendered":"https:\/\/defabrica.com.mx\/defabrica\/?post_type=product&#038;p=92279"},"modified":"2022-07-21T19:39:25","modified_gmt":"2022-07-22T00:39:25","slug":"samsung-monitor-odyssey-g5-32-led-curvo-wqhd-freesync-con-hdr-hdmi-negro","status":"publish","type":"product","link":"https:\/\/defabrica.com.mx\/defabrica\/producto\/samsung-monitor-odyssey-g5-32-led-curvo-wqhd-freesync-con-hdr-hdmi-negro\/","title":{"rendered":"Samsung &#8211; Monitor Odyssey G5 32&#8243; LED curvo WQHD FreeSync con HDR (HDMI) &#8211; Negro"},"content":{"rendered":"<div class=\"embedded-component-container lv product-description\">\n<div>\n<div id=\"shop-product-description-77374857\" class=\"_none\" data-version=\"1.3.46\">\n<div class=\"shop-product-description\">\n<section class=\"align-heading-left\" data-reactroot=\"\">\n<div class=\"long-description-container body-copy \">\n<div class=\"html-fragment\"><span>Presentamos la l\u00ednea de alto rendimiento de monitores curvos para juegos Full HD y Quad HD de G57 Odyssey.\u00a0La gama G57 alberga una variedad de mejoras visuales y de rendimiento de siguiente nivel a un valor fant\u00e1stico, lo que permite a los jugadores elegir el modelo adecuado para los juegos que les encanta jugar.<\/span><\/div>\n<\/div>\n<\/section>\n<\/div>\n<\/div>\n<\/div>\n<\/div>\n<div class=\"embedded-component-container lv product-features\">\n<h3><\/h3>\n<h3 class=\"heading-5 v-fw-regular feature-heading\"><strong>Caracter\u00edsticas<\/strong><\/h3>\n<ul>\n<li><strong>Inmersi\u00f3n sin igual<\/strong><br \/>\nPonga su cabeza en el juego con el panel 1000R de Odyssey, que coincide con la curvatura del ojo humano para una inmersi\u00f3n m\u00e1xima y una fatiga visual m\u00ednima.<\/li>\n<li><strong>Impresionante WQHD<\/strong><br \/>\nTu mundo de juego, ahora asombrosamente realista. Con 1,7 veces la densidad de p\u00edxeles de Full HD, la resoluci\u00f3n WQHD cuenta con im\u00e1genes incre\u00edblemente detalladas y n\u00edtidas. Experimente una vista m\u00e1s completa con m\u00e1s espacio para disfrutar de toda la acci\u00f3n.<\/li>\n<li><strong>Frecuencia de actualizaci\u00f3n expr\u00e9s de 144 hz<\/strong><br \/>\nM\u00e1s del doble de su producci\u00f3n potencial de cuadros con la Odyssey G5. Con una frecuencia de actualizaci\u00f3n s\u00faper suave de 144 Hz, nunca querr\u00e1s volver a una pantalla tradicional.<\/li>\n<li><strong>Tiempos de respuesta ultrarr\u00e1pidos de 1 ms<\/strong><br \/>\nUna fracci\u00f3n de segundo puede ser la diferencia entre tu destrucci\u00f3n o la de tu enemigo. Con el tiempo de respuesta gris a gris de 1 ms de Odyssey, puede estar seguro de que est\u00e1 recibiendo informaci\u00f3n tan r\u00e1pido como sea tecnol\u00f3gicamente posible.<\/li>\n<li><strong>Premium de AMD FreeSync<\/strong><br \/>\nJugabilidad fluida sin esfuerzo. AMD FreeSync Premium cuenta con tecnolog\u00eda de sincronizaci\u00f3n adaptativa que reduce el desgarro de la pantalla, el tartamudeo y la latencia de entrada. La compensaci\u00f3n de baja velocidad de fotogramas garantiza que cada escena fluya sin problemas<\/li>\n<li><strong>HDRA verdaderamente realistaGr\u00e1ficos impresionantes con HDR10<\/strong><br \/>\nUn caleidoscopio de sombras hace que las escenas del juego cobren vida de forma m\u00e1s vibrante que nunca. Descubra los secretos que se esconden en las sombras con negros oscuros profundos, blancos luminosos y una resoluci\u00f3n extraordinariamente detallada.<\/li>\n<\/ul>\n<\/div>\n","protected":false},"excerpt":{"rendered":"<p>Presentamos la l\u00ednea de alto rendimiento de monitores curvos para juegos Full HD y Quad HD de G57 Odyssey.\u00a0La gama G57 alberga una variedad de mejoras visuales y de rendimiento<\/p>\n","protected":false},"featured_media":92280,"comment_status":"open","ping_status":"closed","template":"","meta":{"_acf_changed":false,"_joinchat":[]},"product_brand":[],"product_cat":[280,433],"product_tag":[],"class_list":{"0":"post-92279","1":"product","2":"type-product","3":"status-publish","4":"has-post-thumbnail","6":"product_cat-pc-gaming","7":"product_cat-monitores-gamer","9":"first","10":"instock","11":"sale","12":"shipping-taxable","13":"purchasable","14":"product-type-simple"},"acf":[],"_links":{"self":[{"href":"https:\/\/defabrica.com.mx\/defabrica\/wp-json\/wp\/v2\/product\/92279","targetHints":{"allow":["GET"]}}],"collection":[{"href":"https:\/\/defabrica.com.mx\/defabrica\/wp-json\/wp\/v2\/product"}],"about":[{"href":"https:\/\/defabrica.com.mx\/defabrica\/wp-json\/wp\/v2\/types\/product"}],"replies":[{"embeddable":true,"href":"https:\/\/defabrica.com.mx\/defabrica\/wp-json\/wp\/v2\/comments?post=92279"}],"wp:featuredmedia":[{"embeddable":true,"href":"https:\/\/defabrica.com.mx\/defabrica\/wp-json\/wp\/v2\/media\/92280"}],"wp:attachment":[{"href":"https:\/\/defabrica.com.mx\/defabrica\/wp-json\/wp\/v2\/media?parent=92279"}],"wp:term":[{"taxonomy":"product_brand","embeddable":true,"href":"https:\/\/defabrica.com.mx\/defabrica\/wp-json\/wp\/v2\/product_brand?post=92279"},{"taxonomy":"product_cat","embeddable":true,"href":"https:\/\/defabrica.com.mx\/defabrica\/wp-json\/wp\/v2\/product_cat?post=92279"},{"taxonomy":"product_tag","embeddable":true,"href":"https:\/\/defabrica.com.mx\/defabrica\/wp-json\/wp\/v2\/product_tag?post=92279"}],"curies":[{"name":"wp","href":"https:\/\/api.w.org\/{rel}","templated":true}]}}