{"id":92259,"date":"2022-07-21T16:59:58","date_gmt":"2022-07-21T21:59:58","guid":{"rendered":"https:\/\/defabrica.com.mx\/defabrica\/?post_type=product&#038;p=92259"},"modified":"2022-07-21T16:59:58","modified_gmt":"2022-07-21T21:59:58","slug":"samsung-odyssey-ag3-monitor-para-juegos-amd-freesync-plano-fhd-1ms-de-24-negro","status":"publish","type":"product","link":"https:\/\/defabrica.com.mx\/defabrica\/producto\/samsung-odyssey-ag3-monitor-para-juegos-amd-freesync-plano-fhd-1ms-de-24-negro\/","title":{"rendered":"Samsung &#8211; Odyssey AG3 Monitor para juegos AMD FreeSync plano FHD 1ms de 24&#8243; &#8211; Negro"},"content":{"rendered":"<div class=\"embedded-component-container lv product-description\">\n<div>\n<div id=\"shop-product-description-88937680\" class=\"_none\" data-version=\"1.3.46\">\n<div class=\"shop-product-description\">\n<section class=\"align-heading-left\" data-reactroot=\"\">\n<div class=\"long-description-container body-copy \">\n<div class=\"html-fragment\"><span>Los jugadores orientados al rendimiento necesitan un monitor que pueda mantenerse al d\u00eda.\u00a0Con frecuencias de actualizaci\u00f3n de hasta 144 Hz, tiempos de respuesta MPRT extremos de 1 ms y compatibilidad total con Freesync Premium Pro, puede estar seguro de que el AG3 tiene el rendimiento para mantenerse al d\u00eda con sus habilidades.<\/span><\/div>\n<\/div>\n<\/section>\n<\/div>\n<\/div>\n<\/div>\n<\/div>\n<div class=\"embedded-component-container lv product-features\">\n<h3><\/h3>\n<h3 class=\"heading-5 v-fw-regular feature-heading\"><strong>Caracter\u00edsticas<\/strong><\/h3>\n<ul>\n<li><strong>Frecuencia de actualizaci\u00f3n expr\u00e9s de 144 hz<\/strong><br \/>\nM\u00e1s del doble de su producci\u00f3n potencial de cuadros con la Odyssey G30A. Con una frecuencia de actualizaci\u00f3n s\u00faper suave de 144 Hz, nunca querr\u00e1s volver a una pantalla tradicional.<\/li>\n<li><strong>Tiempo de respuesta ultrarr\u00e1pido de 1 ms (MPRT)<\/strong><br \/>\nUna fracci\u00f3n de segundo puede ser la diferencia entre una victoria o una derrota. Con el tiempo de respuesta MPRT de 1 ms del G30A, puede estar seguro de que est\u00e1 recibiendo la informaci\u00f3n correcta, lo m\u00e1s r\u00e1pido posible.<\/li>\n<li><strong>Soporte Premium completo de FreeSync<\/strong><br \/>\nDejar marcos significa perder posibilidades de encabezar las tablas de clasificaci\u00f3n. Con la compatibilidad con FreeSync Premium, el G30A coincide con todos los fotogramas de su tarjeta gr\u00e1fica, por lo que nunca se queda corto de un momento a otro.<\/li>\n<li><strong>Ajuste de giro, inclinaci\u00f3n, pivote y altura<\/strong><br \/>\nCon los ajustes de giro, inclinaci\u00f3n, pivote y altura, puede colocar la Odyssey exactamente como lo necesita para maximizar su experiencia.<\/li>\n<li><strong>Juegos sin fronteras<\/strong><br \/>\nLos dise\u00f1os sin bordes del G30A permiten que varias pantallas se coloquen juntas para una configuraci\u00f3n de m\u00faltiples monitores verdaderamente inmersiva, lo que permite a los jugadores de todo tipo expandir sus horizontes de juego.<\/li>\n<li><strong>Visuales creados para la competencia<\/strong><br \/>\nLa calidad visual de la Odyssey G30A es perfecta para los jugadores competitivos, ya que ofrece un panel Full HD junto con una serie de tecnolog\u00edas de monitor para minimizar la fatiga visual y el cansancio.<\/li>\n<\/ul>\n<\/div>\n","protected":false},"excerpt":{"rendered":"<p>Los jugadores orientados al rendimiento necesitan un monitor que pueda mantenerse al d\u00eda.\u00a0Con frecuencias de actualizaci\u00f3n de hasta 144 Hz, tiempos de respuesta MPRT extremos de 1 ms y compatibilidad<\/p>\n","protected":false},"featured_media":92260,"comment_status":"open","ping_status":"closed","template":"","meta":{"_acf_changed":false,"_joinchat":[]},"product_brand":[],"product_cat":[277,280,433],"product_tag":[],"class_list":{"0":"post-92259","1":"product","2":"type-product","3":"status-publish","4":"has-post-thumbnail","6":"product_cat-zona-gamer","7":"product_cat-pc-gaming","8":"product_cat-monitores-gamer","10":"first","11":"instock","12":"sale","13":"shipping-taxable","14":"purchasable","15":"product-type-simple"},"acf":[],"_links":{"self":[{"href":"https:\/\/defabrica.com.mx\/defabrica\/wp-json\/wp\/v2\/product\/92259","targetHints":{"allow":["GET"]}}],"collection":[{"href":"https:\/\/defabrica.com.mx\/defabrica\/wp-json\/wp\/v2\/product"}],"about":[{"href":"https:\/\/defabrica.com.mx\/defabrica\/wp-json\/wp\/v2\/types\/product"}],"replies":[{"embeddable":true,"href":"https:\/\/defabrica.com.mx\/defabrica\/wp-json\/wp\/v2\/comments?post=92259"}],"wp:featuredmedia":[{"embeddable":true,"href":"https:\/\/defabrica.com.mx\/defabrica\/wp-json\/wp\/v2\/media\/92260"}],"wp:attachment":[{"href":"https:\/\/defabrica.com.mx\/defabrica\/wp-json\/wp\/v2\/media?parent=92259"}],"wp:term":[{"taxonomy":"product_brand","embeddable":true,"href":"https:\/\/defabrica.com.mx\/defabrica\/wp-json\/wp\/v2\/product_brand?post=92259"},{"taxonomy":"product_cat","embeddable":true,"href":"https:\/\/defabrica.com.mx\/defabrica\/wp-json\/wp\/v2\/product_cat?post=92259"},{"taxonomy":"product_tag","embeddable":true,"href":"https:\/\/defabrica.com.mx\/defabrica\/wp-json\/wp\/v2\/product_tag?post=92259"}],"curies":[{"name":"wp","href":"https:\/\/api.w.org\/{rel}","templated":true}]}}