{"id":92237,"date":"2022-07-21T16:48:46","date_gmt":"2022-07-21T21:48:46","guid":{"rendered":"https:\/\/defabrica.com.mx\/defabrica\/?post_type=product&#038;p=92237"},"modified":"2022-07-21T16:48:46","modified_gmt":"2022-07-21T21:48:46","slug":"laptop-gigabyte-a5-15-6-fhd-ryzen-5-5600h-16gb-ddr4-nvidia-geforce-rtx-3060-1tb-ssd","status":"publish","type":"product","link":"https:\/\/defabrica.com.mx\/defabrica\/producto\/laptop-gigabyte-a5-15-6-fhd-ryzen-5-5600h-16gb-ddr4-nvidia-geforce-rtx-3060-1tb-ssd\/","title":{"rendered":"Laptop GIGABYTE A5 15.6&#8243; FHD -Ryzen 5 5600H &#8211; 16GB DDR4 &#8211; NVIDIA Geforce RTX 3060 &#8211; 1TB SSD"},"content":{"rendered":"<div class=\"embedded-component-container lv product-description\">\n<div>\n<div id=\"shop-product-description-63525505\" class=\"_none\" data-version=\"1.3.46\">\n<div class=\"shop-product-description\">\n<section class=\"align-heading-left\" data-reactroot=\"\">\n<div class=\"long-description-container body-copy \">\n<div class=\"html-fragment\"><span>Construido con el procesador AMD Ryzen 5 y con la arquitectura RTX de segunda generaci\u00f3n de NVIDIA, el A5 est\u00e1 equipado con una pantalla de dise\u00f1o de bisel ultradelgado que est\u00e1 lista para sus juegos y necesidades diarias.<\/span><\/div>\n<\/div>\n<\/section>\n<\/div>\n<\/div>\n<\/div>\n<\/div>\n<div class=\"embedded-component-container lv product-features\">\n<h3><\/h3>\n<h3 class=\"heading-5 v-fw-regular feature-heading\"><strong>Caracter\u00edsticas<\/strong><\/h3>\n<ul>\n<li><strong>GPU de la serie NVIDIA 30:<\/strong><br \/>\nNVIDIA\u00ae GeForce RTX\u2122 3060 GDDR6 6GB, Boost Clock 1702 MHz, Potencia gr\u00e1fica m\u00e1xima 130W<\/li>\n<li><strong>AMD Ryzen\u2122 5:<\/strong><br \/>\nProcesador m\u00f3vil AMD Ryzen\u2122 5 5600H (3,3 GHz~4,2 GHz)<\/li>\n<li><strong>Memoria:<\/strong><br \/>\nMemoria RAM DDR4 de 16 GB, SSD PCIe de 1 TB<\/li>\n<li><strong>Pantalla de vanguardia:<\/strong><br \/>\n15,6&#8243; bisel delgado FHD 1920 x 1080 nivel IPS<\/li>\n<li><strong>Interfaz:<\/strong><br \/>\nTarjeta de red inal\u00e1mbrica Intel Wi-Fi 6 AX200, audio NAHIMIC 3D para jugadores, Windows 11 Home<\/li>\n<li><strong>LAN:<\/strong><br \/>\nRTL8125-BG REALTEK (2.5G)Ethernet<\/li>\n<li><strong>Teclado:<\/strong><br \/>\nTeclado retroiluminado de un solo color para todas las zonas con ajuste de LED de 15 colores<\/li>\n<li><strong>E\/S:<\/strong><br \/>\n1 USB 2.0 (Tipo A), 1 USB 3.2 Gen1 (Tipo A), 1 USB 3.2 Gen2 (Tipo A), 1 HDMI 2.0 (con HDCP), conector combinado de audio, 1 entrada de CC Jack, 1x RJ-45, 1x mini DP 1.4, 1x DisplayPort 1.4 (Tipo-C) a trav\u00e9s de USB 3.2 Gen 2<\/li>\n<\/ul>\n<\/div>\n","protected":false},"excerpt":{"rendered":"<p>Construido con el procesador AMD Ryzen 5 y con la arquitectura RTX de segunda generaci\u00f3n de NVIDIA, el A5 est\u00e1 equipado con una pantalla de dise\u00f1o de bisel ultradelgado que<\/p>\n","protected":false},"featured_media":92238,"comment_status":"open","ping_status":"closed","template":"","meta":{"_acf_changed":false,"_joinchat":[]},"product_brand":[],"product_cat":[277,280,432],"product_tag":[],"class_list":{"0":"post-92237","1":"product","2":"type-product","3":"status-publish","4":"has-post-thumbnail","6":"product_cat-zona-gamer","7":"product_cat-pc-gaming","8":"product_cat-laptops-gamer","10":"first","11":"instock","12":"sale","13":"shipping-taxable","14":"purchasable","15":"product-type-simple"},"acf":[],"_links":{"self":[{"href":"https:\/\/defabrica.com.mx\/defabrica\/wp-json\/wp\/v2\/product\/92237","targetHints":{"allow":["GET"]}}],"collection":[{"href":"https:\/\/defabrica.com.mx\/defabrica\/wp-json\/wp\/v2\/product"}],"about":[{"href":"https:\/\/defabrica.com.mx\/defabrica\/wp-json\/wp\/v2\/types\/product"}],"replies":[{"embeddable":true,"href":"https:\/\/defabrica.com.mx\/defabrica\/wp-json\/wp\/v2\/comments?post=92237"}],"wp:featuredmedia":[{"embeddable":true,"href":"https:\/\/defabrica.com.mx\/defabrica\/wp-json\/wp\/v2\/media\/92238"}],"wp:attachment":[{"href":"https:\/\/defabrica.com.mx\/defabrica\/wp-json\/wp\/v2\/media?parent=92237"}],"wp:term":[{"taxonomy":"product_brand","embeddable":true,"href":"https:\/\/defabrica.com.mx\/defabrica\/wp-json\/wp\/v2\/product_brand?post=92237"},{"taxonomy":"product_cat","embeddable":true,"href":"https:\/\/defabrica.com.mx\/defabrica\/wp-json\/wp\/v2\/product_cat?post=92237"},{"taxonomy":"product_tag","embeddable":true,"href":"https:\/\/defabrica.com.mx\/defabrica\/wp-json\/wp\/v2\/product_tag?post=92237"}],"curies":[{"name":"wp","href":"https:\/\/api.w.org\/{rel}","templated":true}]}}