{"id":92061,"date":"2022-07-21T15:32:02","date_gmt":"2022-07-21T20:32:02","guid":{"rendered":"https:\/\/defabrica.com.mx\/defabrica\/?post_type=product&#038;p=92061"},"modified":"2023-01-19T11:12:43","modified_gmt":"2023-01-19T17:12:43","slug":"five-nights-at-freddys-coleccion-basica-nintendo-switch","status":"publish","type":"product","link":"https:\/\/defabrica.com.mx\/defabrica\/producto\/five-nights-at-freddys-coleccion-basica-nintendo-switch\/","title":{"rendered":"Five Nights at Freddy&#8217;s: Colecci\u00f3n b\u00e1sica &#8211; Nintendo Switch"},"content":{"rendered":"<p>Bienvenido a tu nuevo trabajo en Freddy Fazbear&#8217;s Pizza, \u00a1donde la fantas\u00eda y la diversi\u00f3n cobran vida!\u00a0Descubre por qu\u00e9 ni\u00f1os y adultos aman a Freddy y sus amigos animatr\u00f3nicos mientras sobrevives a una serie de encuentros aterradores con el elenco de m\u00e1quinas asesinas que deambulan por los pasillos de la pizzer\u00eda por la noche en busca de visitantes no deseados.\u00a0Recuerde: Fazbear Entertainment no es responsable de la muerte o desmembramiento accidental o intencional.<\/p>\n<h3 class=\"heading-5 v-fw-regular feature-heading\"><strong>Caracter\u00edsticas<\/strong><\/h3>\n<ul>\n<li><strong>Dos a\u00f1os de freddy<\/strong><br \/>\nLa colecci\u00f3n principal incluye los primeros cinco t\u00edtulos principales del universo FNAF que lo empezaron todo: Five Nights at Freddy&#8217;s, Five Nights at Freddy&#8217;s 2, Five Nights at Freddy&#8217;s 3, Five Nights at Freddy&#8217;s 4 y Five Nights at Freddy&#8217;s: Sister Location.<\/li>\n<li><strong>Celebra con nuevos amigos<\/strong><br \/>\nConozca a un colorido elenco de compa\u00f1eros rob\u00f3ticos que est\u00e1n listos para darle la bienvenida a la familia Fazbear, incluidos Bonnie, Chica, Foxy y el propio Freddy .<\/li>\n<li><strong>Al escondite<\/strong><br \/>\nSobrevive la noche monitoreando la actividad sospechosa de los animatr\u00f3nicos embrujados que cobran vida en la noche. Ellos pueden correr, pero t\u00fa puedes esconderte.<\/li>\n<li><strong>Funciones exclusivas de la consola<\/strong><br \/>\nUn nuevo sistema de trofeos y logros, as\u00ed como trucos opcionales que dan nuevas razones para volver a visitar Fazbear Entertainment.<\/li>\n<\/ul>\n","protected":false},"excerpt":{"rendered":"<p>Bienvenido a tu nuevo trabajo en Freddy Fazbear&#8217;s Pizza, \u00a1donde la fantas\u00eda y la diversi\u00f3n cobran vida!\u00a0Descubre por qu\u00e9 ni\u00f1os y adultos aman a Freddy y sus amigos animatr\u00f3nicos mientras<\/p>\n","protected":false},"featured_media":92063,"comment_status":"open","ping_status":"closed","template":"","meta":{"_acf_changed":false,"_joinchat":[]},"product_brand":[],"product_cat":[277,894],"product_tag":[],"class_list":{"0":"post-92061","1":"product","2":"type-product","3":"status-publish","4":"has-post-thumbnail","6":"product_cat-zona-gamer","7":"product_cat-videojuegos","9":"first","10":"instock","11":"sale","12":"shipping-taxable","13":"purchasable","14":"product-type-simple"},"acf":[],"_links":{"self":[{"href":"https:\/\/defabrica.com.mx\/defabrica\/wp-json\/wp\/v2\/product\/92061","targetHints":{"allow":["GET"]}}],"collection":[{"href":"https:\/\/defabrica.com.mx\/defabrica\/wp-json\/wp\/v2\/product"}],"about":[{"href":"https:\/\/defabrica.com.mx\/defabrica\/wp-json\/wp\/v2\/types\/product"}],"replies":[{"embeddable":true,"href":"https:\/\/defabrica.com.mx\/defabrica\/wp-json\/wp\/v2\/comments?post=92061"}],"wp:featuredmedia":[{"embeddable":true,"href":"https:\/\/defabrica.com.mx\/defabrica\/wp-json\/wp\/v2\/media\/92063"}],"wp:attachment":[{"href":"https:\/\/defabrica.com.mx\/defabrica\/wp-json\/wp\/v2\/media?parent=92061"}],"wp:term":[{"taxonomy":"product_brand","embeddable":true,"href":"https:\/\/defabrica.com.mx\/defabrica\/wp-json\/wp\/v2\/product_brand?post=92061"},{"taxonomy":"product_cat","embeddable":true,"href":"https:\/\/defabrica.com.mx\/defabrica\/wp-json\/wp\/v2\/product_cat?post=92061"},{"taxonomy":"product_tag","embeddable":true,"href":"https:\/\/defabrica.com.mx\/defabrica\/wp-json\/wp\/v2\/product_tag?post=92061"}],"curies":[{"name":"wp","href":"https:\/\/api.w.org\/{rel}","templated":true}]}}