{"id":92055,"date":"2022-07-21T15:27:58","date_gmt":"2022-07-21T20:27:58","guid":{"rendered":"https:\/\/defabrica.com.mx\/defabrica\/?post_type=product&#038;p=92055"},"modified":"2022-07-21T15:27:58","modified_gmt":"2022-07-21T20:27:58","slug":"grand-mountain-adventure-edicion-dia-1-de-wonderlands-nintendo-switch","status":"publish","type":"product","link":"https:\/\/defabrica.com.mx\/defabrica\/producto\/grand-mountain-adventure-edicion-dia-1-de-wonderlands-nintendo-switch\/","title":{"rendered":"Grand Mountain Adventure: Edici\u00f3n D\u00eda 1 de Wonderlands &#8211; Nintendo Switch"},"content":{"rendered":"<p><span>\u00a1Una aventura de esqu\u00ed y snowboard en un mundo abierto para Nintendo Switch!\u00a0<\/span><span>Grand Mountain Adventure: Wonderlands te permite explorar libremente a tu propio ritmo estaciones de esqu\u00ed completas y monta\u00f1as circundantes.\u00a0<\/span><span>Desbloquea remontes y llega a nuevas \u00e1reas compitiendo en desaf\u00edos, o disfruta del paisaje mientras encuentras tu propio camino por las monta\u00f1as.\u00a0<\/span><\/p>\n<h3 class=\"heading-5 v-fw-regular feature-heading\"><strong>Caracter\u00edsticas<\/strong><\/h3>\n<ul>\n<li><strong>Exploraci\u00f3n<\/strong><br \/>\nPonte los esqu\u00eds o la tabla y explora 12 enormes estaciones de esqu\u00ed de mundo abierto. Descubra \u00e1reas rurales polvorientas, bosques profundos llenos de vida silvestre, laderas ocupadas, acantilados empinados, picos altos y pueblos acogedores en las laderas de las monta\u00f1as.<\/li>\n<li><strong>Desaf\u00edos<\/strong><br \/>\nCompite en Super G, Slopestyle, Big Air y muchas otras disciplinas. Busca desaf\u00edos ocultos y pruebas secretas fuera de las pistas. \u00a1Colecciona pases de esqu\u00ed todo el tiempo, los coleccionables del juego!<\/li>\n<li><strong>multijugador<\/strong><br \/>\nJuega en multijugador local para hasta 4 jugadores. Corre hasta la l\u00ednea de meta, golp\u00e9ate con bolas de nieve o navega y explora las monta\u00f1as juntos.<\/li>\n<li><strong>Modo zen<\/strong><br \/>\nEl Modo Zen se trata de tener tiempo tranquilo y regenerador para ti mismo. \u00a1Se eliminan todos los desaf\u00edos, pruebas, coleccionables e incluso NPC!<\/li>\n<\/ul>\n","protected":false},"excerpt":{"rendered":"<p>\u00a1Una aventura de esqu\u00ed y snowboard en un mundo abierto para Nintendo Switch!\u00a0Grand Mountain Adventure: Wonderlands te permite explorar libremente a tu propio ritmo estaciones de esqu\u00ed completas y monta\u00f1as<\/p>\n","protected":false},"featured_media":92056,"comment_status":"open","ping_status":"closed","template":"","meta":{"_acf_changed":false,"_joinchat":[]},"product_brand":[],"product_cat":[277,894],"product_tag":[],"class_list":{"0":"post-92055","1":"product","2":"type-product","3":"status-publish","4":"has-post-thumbnail","6":"product_cat-zona-gamer","7":"product_cat-videojuegos","9":"first","10":"instock","11":"sale","12":"shipping-taxable","13":"purchasable","14":"product-type-simple"},"acf":[],"_links":{"self":[{"href":"https:\/\/defabrica.com.mx\/defabrica\/wp-json\/wp\/v2\/product\/92055","targetHints":{"allow":["GET"]}}],"collection":[{"href":"https:\/\/defabrica.com.mx\/defabrica\/wp-json\/wp\/v2\/product"}],"about":[{"href":"https:\/\/defabrica.com.mx\/defabrica\/wp-json\/wp\/v2\/types\/product"}],"replies":[{"embeddable":true,"href":"https:\/\/defabrica.com.mx\/defabrica\/wp-json\/wp\/v2\/comments?post=92055"}],"wp:featuredmedia":[{"embeddable":true,"href":"https:\/\/defabrica.com.mx\/defabrica\/wp-json\/wp\/v2\/media\/92056"}],"wp:attachment":[{"href":"https:\/\/defabrica.com.mx\/defabrica\/wp-json\/wp\/v2\/media?parent=92055"}],"wp:term":[{"taxonomy":"product_brand","embeddable":true,"href":"https:\/\/defabrica.com.mx\/defabrica\/wp-json\/wp\/v2\/product_brand?post=92055"},{"taxonomy":"product_cat","embeddable":true,"href":"https:\/\/defabrica.com.mx\/defabrica\/wp-json\/wp\/v2\/product_cat?post=92055"},{"taxonomy":"product_tag","embeddable":true,"href":"https:\/\/defabrica.com.mx\/defabrica\/wp-json\/wp\/v2\/product_tag?post=92055"}],"curies":[{"name":"wp","href":"https:\/\/api.w.org\/{rel}","templated":true}]}}