{"id":91918,"date":"2022-07-21T14:20:15","date_gmt":"2022-07-21T19:20:15","guid":{"rendered":"https:\/\/defabrica.com.mx\/defabrica\/?post_type=product&#038;p=91918"},"modified":"2022-07-21T20:39:51","modified_gmt":"2022-07-22T01:39:51","slug":"hp-omen-portatil-para-juegos-de-173-intel-core-i7-11800h-memoria-de-16-gb-nvidia-geforce-rtx-3060-ssd-de-512-gb","status":"publish","type":"product","link":"https:\/\/defabrica.com.mx\/defabrica\/producto\/hp-omen-portatil-para-juegos-de-173-intel-core-i7-11800h-memoria-de-16-gb-nvidia-geforce-rtx-3060-ssd-de-512-gb\/","title":{"rendered":"HP OMEN &#8211; Port\u00e1til para juegos de 17,3&#8243; &#8211; Intel Core i7-11800H &#8211; Memoria de 16 GB &#8211; NVIDIA GeForce RTX 3060 &#8211; SSD de 512 GB"},"content":{"rendered":"<div class=\"embedded-component-container lv product-description\">\n<div>\n<div id=\"shop-product-description-81069342\" class=\"_none\" data-version=\"1.3.46\">\n<div class=\"shop-product-description\">\n<section class=\"align-heading-left\" data-reactroot=\"\">\n<div class=\"long-description-container body-copy \">\n<div class=\"html-fragment\">No deje su mejor rendimiento en casa: lleve su juego a cualquier parte.\u00a0Con potentes gr\u00e1ficos NVIDIA GeForce RTX, un procesador Intel Core de 11.\u00aa generaci\u00f3n y sobreenfriado con OMEN Tempest Cooling, este port\u00e1til despegar\u00e1.\u00a0Imagen m\u00e1s grande.\u00a0Paquete m\u00e1s peque\u00f1o.\u00a0Todo Juego.\u00a0El dise\u00f1o de 17,3 pulgadas diagonales con alta resoluci\u00f3n y fotogramas r\u00e1pidos con todas las comodidades de jugar en casa, para llevar.\u00a0No se preocupe por llevarlo a cualquier lugar, viene con una bater\u00eda de gran duraci\u00f3n para que nunca lo ralentice.\u00a0Un lugar.\u00a0Todo Juega.\u00a0OMEN Gaming Hub es su ventanilla \u00fanica para mejorar su juego.\u00a0Desde obtener recompensas solo por jugar hasta controlar cada peque\u00f1a opci\u00f3n de rendimiento e iluminaci\u00f3n de su m\u00e1quina, la lista contin\u00faa.\u00a0Cada juego, cada jugada, cada momento est\u00e1 ahora bajo tu control.<\/div>\n<\/div>\n<\/section>\n<\/div>\n<\/div>\n<\/div>\n<\/div>\n<div class=\"embedded-component-container lv product-features\">\n<h3><\/h3>\n<h3 class=\"heading-5 v-fw-regular feature-heading\"><strong>Caracter\u00edsticas<\/strong><\/h3>\n<ul>\n<li><strong>Inicio de Windows 10<\/strong><br \/>\nHaz grandes cosas con confianza con la sensaci\u00f3n familiar de Windows, solo que mejor.<\/li>\n<li><strong>Procesador Intel Core de 11.\u00aa generaci\u00f3n<\/strong><br \/>\nTrae la combinaci\u00f3n perfecta de caracter\u00edsticas para hacerte imparable. Haga las cosas r\u00e1pidamente con alto rendimiento, capacidad de respuesta instant\u00e1nea y la mejor conectividad de su clase.<\/li>\n<li><strong>NVIDIA GeForce RTX 3060<\/strong><br \/>\nEnfr\u00e9ntate a los juegos m\u00e1s recientes con la potencia de Ampere, la arquitectura RTX de segunda generaci\u00f3n de NVIDIA. Obtenga un rendimiento incre\u00edble con Ray Tracing Cores y Tensor Cores mejorados, nuevos multiprocesadores de transmisi\u00f3n y memoria G6 de alta velocidad.<\/li>\n<li><strong>Pantalla antirreflejo FHD de 144 Hz<\/strong><br \/>\nReduce el retraso frustrante y las im\u00e1genes superpuestas con una pantalla que combina una frecuencia de actualizaci\u00f3n de 144 Hz y una resoluci\u00f3n de alta definici\u00f3n completa de 1080p para un juego suave y n\u00edtido.<\/li>\n<li><strong>Sin destellos<\/strong><br \/>\nUsando la tecnolog\u00eda DC Dimming que controla el brillo ajustando la corriente continua en lugar de alternar la retroiluminaci\u00f3n, podemos eliminar el parpadeo de la pantalla para una visualizaci\u00f3n m\u00e1s c\u00f3moda.<\/li>\n<li><strong>Pantalla certificada Eyesafe<\/strong><br \/>\nLas pantallas certificadas Eyesafe cumplen con los requisitos de luz azul baja de T\u00dcV y los est\u00e1ndares Eyesafe para proteger sus ojos de la luz azul da\u00f1ina sin distorsionar los colores para reducir la fatiga visual cuando trabaja durante largos per\u00edodos de tiempo.<\/li>\n<li><strong>Carga r\u00e1pida HP<\/strong><br \/>\nPasa de 0 a 50% de carga en aproximadamente 30 minutos.<\/li>\n<li><strong>Conectado sin esfuerzo<\/strong><br \/>\nDisfrute de una experiencia inal\u00e1mbrica m\u00e1s fluida con la combinaci\u00f3n Wi-Fi CERTIFIED 6 (2&#215;2) y Bluetooth 5.0, todas sus conexiones son s\u00f3lidas y velocidades de transferencia de archivos hasta 3 veces m\u00e1s r\u00e1pidas que Wi-Fi 5.<\/li>\n<li><strong>C\u00e1mara HD de visi\u00f3n amplia HP<\/strong><br \/>\nEl campo de visi\u00f3n de gran angular de 88 grados le permite chatear por video con toda la familia o grupo de amigos con detalles n\u00edtidos.<\/li>\n<li><strong>Thunderbolt 4 con USB 4 tipo C<\/strong><br \/>\nLa \u00faltima soluci\u00f3n Thunderbolt le permite alimentar su dispositivo o conectar hasta dos pantallas 4K con un solo cable y una tasa de se\u00f1alizaci\u00f3n de 40 Gbps.<\/li>\n<li><strong>Almacenamiento SSD PCIe NVMe<\/strong><br \/>\nObtenga un rendimiento hasta 30 veces m\u00e1s r\u00e1pido que un disco duro tradicional.<\/li>\n<li><strong>Una experiencia de audio excepcionalmente rica<\/strong><br \/>\nLos parlantes duales HP, HP Audio Boost y la sintonizaci\u00f3n experta de Bang &amp; Olufsen brindan la perfecci\u00f3n de audio a su PC.<\/li>\n<li><strong>DDR4-3200<\/strong><br \/>\nCon su mayor ancho de banda, todo, desde la multitarea hasta los juegos, mejora el rendimiento.<\/li>\n<li><strong>Teclado RGB de cuatro zonas<\/strong><br \/>\nRetroiluminaci\u00f3n 4 zonas independientes con diferente iluminaci\u00f3n RGB. Las teclas WASD se destacan para resaltar los controles clave.<\/li>\n<li><strong>Tecnolog\u00eda de refrigeraci\u00f3n OMEN Tempest<\/strong><br \/>\nMant\u00e9ngase fresco bajo presi\u00f3n con la soluci\u00f3n t\u00e9rmica avanzada para port\u00e1tiles. La ventilaci\u00f3n de 3 lados y el flujo de aire de 5 v\u00edas garantizan una estabilidad y un rendimiento \u00f3ptimos del sistema cuando el juego se calienta.<\/li>\n<\/ul>\n<\/div>\n","protected":false},"excerpt":{"rendered":"<p>No deje su mejor rendimiento en casa: lleve su juego a cualquier parte.\u00a0Con potentes gr\u00e1ficos NVIDIA GeForce RTX, un procesador Intel Core de 11.\u00aa generaci\u00f3n y sobreenfriado con OMEN Tempest<\/p>\n","protected":false},"featured_media":91967,"comment_status":"open","ping_status":"closed","template":"","meta":{"_acf_changed":false,"_joinchat":[]},"product_brand":[],"product_cat":[277,280,432],"product_tag":[],"class_list":{"0":"post-91918","1":"product","2":"type-product","3":"status-publish","4":"has-post-thumbnail","6":"product_cat-zona-gamer","7":"product_cat-pc-gaming","8":"product_cat-laptops-gamer","10":"first","11":"instock","12":"sale","13":"shipping-taxable","14":"purchasable","15":"product-type-simple"},"acf":[],"_links":{"self":[{"href":"https:\/\/defabrica.com.mx\/defabrica\/wp-json\/wp\/v2\/product\/91918","targetHints":{"allow":["GET"]}}],"collection":[{"href":"https:\/\/defabrica.com.mx\/defabrica\/wp-json\/wp\/v2\/product"}],"about":[{"href":"https:\/\/defabrica.com.mx\/defabrica\/wp-json\/wp\/v2\/types\/product"}],"replies":[{"embeddable":true,"href":"https:\/\/defabrica.com.mx\/defabrica\/wp-json\/wp\/v2\/comments?post=91918"}],"wp:featuredmedia":[{"embeddable":true,"href":"https:\/\/defabrica.com.mx\/defabrica\/wp-json\/wp\/v2\/media\/91967"}],"wp:attachment":[{"href":"https:\/\/defabrica.com.mx\/defabrica\/wp-json\/wp\/v2\/media?parent=91918"}],"wp:term":[{"taxonomy":"product_brand","embeddable":true,"href":"https:\/\/defabrica.com.mx\/defabrica\/wp-json\/wp\/v2\/product_brand?post=91918"},{"taxonomy":"product_cat","embeddable":true,"href":"https:\/\/defabrica.com.mx\/defabrica\/wp-json\/wp\/v2\/product_cat?post=91918"},{"taxonomy":"product_tag","embeddable":true,"href":"https:\/\/defabrica.com.mx\/defabrica\/wp-json\/wp\/v2\/product_tag?post=91918"}],"curies":[{"name":"wp","href":"https:\/\/api.w.org\/{rel}","templated":true}]}}