{"id":91890,"date":"2022-07-21T13:32:25","date_gmt":"2022-07-21T18:32:25","guid":{"rendered":"https:\/\/defabrica.com.mx\/defabrica\/?post_type=product&#038;p=91890"},"modified":"2023-01-19T12:53:55","modified_gmt":"2023-01-19T18:53:55","slug":"hp-laptop-pavilion-con-pantalla-tactil-de-156-intel-core-i7-1255u-memoria-de-8-gb-ssd-de-512-gb-ceramica-blanca","status":"publish","type":"product","link":"https:\/\/defabrica.com.mx\/defabrica\/producto\/hp-laptop-pavilion-con-pantalla-tactil-de-156-intel-core-i7-1255u-memoria-de-8-gb-ssd-de-512-gb-ceramica-blanca\/","title":{"rendered":"HP &#8211; Laptop Pavilion con pantalla t\u00e1ctil de 15,6&#8243; &#8211; Intel Core i7-1255U &#8211; Memoria de 8 GB &#8211; SSD de 512 GB &#8211; Cer\u00e1mica blanca"},"content":{"rendered":"<div class=\"embedded-component-container lv product-description\">\n<div>\n<div id=\"shop-product-description-58002151\" class=\"_none\" data-version=\"1.3.46\">\n<div class=\"shop-product-description\">\n<section class=\"align-heading-left\" data-reactroot=\"\">\n<div class=\"long-description-container body-copy \">\n<div class=\"html-fragment\">Gratificaci\u00f3n instant\u00e1nea: rendimiento que va un paso por delante.\u00a0Experimente una computadora port\u00e1til que puede seguirle el ritmo, con un procesador Intel Core de 12.\u00aa generaci\u00f3n y excelentes gr\u00e1ficos.\u00a0Menos para llevar.\u00a0M\u00e1s para disfrutar.\u00a0Una computadora port\u00e1til compacta que facilita el trabajo sobre la marcha con un panel t\u00e1ctil de precisi\u00f3n, mientras que la bater\u00eda de larga duraci\u00f3n y HP Fast Charge le permiten seguir en movimiento.\u00a0Entretenimiento \u00e9pico: con Audio by B&amp;O, una relaci\u00f3n pantalla-cuerpo m\u00e1s grande, biseles de microborde que maximizan su vista, el entretenimiento en su computadora port\u00e1til se siente como meter palomitas de ma\u00edz grandes en una bolsa peque\u00f1a.<\/div>\n<\/div>\n<\/section>\n<\/div>\n<\/div>\n<\/div>\n<\/div>\n<div class=\"embedded-component-container lv product-features\">\n<h3><\/h3>\n<h3 class=\"heading-5 v-fw-regular feature-heading\"><strong>Caracter\u00edsticas<\/strong><\/h3>\n<ul>\n<li><strong>Obtenga una nueva perspectiva con Windows 11<\/strong><br \/>\nDesde un men\u00fa Inicio renovado hasta nuevas formas de conectarse con sus personas, noticias, juegos y contenido favoritos: Windows 11 es el lugar para pensar, expresar y crear de forma natural.<\/li>\n<li><strong>Un procesador din\u00e1mico que se adapta a ti para un rendimiento multitarea superior<\/strong><br \/>\nEl procesador Intel Core de 12.\u00aa generaci\u00f3n distribuye el rendimiento donde m\u00e1s lo necesita, ahorr\u00e1ndole tiempo y aumentando su capacidad para hacer lo que realmente quiere.<\/li>\n<li><strong>Gr\u00e1ficos Intel Iris Xe<\/strong><br \/>\nRendimiento impresionante para la creaci\u00f3n, los juegos y el entretenimiento. Un nuevo nivel de rendimiento de gr\u00e1ficos e im\u00e1genes impresionantes y n\u00edtidas, con la comodidad de una computadora port\u00e1til delgada y liviana.<\/li>\n<li><strong>Pantalla t\u00e1ctil FHD+IPS<\/strong><br \/>\nIntuitivamente alcance y controle su pantalla con solo un toque. Y transforme su contenido con sorprendentes detalles Full HD y \u00e1ngulos de visi\u00f3n amplios de 178 grados.<\/li>\n<li><strong>Carga r\u00e1pida HP<\/strong><br \/>\nPasa de 0 a 50% de carga en aproximadamente 30 minutos.<\/li>\n<li><strong>Almacenamiento SSD PCIe NVMe<\/strong><br \/>\nObtenga un rendimiento hasta 15 veces m\u00e1s r\u00e1pido que un disco duro tradicional.<\/li>\n<li><strong>Conectado sin esfuerzo<\/strong><br \/>\nDisfruta de una experiencia inal\u00e1mbrica fluida con una combinaci\u00f3n de Wi-Fi 6 (2&#215;2) y Bluetooth.<\/li>\n<li><strong>Una experiencia de audio realmente poderosa<\/strong><br \/>\nLos parlantes duales HP, HP Audio Boost y la sintonizaci\u00f3n de B&amp;O brindan una experiencia de audio rica y aut\u00e9ntica.<\/li>\n<li><strong>Potenciador de audio HP<\/strong><br \/>\nLa tecnolog\u00eda de amplificaci\u00f3n inteligente le brinda un sonido alto, claro y din\u00e1mico.<\/li>\n<li><strong>Memoria RAM DDR4<\/strong><br \/>\nCon un mayor ancho de banda, obtiene un mayor impulso en el rendimiento para una multitarea mejorada.<\/li>\n<\/ul>\n<\/div>\n","protected":false},"excerpt":{"rendered":"<p>Gratificaci\u00f3n instant\u00e1nea: rendimiento que va un paso por delante.\u00a0Experimente una computadora port\u00e1til que puede seguirle el ritmo, con un procesador Intel Core de 12.\u00aa generaci\u00f3n y excelentes gr\u00e1ficos.\u00a0Menos para llevar.\u00a0M\u00e1s<\/p>\n","protected":false},"featured_media":91891,"comment_status":"open","ping_status":"closed","template":"","meta":{"_acf_changed":false,"_joinchat":[]},"product_brand":[],"product_cat":[277,280,432],"product_tag":[],"class_list":{"0":"post-91890","1":"product","2":"type-product","3":"status-publish","4":"has-post-thumbnail","6":"product_cat-zona-gamer","7":"product_cat-pc-gaming","8":"product_cat-laptops-gamer","10":"first","11":"instock","12":"sale","13":"shipping-taxable","14":"purchasable","15":"product-type-simple"},"acf":[],"_links":{"self":[{"href":"https:\/\/defabrica.com.mx\/defabrica\/wp-json\/wp\/v2\/product\/91890","targetHints":{"allow":["GET"]}}],"collection":[{"href":"https:\/\/defabrica.com.mx\/defabrica\/wp-json\/wp\/v2\/product"}],"about":[{"href":"https:\/\/defabrica.com.mx\/defabrica\/wp-json\/wp\/v2\/types\/product"}],"replies":[{"embeddable":true,"href":"https:\/\/defabrica.com.mx\/defabrica\/wp-json\/wp\/v2\/comments?post=91890"}],"wp:featuredmedia":[{"embeddable":true,"href":"https:\/\/defabrica.com.mx\/defabrica\/wp-json\/wp\/v2\/media\/91891"}],"wp:attachment":[{"href":"https:\/\/defabrica.com.mx\/defabrica\/wp-json\/wp\/v2\/media?parent=91890"}],"wp:term":[{"taxonomy":"product_brand","embeddable":true,"href":"https:\/\/defabrica.com.mx\/defabrica\/wp-json\/wp\/v2\/product_brand?post=91890"},{"taxonomy":"product_cat","embeddable":true,"href":"https:\/\/defabrica.com.mx\/defabrica\/wp-json\/wp\/v2\/product_cat?post=91890"},{"taxonomy":"product_tag","embeddable":true,"href":"https:\/\/defabrica.com.mx\/defabrica\/wp-json\/wp\/v2\/product_tag?post=91890"}],"curies":[{"name":"wp","href":"https:\/\/api.w.org\/{rel}","templated":true}]}}