{"id":91659,"date":"2022-07-20T20:58:31","date_gmt":"2022-07-21T01:58:31","guid":{"rendered":"https:\/\/defabrica.com.mx\/defabrica\/?post_type=product&#038;p=91659"},"modified":"2022-07-20T20:58:32","modified_gmt":"2022-07-21T01:58:32","slug":"razer-laptop-para-juegos-blade-pro-17-intel-core-i7-nvidia-geforce-rtx-2080-super-frecuencia-de-actualizacion-de-300-hz-ssd-de-512-gb-negro","status":"publish","type":"product","link":"https:\/\/defabrica.com.mx\/defabrica\/producto\/razer-laptop-para-juegos-blade-pro-17-intel-core-i7-nvidia-geforce-rtx-2080-super-frecuencia-de-actualizacion-de-300-hz-ssd-de-512-gb-negro\/","title":{"rendered":"Razer &#8211; Laptop para juegos Blade Pro 17 &#8211; Intel Core i7 &#8211; NVIDIA GeForce RTX 2080 SUPER &#8211; Frecuencia de actualizaci\u00f3n de 300 Hz &#8211; SSD de 512 GB &#8211; Negro"},"content":{"rendered":"<p>Computadora port\u00e1til Razer Blade: demuestre su valor en el campo de batalla con esta computadora port\u00e1til para juegos Razer Blade Pro 17.\u00a0El procesador Intel Core i7 y 16 GB de RAM te permiten chatear con amigos mientras matas zombis y la tarjeta gr\u00e1fica NVIDIA GeForce RTX 2080 SUPER admite el uso con m\u00faltiples pantallas.\u00a0Esta computadora port\u00e1til para juegos Razer Blade Pro de 17,3 pulgadas cuenta con un SSD de 512 GB para acceder r\u00e1pidamente a archivos y aplicaciones.<\/p>\n<h3><\/h3>\n<h3 class=\"heading-5 v-fw-regular feature-heading\"><strong>Caracter\u00edsticas<\/strong><\/h3>\n<div class=\"feature-body-container\">\n<div class=\"icons-container\">\n<div class=\"specificationIcons\">\n<ul>\n<li><strong>Pantalla de borde a borde de 17,3&#8243;<\/strong><br \/>\nIm\u00e1genes coloridas y precisas en la pantalla de bisel delgado calibrada de f\u00e1brica con resoluci\u00f3n de 1920 x 1080 y 300 Hz, para una experiencia inmersiva.<\/li>\n<li><strong>Procesador m\u00f3vil Intel\u00ae Core\u2122 i7-10875H de 10.\u00aa generaci\u00f3n<\/strong><br \/>\nEl procesador Intel\u00ae de 8 n\u00facleos de 10.\u00aa generaci\u00f3n proporciona el m\u00e1ximo nivel de rendimiento con velocidades Max Turbo de hasta 5,1 GHz.<\/li>\n<li><strong>Gr\u00e1ficos NVIDIA\u00ae GeForce RTX\u2122 2080\u2122 SUPER<\/strong><br \/>\nRespaldado por una memoria de video dedicada GDDR6 de 8GB para una GPU ultrarr\u00e1pida y avanzada para alimentar sus juegos. La tecnolog\u00eda NVIDIA Optimus optimiza la computadora port\u00e1til tanto para el rendimiento de gr\u00e1ficos como para la conservaci\u00f3n de la vida \u00fatil de la bater\u00eda.<\/li>\n<li><strong>Unidad de estado s\u00f3lido (PCI-e)<\/strong><br \/>\nGuarde archivos r\u00e1pidamente y almacene m\u00e1s datos. Con grandes cantidades de almacenamiento y poder de comunicaci\u00f3n avanzado, los SSD PCI-e son excelentes para las principales aplicaciones de juegos, m\u00faltiples servidores, copias de seguridad diarias y m\u00e1s.<\/li>\n<li><strong>Memoria del sistema de 16 GB para multitarea y juegos intensos<\/strong><br \/>\nMontones de RAM DDR4 de alto ancho de banda para ejecutar sin problemas sus juegos de PC con muchos gr\u00e1ficos y aplicaciones de edici\u00f3n de video, as\u00ed como numerosos programas y pesta\u00f1as del navegador, todo a la vez.<\/li>\n<li><strong>Chasis de aluminio<\/strong><br \/>\nEl marco de una sola pieza est\u00e1 reforzado con mecanizado CNC de precisi\u00f3n de aluminio de alta calidad para una m\u00e1xima durabilidad y una forma elegante y hermosa.<\/li>\n<li><strong>La salida HDMI ampl\u00eda sus opciones de visualizaci\u00f3n<\/strong><br \/>\nCon\u00e9ctese a un HDTV o monitor de alta definici\u00f3n para configurar dos pantallas una al lado de la otra o simplemente ver m\u00e1s de la imagen general.<\/li>\n<li><strong>Puerto Thunderbolt para conectar monitores avanzados y unidades externas<\/strong><br \/>\nEsta interfaz \u00fanica admite datos de alta velocidad y video de alta definici\u00f3n, adem\u00e1s de alimentaci\u00f3n por cable para dispositivos alimentados por bus, ideal para creadores de contenido digital.<\/li>\n<li><strong>Lector de tarjetas SD incorporado<\/strong><br \/>\nAdmite formatos de tarjetas de memoria SD, SDHC y SDXC.<\/li>\n<li><strong>Intel\u00ae WiFi 6 (802.11 AX)<\/strong><br \/>\nConectividad flexible de doble banda con mayor confiabilidad gracias a dos flujos de datos y antenas. Con\u00e9ctese a un enrutador Wi-Fi 6 para experimentar velocidades Gigabit Wi-Fi casi 3 veces m\u00e1s r\u00e1pidas que Wi-Fi 5 est\u00e1ndar con una capacidad de respuesta mejorada para a\u00fan m\u00e1s dispositivos.<\/li>\n<li><strong>Teclado retroiluminado RGB<\/strong><br \/>\nCuenta con teclas retroiluminadas programables Razer Chroma\u2122 con 16,8 millones de opciones de color, todas configuradas f\u00e1cilmente a trav\u00e9s de Razer Synapse y un panel t\u00e1ctil de vidrio de precisi\u00f3n que le brinda controles t\u00e1ctiles precisos.<\/li>\n<li><strong>puerto adicional<\/strong><br \/>\nConector combinado de Ethernet y auriculares\/micr\u00f3fono.<\/li>\n<\/ul>\n<\/div>\n<\/div>\n<\/div>\n","protected":false},"excerpt":{"rendered":"<p>Computadora port\u00e1til Razer Blade: demuestre su valor en el campo de batalla con esta computadora port\u00e1til para juegos Razer Blade Pro 17.\u00a0El procesador Intel Core i7 y 16 GB de<\/p>\n","protected":false},"featured_media":91660,"comment_status":"open","ping_status":"closed","template":"","meta":{"_acf_changed":false,"_joinchat":[]},"product_brand":[],"product_cat":[277,280,432],"product_tag":[],"class_list":{"0":"post-91659","1":"product","2":"type-product","3":"status-publish","4":"has-post-thumbnail","6":"product_cat-zona-gamer","7":"product_cat-pc-gaming","8":"product_cat-laptops-gamer","10":"first","11":"instock","12":"sale","13":"shipping-taxable","14":"purchasable","15":"product-type-simple"},"acf":[],"_links":{"self":[{"href":"https:\/\/defabrica.com.mx\/defabrica\/wp-json\/wp\/v2\/product\/91659","targetHints":{"allow":["GET"]}}],"collection":[{"href":"https:\/\/defabrica.com.mx\/defabrica\/wp-json\/wp\/v2\/product"}],"about":[{"href":"https:\/\/defabrica.com.mx\/defabrica\/wp-json\/wp\/v2\/types\/product"}],"replies":[{"embeddable":true,"href":"https:\/\/defabrica.com.mx\/defabrica\/wp-json\/wp\/v2\/comments?post=91659"}],"wp:featuredmedia":[{"embeddable":true,"href":"https:\/\/defabrica.com.mx\/defabrica\/wp-json\/wp\/v2\/media\/91660"}],"wp:attachment":[{"href":"https:\/\/defabrica.com.mx\/defabrica\/wp-json\/wp\/v2\/media?parent=91659"}],"wp:term":[{"taxonomy":"product_brand","embeddable":true,"href":"https:\/\/defabrica.com.mx\/defabrica\/wp-json\/wp\/v2\/product_brand?post=91659"},{"taxonomy":"product_cat","embeddable":true,"href":"https:\/\/defabrica.com.mx\/defabrica\/wp-json\/wp\/v2\/product_cat?post=91659"},{"taxonomy":"product_tag","embeddable":true,"href":"https:\/\/defabrica.com.mx\/defabrica\/wp-json\/wp\/v2\/product_tag?post=91659"}],"curies":[{"name":"wp","href":"https:\/\/api.w.org\/{rel}","templated":true}]}}