{"id":91392,"date":"2022-07-20T11:16:56","date_gmt":"2022-07-20T16:16:56","guid":{"rendered":"https:\/\/defabrica.com.mx\/defabrica\/?post_type=product&#038;p=91392"},"modified":"2022-07-20T11:16:56","modified_gmt":"2022-07-20T16:16:56","slug":"nostalgia-coca-cola-crf32bkck-refrigerador-de-3-2-pies-cubicos-con-congelador-temperatura-ajustable-que-enfria-tan-solo-32-grados-abridor-de-botellas-bandeja-de-cubitos-de-hielo-raspador-incluid","status":"publish","type":"product","link":"https:\/\/defabrica.com.mx\/defabrica\/producto\/nostalgia-coca-cola-crf32bkck-refrigerador-de-3-2-pies-cubicos-con-congelador-temperatura-ajustable-que-enfria-tan-solo-32-grados-abridor-de-botellas-bandeja-de-cubitos-de-hielo-raspador-incluid\/","title":{"rendered":"Nostalgia Coca-Cola CRF32BKCK &#8211; Refrigerador de 3.2 pies c\u00fabicos con congelador, temperatura ajustable que enfr\u00eda tan solo 32 grados, abridor de botellas, bandeja de cubitos de hielo, raspador incluido, color negro"},"content":{"rendered":"<div class=\"celwidget\" data-csa-c-id=\"v75gkd-qvrjt9-dn1s5a-6hruz3\" data-cel-widget=\"dpx-product-description_csm_instrumentation_wrapper\">\n<div id=\"descriptionAndDetails\" class=\"a-section a-spacing-extra-large\">\n<div id=\"productDescription_feature_div\" class=\"celwidget\" data-feature-name=\"productDescription\" data-csa-c-id=\"ocioys-wvbkod-wdzexj-e1lw9t\" data-cel-widget=\"productDescription_feature_div\">\n<div>\n<div id=\"productDescription_feature_div\" class=\"a-row feature\" data-feature-name=\"productDescription\" data-template-name=\"productDescription\" data-cel-widget=\"productDescription_feature_div\">\n<div id=\"productDescription\" class=\"a-section a-spacing-small\">\n<p>Mant\u00e9n tus alimentos y bebidas a la temperatura perfecta. Este espacioso 3.2 pies c\u00fabicos. El congelador del refrigerador proporciona un amplio espacio para almacenar aperitivos, frutas y verduras, refrescos, cerveza, helado y mucho m\u00e1s. El espacioso interior cuenta con dos estantes de vidrio deslizantes y un compartimento para congelador, junto con almacenamiento de botellas de 2 litros y un dispensador de latas integrado en el interior de la puerta. Operado por un simple control de esfera, el termostato ajustable mantiene los alimentos a la temperatura ideal. Equipado con elementos de dise\u00f1o cl\u00e1sico, como un abrebotellas de metal distintivo y mango cromado, el exterior a\u00f1ade el toque perfecto de nostalgia y funcionalidad a las oficinas en casa, salas de recreaci\u00f3n, dormitorios y mucho m\u00e1s.<\/p>\n<\/div>\n<\/div>\n<\/div>\n<\/div>\n<\/div>\n<\/div>\n<div class=\"celwidget\" data-csa-c-id=\"jsxs04-2vcr27-qyez6v-6l2sqj\" data-cel-widget=\"dpx-climate-pledge-friendly-btf_csm_instrumentation_wrapper\">\n<div id=\"climatePledgeFriendlyBTF_feature_div\" class=\"celwidget\" data-feature-name=\"climatePledgeFriendlyBTF\" data-csa-c-id=\"2r464j-4v3j1b-p5wu4b-67135z\" data-cel-widget=\"climatePledgeFriendlyBTF_feature_div\"><\/div>\n<\/div>\n<div class=\"celwidget\" data-csa-c-id=\"fw5tkd-d9org8-r1qhsf-b6wf3\" data-cel-widget=\"dpx-aplus-brand-story_csm_instrumentation_wrapper\">\n<div id=\"aplusBrandStory_feature_div\" class=\"celwidget\" data-feature-name=\"aplusBrandStory\" data-csa-c-id=\"7fqp0g-u71vm-qsw3ck-foq8g9\" data-cel-widget=\"aplusBrandStory_feature_div\"><\/div>\n<\/div>\n<div class=\"celwidget\" data-csa-c-id=\"2cziou-24lpin-vlmgan-j88brt\" data-cel-widget=\"dpx-btf-renewed-program-description_csm_instrumentation_wrapper\">\n<div id=\"renewedProgramDescriptionBtf_feature_div\" class=\"celwidget\" data-feature-name=\"renewedProgramDescriptionBtf\" data-csa-c-id=\"piiaea-5u19ew-jyw3xp-hh5uxj\" data-cel-widget=\"renewedProgramDescriptionBtf_feature_div\"><\/div>\n<\/div>\n<div class=\"celwidget\" data-csa-c-id=\"q44mdp-ht5yrl-d9nn8j-sa7yfn\" data-cel-widget=\"dpx-aplus-product-description_csm_instrumentation_wrapper\">\n<div id=\"aplus_feature_div\" class=\"celwidget\" data-feature-name=\"aplus\" data-csa-c-id=\"clgij4-bd87y8-4b6qs4-q19ij0\" data-cel-widget=\"aplus_feature_div\">\n<div id=\"aplus\" class=\"a-section a-spacing-large bucket\"><\/div>\n<\/div>\n<\/div>\n","protected":false},"excerpt":{"rendered":"<p>Mant\u00e9n tus alimentos y bebidas a la temperatura perfecta. Este espacioso 3.2 pies c\u00fabicos. El congelador del refrigerador proporciona un amplio espacio para almacenar aperitivos, frutas y verduras, refrescos, cerveza,<\/p>\n","protected":false},"featured_media":91393,"comment_status":"open","ping_status":"closed","template":"","meta":{"_acf_changed":false,"_joinchat":[]},"product_brand":[],"product_cat":[336,338],"product_tag":[],"class_list":{"0":"post-91392","1":"product","2":"type-product","3":"status-publish","4":"has-post-thumbnail","6":"product_cat-hogar","7":"product_cat-electrodomesticos","9":"first","10":"instock","11":"sale","12":"shipping-taxable","13":"purchasable","14":"product-type-simple"},"acf":[],"_links":{"self":[{"href":"https:\/\/defabrica.com.mx\/defabrica\/wp-json\/wp\/v2\/product\/91392","targetHints":{"allow":["GET"]}}],"collection":[{"href":"https:\/\/defabrica.com.mx\/defabrica\/wp-json\/wp\/v2\/product"}],"about":[{"href":"https:\/\/defabrica.com.mx\/defabrica\/wp-json\/wp\/v2\/types\/product"}],"replies":[{"embeddable":true,"href":"https:\/\/defabrica.com.mx\/defabrica\/wp-json\/wp\/v2\/comments?post=91392"}],"wp:featuredmedia":[{"embeddable":true,"href":"https:\/\/defabrica.com.mx\/defabrica\/wp-json\/wp\/v2\/media\/91393"}],"wp:attachment":[{"href":"https:\/\/defabrica.com.mx\/defabrica\/wp-json\/wp\/v2\/media?parent=91392"}],"wp:term":[{"taxonomy":"product_brand","embeddable":true,"href":"https:\/\/defabrica.com.mx\/defabrica\/wp-json\/wp\/v2\/product_brand?post=91392"},{"taxonomy":"product_cat","embeddable":true,"href":"https:\/\/defabrica.com.mx\/defabrica\/wp-json\/wp\/v2\/product_cat?post=91392"},{"taxonomy":"product_tag","embeddable":true,"href":"https:\/\/defabrica.com.mx\/defabrica\/wp-json\/wp\/v2\/product_tag?post=91392"}],"curies":[{"name":"wp","href":"https:\/\/api.w.org\/{rel}","templated":true}]}}