{"id":90936,"date":"2022-07-17T17:05:12","date_gmt":"2022-07-17T22:05:12","guid":{"rendered":"https:\/\/defabrica.com.mx\/defabrica\/?post_type=product&#038;p=90936"},"modified":"2023-01-18T16:04:38","modified_gmt":"2023-01-18T22:04:38","slug":"pokemon-brilliant-diamond-nintendo-switch-nintendo-switch-lite","status":"publish","type":"product","link":"https:\/\/defabrica.com.mx\/defabrica\/producto\/pokemon-brilliant-diamond-nintendo-switch-nintendo-switch-lite\/","title":{"rendered":"Pok\u00e9mon Brilliant Diamond &#8211; Nintendo Switch, Nintendo Switch Lite"},"content":{"rendered":"<p>\u00a1Atrapa, entrena y lucha con tus Pok\u00e9mon en un viaje para tratar de convertirte en el Campe\u00f3n de la Liga Pok\u00e9mon!\u00a0\u00a1Bienvenido a la regi\u00f3n de Sinnoh!\u00a0Rica en naturaleza y con el poderoso Monte Coronet en su coraz\u00f3n, Sinnoh es una tierra de muchos mitos transmitidos a lo largo de los siglos.\u00a0Elegir\u00e1s a Turtwig, Chimchar o Piplup como tu primer compa\u00f1ero Pok\u00e9mon y luego emprender\u00e1s tu viaje para tratar de convertirte en el Campe\u00f3n de la Liga Pok\u00e9mon.<\/p>\n<h3 class=\"heading-5 v-fw-regular feature-heading\"><strong>Caracter\u00edsticas<\/strong><\/h3>\n<ul>\n<li><strong>\u00a1Atrapa, entrena y lucha con tus Pok\u00e9mon en un viaje para tratar de convertirte en el Campe\u00f3n de la Liga Pok\u00e9mon!<\/strong><\/li>\n<li><strong>\u00a1Explora Grand Underground para desenterrar objetos y Pok\u00e9mon Fossils, construir una base secreta y m\u00e1s!<\/strong><\/li>\n<li><strong>Pon a prueba tu estilo y ritmo en un S\u00faper Concurso Show<\/strong><\/li>\n<li><strong>El juego Pok\u00e9mon Diamante Brillante da nueva vida a estos cl\u00e1sicos rehechos con funciones adicionales<\/strong><\/li>\n<li><strong>Una aventura reinventada, ahora para el sistema Nintendo Switch<\/strong><\/li>\n<li><strong>\u00a1Descarga la \u00faltima actualizaci\u00f3n de software para una mejor experiencia de juego!<\/strong><\/li>\n<li><strong>Con esta actualizaci\u00f3n de software (v 1.1.0), los jugadores podr\u00e1n disfrutar de funciones de comunicaci\u00f3n en Grand Underground, Super Contest Shows y Union Room, recibir art\u00edculos especiales a trav\u00e9s de Mystery Gift y visitar Ramanas Park despu\u00e9s de ingresar al Sal\u00f3n de la Fama. .<\/strong><\/li>\n<li><strong>Consulte esta p\u00e1gina para obtener m\u00e1s detalles sobre la actualizaci\u00f3n del software.<\/strong><\/li>\n<li><strong>Descarga estos datos de actualizaci\u00f3n y disfruta de tu juego.<\/strong><\/li>\n<\/ul>\n","protected":false},"excerpt":{"rendered":"<p>\u00a1Atrapa, entrena y lucha con tus Pok\u00e9mon en un viaje para tratar de convertirte en el Campe\u00f3n de la Liga Pok\u00e9mon!\u00a0\u00a1Bienvenido a la regi\u00f3n de Sinnoh!\u00a0Rica en naturaleza y con<\/p>\n","protected":false},"featured_media":90937,"comment_status":"open","ping_status":"closed","template":"","meta":{"_acf_changed":false,"_joinchat":[]},"product_brand":[],"product_cat":[277,894],"product_tag":[],"class_list":{"0":"post-90936","1":"product","2":"type-product","3":"status-publish","4":"has-post-thumbnail","6":"product_cat-zona-gamer","7":"product_cat-videojuegos","9":"first","10":"instock","11":"sale","12":"shipping-taxable","13":"purchasable","14":"product-type-simple"},"acf":[],"_links":{"self":[{"href":"https:\/\/defabrica.com.mx\/defabrica\/wp-json\/wp\/v2\/product\/90936","targetHints":{"allow":["GET"]}}],"collection":[{"href":"https:\/\/defabrica.com.mx\/defabrica\/wp-json\/wp\/v2\/product"}],"about":[{"href":"https:\/\/defabrica.com.mx\/defabrica\/wp-json\/wp\/v2\/types\/product"}],"replies":[{"embeddable":true,"href":"https:\/\/defabrica.com.mx\/defabrica\/wp-json\/wp\/v2\/comments?post=90936"}],"wp:featuredmedia":[{"embeddable":true,"href":"https:\/\/defabrica.com.mx\/defabrica\/wp-json\/wp\/v2\/media\/90937"}],"wp:attachment":[{"href":"https:\/\/defabrica.com.mx\/defabrica\/wp-json\/wp\/v2\/media?parent=90936"}],"wp:term":[{"taxonomy":"product_brand","embeddable":true,"href":"https:\/\/defabrica.com.mx\/defabrica\/wp-json\/wp\/v2\/product_brand?post=90936"},{"taxonomy":"product_cat","embeddable":true,"href":"https:\/\/defabrica.com.mx\/defabrica\/wp-json\/wp\/v2\/product_cat?post=90936"},{"taxonomy":"product_tag","embeddable":true,"href":"https:\/\/defabrica.com.mx\/defabrica\/wp-json\/wp\/v2\/product_tag?post=90936"}],"curies":[{"name":"wp","href":"https:\/\/api.w.org\/{rel}","templated":true}]}}