{"id":90784,"date":"2022-07-17T15:01:47","date_gmt":"2022-07-17T20:01:47","guid":{"rendered":"https:\/\/defabrica.com.mx\/defabrica\/?post_type=product&#038;p=90784"},"modified":"2023-01-18T15:31:13","modified_gmt":"2023-01-18T21:31:13","slug":"the-legend-of-zelda-breath-of-the-wild-nintendo-switch","status":"publish","type":"product","link":"https:\/\/defabrica.com.mx\/defabrica\/producto\/the-legend-of-zelda-breath-of-the-wild-nintendo-switch\/","title":{"rendered":"The Legend of Zelda: Breath of the Wild &#8211; Nintendo Switch"},"content":{"rendered":"<p>Olvida todo lo que sabes sobre los juegos de The Legend of Zelda.\u00a0Ad\u00e9ntrate en un mundo de descubrimiento, exploraci\u00f3n y aventura en The Legend of Zelda: Breath of the Wild, un nuevo juego innovador de la aclamada serie.\u00a0Viaja a trav\u00e9s de vastos campos, bosques y cumbres monta\u00f1osas mientras descubres qu\u00e9 ha sido del reino de Hyrule en esta asombrosa aventura al aire libre.\u00a0Ahora en Nintendo Switch, tu viaje es m\u00e1s libre y abierto que nunca.<\/p>\n<h3 class=\"heading-5 v-fw-regular feature-heading\"><strong>Caracter\u00ed<\/strong><strong>sticas<\/strong><\/h3>\n<ul>\n<li><strong>Descubre Hyrule como nunca antes: haciendo tu propio camino, elecciones y consecuencias.<\/strong><\/li>\n<li><strong>El ingenio es la clave para la supervivencia: encuentra m\u00faltiples soluciones a toneladas de acertijos din\u00e1micos<\/strong><\/li>\n<li><strong>Las sorpresas se esconden en cada esquina: busca armas, armaduras, plantas, animales y m\u00e1s.<\/strong><\/li>\n<li><strong>Vive de la tierra: encuentra armas y armaduras, cocina y elabora elixires.<\/strong><\/li>\n<li><strong>Utiliza tecnolog\u00eda especial: el Sheikah Slate en el juego controla objetos y enemigos de formas divertidas.<\/strong><\/li>\n<li><strong>Prep\u00e1rate: muchas armas y armaduras tienen estad\u00edsticas, resistencias, efectos y durabilidad \u00fanicos.<\/strong><\/li>\n<li><strong>Los santuarios ofrecen cientos de ingeniosos desaf\u00edos que incluso los veteranos no ver\u00e1n venir.<\/strong><\/li>\n<\/ul>\n","protected":false},"excerpt":{"rendered":"<p>Olvida todo lo que sabes sobre los juegos de The Legend of Zelda.\u00a0Ad\u00e9ntrate en un mundo de descubrimiento, exploraci\u00f3n y aventura en The Legend of Zelda: Breath of the Wild,<\/p>\n","protected":false},"featured_media":90787,"comment_status":"open","ping_status":"closed","template":"","meta":{"_acf_changed":false,"_joinchat":[]},"product_brand":[],"product_cat":[277,894],"product_tag":[],"class_list":{"0":"post-90784","1":"product","2":"type-product","3":"status-publish","4":"has-post-thumbnail","6":"product_cat-zona-gamer","7":"product_cat-videojuegos","9":"first","10":"instock","11":"sale","12":"shipping-taxable","13":"purchasable","14":"product-type-simple"},"acf":[],"_links":{"self":[{"href":"https:\/\/defabrica.com.mx\/defabrica\/wp-json\/wp\/v2\/product\/90784","targetHints":{"allow":["GET"]}}],"collection":[{"href":"https:\/\/defabrica.com.mx\/defabrica\/wp-json\/wp\/v2\/product"}],"about":[{"href":"https:\/\/defabrica.com.mx\/defabrica\/wp-json\/wp\/v2\/types\/product"}],"replies":[{"embeddable":true,"href":"https:\/\/defabrica.com.mx\/defabrica\/wp-json\/wp\/v2\/comments?post=90784"}],"wp:featuredmedia":[{"embeddable":true,"href":"https:\/\/defabrica.com.mx\/defabrica\/wp-json\/wp\/v2\/media\/90787"}],"wp:attachment":[{"href":"https:\/\/defabrica.com.mx\/defabrica\/wp-json\/wp\/v2\/media?parent=90784"}],"wp:term":[{"taxonomy":"product_brand","embeddable":true,"href":"https:\/\/defabrica.com.mx\/defabrica\/wp-json\/wp\/v2\/product_brand?post=90784"},{"taxonomy":"product_cat","embeddable":true,"href":"https:\/\/defabrica.com.mx\/defabrica\/wp-json\/wp\/v2\/product_cat?post=90784"},{"taxonomy":"product_tag","embeddable":true,"href":"https:\/\/defabrica.com.mx\/defabrica\/wp-json\/wp\/v2\/product_tag?post=90784"}],"curies":[{"name":"wp","href":"https:\/\/api.w.org\/{rel}","templated":true}]}}