{"id":90703,"date":"2022-07-17T00:58:26","date_gmt":"2022-07-17T05:58:26","guid":{"rendered":"https:\/\/defabrica.com.mx\/defabrica\/?post_type=product&#038;p=90703"},"modified":"2023-01-18T15:29:06","modified_gmt":"2023-01-18T21:29:06","slug":"my-little-pony-una-aventura-en-la-bahia-de-maretime-nintendo-switch","status":"publish","type":"product","link":"https:\/\/defabrica.com.mx\/defabrica\/producto\/my-little-pony-una-aventura-en-la-bahia-de-maretime-nintendo-switch\/","title":{"rendered":"My Little Pony: Una aventura en la bah\u00eda de Maretime &#8211; Nintendo Switch"},"content":{"rendered":"<p>\u00a1Trae la magia de vuelta a Equestria y juega con la nueva generaci\u00f3n de personajes de MY LITTLE PONY, en una aventura llena de diversi\u00f3n, moda y buenos amigos!\u00a0Earth Pony Sunny quiere hacer del mundo un lugar mejor organizando el D\u00eda de la Bah\u00eda de Maretime, una celebraci\u00f3n olvidada de la amistad y la magia.\u00a0Pero alg\u00fan pony est\u00e1 dispuesto a estropear la celebraci\u00f3n, \u00a1y est\u00e1n robando pasteles, dejando sueltos a los conejitos e incluso estropeando las pinturas de Pipp!<\/p>\n<h3 class=\"heading-5 v-fw-regular feature-heading\"><strong>Caracter\u00edsticas<\/strong><\/h3>\n<ul>\n<li><strong>ser un pony<\/strong><br \/>\nJuega como Sunny, la poni terrestre aventurera, y usa sus poderes m\u00e1gicos.<\/li>\n<li><strong>Aprende nuevos poderes<\/strong><br \/>\nDesbloquea habilidades y accesorios de poni que incluyen ropa, carteras y habilidades m\u00e1gicas.<\/li>\n<li><strong>Explorar Bah\u00eda Maretime<\/strong><br \/>\nAvent\u00farate por Maretime Bay y m\u00e1s all\u00e1 para recuperar la magia<\/li>\n<li><strong>Fiesta multijugador<\/strong><br \/>\n\u00a1Dos jugadores pueden organizar un desfile de modas, pastorear conejos y m\u00e1s!<\/li>\n<\/ul>\n","protected":false},"excerpt":{"rendered":"<p>\u00a1Trae la magia de vuelta a Equestria y juega con la nueva generaci\u00f3n de personajes de MY LITTLE PONY, en una aventura llena de diversi\u00f3n, moda y buenos amigos!\u00a0Earth Pony<\/p>\n","protected":false},"featured_media":90704,"comment_status":"open","ping_status":"closed","template":"","meta":{"_acf_changed":false,"_joinchat":[]},"product_brand":[],"product_cat":[277,894],"product_tag":[],"class_list":{"0":"post-90703","1":"product","2":"type-product","3":"status-publish","4":"has-post-thumbnail","6":"product_cat-zona-gamer","7":"product_cat-videojuegos","9":"first","10":"instock","11":"sale","12":"shipping-taxable","13":"purchasable","14":"product-type-simple"},"acf":[],"_links":{"self":[{"href":"https:\/\/defabrica.com.mx\/defabrica\/wp-json\/wp\/v2\/product\/90703","targetHints":{"allow":["GET"]}}],"collection":[{"href":"https:\/\/defabrica.com.mx\/defabrica\/wp-json\/wp\/v2\/product"}],"about":[{"href":"https:\/\/defabrica.com.mx\/defabrica\/wp-json\/wp\/v2\/types\/product"}],"replies":[{"embeddable":true,"href":"https:\/\/defabrica.com.mx\/defabrica\/wp-json\/wp\/v2\/comments?post=90703"}],"wp:featuredmedia":[{"embeddable":true,"href":"https:\/\/defabrica.com.mx\/defabrica\/wp-json\/wp\/v2\/media\/90704"}],"wp:attachment":[{"href":"https:\/\/defabrica.com.mx\/defabrica\/wp-json\/wp\/v2\/media?parent=90703"}],"wp:term":[{"taxonomy":"product_brand","embeddable":true,"href":"https:\/\/defabrica.com.mx\/defabrica\/wp-json\/wp\/v2\/product_brand?post=90703"},{"taxonomy":"product_cat","embeddable":true,"href":"https:\/\/defabrica.com.mx\/defabrica\/wp-json\/wp\/v2\/product_cat?post=90703"},{"taxonomy":"product_tag","embeddable":true,"href":"https:\/\/defabrica.com.mx\/defabrica\/wp-json\/wp\/v2\/product_tag?post=90703"}],"curies":[{"name":"wp","href":"https:\/\/api.w.org\/{rel}","templated":true}]}}