{"id":90682,"date":"2022-07-17T00:40:12","date_gmt":"2022-07-17T05:40:12","guid":{"rendered":"https:\/\/defabrica.com.mx\/defabrica\/?post_type=product&#038;p=90682"},"modified":"2023-01-18T15:27:09","modified_gmt":"2023-01-18T21:27:09","slug":"returnal-edicion-estandar-playstation-5","status":"publish","type":"product","link":"https:\/\/defabrica.com.mx\/defabrica\/producto\/returnal-edicion-estandar-playstation-5\/","title":{"rendered":"Returnal edici\u00f3n est\u00e1ndar &#8211; PlayStation 5"},"content":{"rendered":"<div class=\"embedded-component-container lv product-description\">\n<div>\n<div id=\"shop-product-description-51104633\" class=\"_none\" data-version=\"1.3.46\">\n<div class=\"shop-product-description\">\n<section class=\"align-heading-left\" data-reactroot=\"\">\n<div class=\"long-description-container body-copy \">\n<div class=\"html-fragment\">A trav\u00e9s de un juego de roguelike implacable, descubrir\u00e1s que as\u00ed como el planeta cambia con cada ciclo, tambi\u00e9n lo hacen los elementos a tu disposici\u00f3n.\u00a0Cada ciclo ofrece nuevas combinaciones, lo que te obliga a superar tus l\u00edmites y abordar el combate con una estrategia diferente cada vez.<\/div>\n<\/div>\n<\/section>\n<\/div>\n<\/div>\n<\/div>\n<\/div>\n<div class=\"embedded-component-container lv product-features\">\n<h3><\/h3>\n<h3 class=\"heading-5 v-fw-regular feature-heading\"><strong>Caracter\u00edsticas<\/strong><\/h3>\n<ul>\n<li><strong>A trav\u00e9s de un juego de roguelike implacable, descubrir\u00e1s que as\u00ed como el planeta cambia con cada ciclo, tambi\u00e9n lo hacen los elementos a tu disposici\u00f3n. Cada ciclo ofrece nuevas combinaciones, lo que te obliga a superar tus l\u00edmites y abordar el combate con una estrategia diferente cada vez.<\/strong><\/li>\n<li><strong>Tra\u00eddo a la vida por impresionantes efectos visuales, la belleza oscura del mundo en descomposici\u00f3n que te rodea est\u00e1 repleta de sorpresas explosivas.<\/strong><\/li>\n<li><strong>Desde alto riesgo, combate lleno de infierno de balas, hasta giros y vueltas viscerales a trav\u00e9s de entornos r\u00edgidos y contrastantes. Explorar\u00e1s, descubrir\u00e1s y te abrir\u00e1s camino a trav\u00e9s de un viaje implacable, donde el misterio acecha cada uno de tus movimientos.<\/strong><\/li>\n<li><strong>Dise\u00f1ado para una rejugabilidad extrema, el mundo procedimental de Returnal te invita a desempolvarte frente a la derrota y asumir nuevos desaf\u00edos en evoluci\u00f3n con cada renacimiento.<\/strong><\/li>\n<\/ul>\n<\/div>\n","protected":false},"excerpt":{"rendered":"<p>A trav\u00e9s de un juego de roguelike implacable, descubrir\u00e1s que as\u00ed como el planeta cambia con cada ciclo, tambi\u00e9n lo hacen los elementos a tu disposici\u00f3n.\u00a0Cada ciclo ofrece nuevas combinaciones,<\/p>\n","protected":false},"featured_media":90683,"comment_status":"open","ping_status":"closed","template":"","meta":{"_acf_changed":false,"_joinchat":[]},"product_brand":[],"product_cat":[277,894],"product_tag":[],"class_list":{"0":"post-90682","1":"product","2":"type-product","3":"status-publish","4":"has-post-thumbnail","6":"product_cat-zona-gamer","7":"product_cat-videojuegos","9":"first","10":"instock","11":"sale","12":"shipping-taxable","13":"purchasable","14":"product-type-simple"},"acf":[],"_links":{"self":[{"href":"https:\/\/defabrica.com.mx\/defabrica\/wp-json\/wp\/v2\/product\/90682","targetHints":{"allow":["GET"]}}],"collection":[{"href":"https:\/\/defabrica.com.mx\/defabrica\/wp-json\/wp\/v2\/product"}],"about":[{"href":"https:\/\/defabrica.com.mx\/defabrica\/wp-json\/wp\/v2\/types\/product"}],"replies":[{"embeddable":true,"href":"https:\/\/defabrica.com.mx\/defabrica\/wp-json\/wp\/v2\/comments?post=90682"}],"wp:featuredmedia":[{"embeddable":true,"href":"https:\/\/defabrica.com.mx\/defabrica\/wp-json\/wp\/v2\/media\/90683"}],"wp:attachment":[{"href":"https:\/\/defabrica.com.mx\/defabrica\/wp-json\/wp\/v2\/media?parent=90682"}],"wp:term":[{"taxonomy":"product_brand","embeddable":true,"href":"https:\/\/defabrica.com.mx\/defabrica\/wp-json\/wp\/v2\/product_brand?post=90682"},{"taxonomy":"product_cat","embeddable":true,"href":"https:\/\/defabrica.com.mx\/defabrica\/wp-json\/wp\/v2\/product_cat?post=90682"},{"taxonomy":"product_tag","embeddable":true,"href":"https:\/\/defabrica.com.mx\/defabrica\/wp-json\/wp\/v2\/product_tag?post=90682"}],"curies":[{"name":"wp","href":"https:\/\/api.w.org\/{rel}","templated":true}]}}