{"id":90672,"date":"2022-07-17T00:32:32","date_gmt":"2022-07-17T05:32:32","guid":{"rendered":"https:\/\/defabrica.com.mx\/defabrica\/?post_type=product&#038;p=90672"},"modified":"2023-01-18T15:26:26","modified_gmt":"2023-01-18T21:26:26","slug":"ratchet-clank-edicion-estandar-de-rift-apart-playstation-5","status":"publish","type":"product","link":"https:\/\/defabrica.com.mx\/defabrica\/producto\/ratchet-clank-edicion-estandar-de-rift-apart-playstation-5\/","title":{"rendered":"Ratchet &#038; Clank: Edici\u00f3n est\u00e1ndar de Rift Apart &#8211; PlayStation 5"},"content":{"rendered":"<div class=\"embedded-component-container lv product-description\">\n<div>\n<div id=\"shop-product-description-5827850\" class=\"_none\" data-version=\"1.3.46\">\n<div class=\"shop-product-description\">\n<section class=\"align-heading-left\" data-reactroot=\"\">\n<div class=\"long-description-container body-copy \">\n<div class=\"html-fragment\">Salta de dimensi\u00f3n con Ratchet y Clank mientras se enfrentan a un malvado emperador de otra realidad.\u00a0Salta entre mundos llenos de acci\u00f3n y m\u00e1s all\u00e1 a velocidades alucinantes, completo con im\u00e1genes deslumbrantes y un arsenal loco, mientras los aventureros intergal\u00e1cticos se lanzan a la consola PS5.<\/div>\n<\/div>\n<\/section>\n<\/div>\n<\/div>\n<\/div>\n<\/div>\n<div class=\"embedded-component-container lv product-features\">\n<h3><\/h3>\n<h3 class=\"heading-5 v-fw-regular feature-heading\"><strong>Caracter\u00edsticas<\/strong><\/h3>\n<ul>\n<li><strong>Siente las acciones del juego a trav\u00e9s de la retroalimentaci\u00f3n h\u00e1ptica del controlador inal\u00e1mbrico DualSense.<\/strong><\/li>\n<li><strong>Toma el control total de la mec\u00e1nica de armas avanzada, posible gracias a los gatillos adaptables.<\/strong><\/li>\n<li><strong>Salta de planeta a hipervelocidad gracias a la carga casi instant\u00e1nea del SSD de la consola PS5.<\/strong><\/li>\n<li><strong>Sumerge tus o\u00eddos con Tempest 3D AudioTech* mientras trabajas para salvar el universo.<\/strong><\/li>\n<li><strong>La iluminaci\u00f3n mejorada y el trazado de rayos generan deslumbrantes mundos en el juego, que se muestran en 4K y HDR** n\u00edtidos y din\u00e1micos.<\/strong><\/li>\n<\/ul>\n<\/div>\n","protected":false},"excerpt":{"rendered":"<p>Salta de dimensi\u00f3n con Ratchet y Clank mientras se enfrentan a un malvado emperador de otra realidad.\u00a0Salta entre mundos llenos de acci\u00f3n y m\u00e1s all\u00e1 a velocidades alucinantes, completo con<\/p>\n","protected":false},"featured_media":90673,"comment_status":"open","ping_status":"closed","template":"","meta":{"_acf_changed":false,"_joinchat":[]},"product_brand":[],"product_cat":[277,894],"product_tag":[],"class_list":{"0":"post-90672","1":"product","2":"type-product","3":"status-publish","4":"has-post-thumbnail","6":"product_cat-zona-gamer","7":"product_cat-videojuegos","9":"first","10":"instock","11":"sale","12":"shipping-taxable","13":"purchasable","14":"product-type-simple"},"acf":[],"_links":{"self":[{"href":"https:\/\/defabrica.com.mx\/defabrica\/wp-json\/wp\/v2\/product\/90672","targetHints":{"allow":["GET"]}}],"collection":[{"href":"https:\/\/defabrica.com.mx\/defabrica\/wp-json\/wp\/v2\/product"}],"about":[{"href":"https:\/\/defabrica.com.mx\/defabrica\/wp-json\/wp\/v2\/types\/product"}],"replies":[{"embeddable":true,"href":"https:\/\/defabrica.com.mx\/defabrica\/wp-json\/wp\/v2\/comments?post=90672"}],"wp:featuredmedia":[{"embeddable":true,"href":"https:\/\/defabrica.com.mx\/defabrica\/wp-json\/wp\/v2\/media\/90673"}],"wp:attachment":[{"href":"https:\/\/defabrica.com.mx\/defabrica\/wp-json\/wp\/v2\/media?parent=90672"}],"wp:term":[{"taxonomy":"product_brand","embeddable":true,"href":"https:\/\/defabrica.com.mx\/defabrica\/wp-json\/wp\/v2\/product_brand?post=90672"},{"taxonomy":"product_cat","embeddable":true,"href":"https:\/\/defabrica.com.mx\/defabrica\/wp-json\/wp\/v2\/product_cat?post=90672"},{"taxonomy":"product_tag","embeddable":true,"href":"https:\/\/defabrica.com.mx\/defabrica\/wp-json\/wp\/v2\/product_tag?post=90672"}],"curies":[{"name":"wp","href":"https:\/\/api.w.org\/{rel}","templated":true}]}}