{"id":90586,"date":"2022-07-16T18:00:53","date_gmt":"2022-07-16T23:00:53","guid":{"rendered":"https:\/\/defabrica.com.mx\/defabrica\/?post_type=product&#038;p=90586"},"modified":"2022-07-18T14:06:38","modified_gmt":"2022-07-18T19:06:38","slug":"cyberpowerpc-portatil-para-juegos-tracer-iv-slim-de-156-intel-core-i5-memoria-de-8-gb-nvidia-geforce-rtx-2060-ssd-de-240-gb-negro","status":"publish","type":"product","link":"https:\/\/defabrica.com.mx\/defabrica\/producto\/cyberpowerpc-portatil-para-juegos-tracer-iv-slim-de-156-intel-core-i5-memoria-de-8-gb-nvidia-geforce-rtx-2060-ssd-de-240-gb-negro\/","title":{"rendered":"CyberPowerPC &#8211; Port\u00e1til para juegos Tracer IV Slim de 15,6&#8243; &#8211; Intel Core i5 &#8211; Memoria de 8 GB &#8211; NVIDIA GeForce RTX 2060 &#8211; SSD de 240 GB &#8211; Negro"},"content":{"rendered":"<p>CyberPowerPC Tracer IV Slim Laptop: enfr\u00e9ntate a la competencia con esta computadora port\u00e1til para juegos CyberPowerPC Tracer IV Slim.\u00a0El procesador Intel Core i5 y 8 GB de RAM ejecutan t\u00edtulos de juegos a altas velocidades, mientras que el SSD de 240 GB proporciona inicios r\u00e1pidos y acceso a datos.\u00a0Esta computadora port\u00e1til para juegos CyberPowerPC Tracer IV Slim tiene una tarjeta gr\u00e1fica NVIDIA GeForce RTX 2060, que ofrece im\u00e1genes ultrarrealistas en la pantalla Full HD de 15,6 pulgadas.<\/p>\n<h3><\/h3>\n<h3 class=\"heading-5 v-fw-regular feature-heading\"><strong>Caracter\u00edsticas<\/strong><\/h3>\n<ul>\n<li><strong>Pantalla Full HD de 15,6&#8243;<\/strong><br \/>\nLa resoluci\u00f3n de 1920 x 1080 cuenta con un color y una claridad impresionantes. Tecnolog\u00eda IPS para amplios \u00e1ngulos de visi\u00f3n. Retroiluminaci\u00f3n LED de bajo consumo.<\/li>\n<li><strong>Procesador m\u00f3vil Intel\u00ae Core\u2122 i5-10300H de 10.\u00aa generaci\u00f3n<\/strong><br \/>\nRendimiento de procesamiento inteligente de cuatro n\u00facleos y ocho v\u00edas.<\/li>\n<li><strong>Memoria del sistema de 8 GB para multitarea avanzada<\/strong><br \/>\nRAM sustancial de gran ancho de banda para ejecutar sin problemas sus juegos y aplicaciones de edici\u00f3n de fotos y videos, as\u00ed como m\u00faltiples programas y pesta\u00f1as del navegador, todo a la vez.<\/li>\n<li><strong>Unidad de estado s\u00f3lido (SSD) de 240 GB<\/strong><br \/>\nSi bien ofrece menos espacio de almacenamiento que un disco duro, un SSD basado en flash no tiene partes m\u00f3viles, lo que resulta en tiempos de inicio y acceso a datos m\u00e1s r\u00e1pidos, sin ruido y menos producci\u00f3n de calor y consumo de energ\u00eda de la bater\u00eda.<\/li>\n<li><strong>Gr\u00e1ficos NVIDIA GeForce RTX 2060<\/strong><br \/>\nRespaldado por una memoria de video dedicada GDDR6 de 6GB para una GPU ultrarr\u00e1pida y avanzada para alimentar sus juegos.<\/li>\n<li><strong>Pesa 4,08 libras. y mide 0.8&#8243; de espesor<\/strong><br \/>\nDise\u00f1o delgado y liviano con unidad de DVD\/CD omitida para mejorar la portabilidad. Bater\u00eda de pol\u00edmero de litio de 3 celdas.<\/li>\n<li><strong>La salida HDMI ampl\u00eda sus opciones de visualizaci\u00f3n<\/strong><br \/>\nCon\u00e9ctese a un HDTV o monitor de alta definici\u00f3n para configurar dos pantallas una al lado de la otra o simplemente ver m\u00e1s de la imagen general.<\/li>\n<li><strong>Lector de medios integrado para una transferencia de fotos sencilla<\/strong><br \/>\nAdmite formatos de tarjetas de memoria SD, SDHC y SDXC.<\/li>\n<li><strong>Conectividad inal\u00e1mbrica\/por cable (WiFi 5 &#8211; 802.11 ac)<\/strong><br \/>\nCon\u00e9ctese a un enrutador Wireless-AC para obtener casi el triple de velocidad, m\u00e1s capacidad y una cobertura m\u00e1s amplia que Wireless-N. Compatible con versiones anteriores de todas las dem\u00e1s redes Wi-Fi y puntos de acceso.<\/li>\n<li><strong>C\u00e1mara web HD integrada con micr\u00f3fono<\/strong><br \/>\nFacilita el chat de video con familiares y amigos o la teleconferencia con colegas a trav\u00e9s de Skype u otras aplicaciones populares.<\/li>\n<li><strong>Teclado retroiluminado RGB<\/strong><br \/>\nLe permite disfrutar de una escritura c\u00f3moda y precisa, incluso con poca luz.<\/li>\n<li><strong>puerto adicional<\/strong><br \/>\nMini DisplayPort.<\/li>\n<\/ul>\n","protected":false},"excerpt":{"rendered":"<p>CyberPowerPC Tracer IV Slim Laptop: enfr\u00e9ntate a la competencia con esta computadora port\u00e1til para juegos CyberPowerPC Tracer IV Slim.\u00a0El procesador Intel Core i5 y 8 GB de RAM ejecutan t\u00edtulos<\/p>\n","protected":false},"featured_media":90587,"comment_status":"open","ping_status":"closed","template":"","meta":{"_acf_changed":false,"_joinchat":[]},"product_brand":[],"product_cat":[1515,277,280,432],"product_tag":[],"class_list":{"0":"post-90586","1":"product","2":"type-product","3":"status-publish","4":"has-post-thumbnail","6":"product_cat-ofetas-zonagamer","7":"product_cat-zona-gamer","8":"product_cat-pc-gaming","9":"product_cat-laptops-gamer","11":"first","12":"instock","13":"sale","14":"shipping-taxable","15":"purchasable","16":"product-type-simple"},"acf":[],"_links":{"self":[{"href":"https:\/\/defabrica.com.mx\/defabrica\/wp-json\/wp\/v2\/product\/90586","targetHints":{"allow":["GET"]}}],"collection":[{"href":"https:\/\/defabrica.com.mx\/defabrica\/wp-json\/wp\/v2\/product"}],"about":[{"href":"https:\/\/defabrica.com.mx\/defabrica\/wp-json\/wp\/v2\/types\/product"}],"replies":[{"embeddable":true,"href":"https:\/\/defabrica.com.mx\/defabrica\/wp-json\/wp\/v2\/comments?post=90586"}],"wp:featuredmedia":[{"embeddable":true,"href":"https:\/\/defabrica.com.mx\/defabrica\/wp-json\/wp\/v2\/media\/90587"}],"wp:attachment":[{"href":"https:\/\/defabrica.com.mx\/defabrica\/wp-json\/wp\/v2\/media?parent=90586"}],"wp:term":[{"taxonomy":"product_brand","embeddable":true,"href":"https:\/\/defabrica.com.mx\/defabrica\/wp-json\/wp\/v2\/product_brand?post=90586"},{"taxonomy":"product_cat","embeddable":true,"href":"https:\/\/defabrica.com.mx\/defabrica\/wp-json\/wp\/v2\/product_cat?post=90586"},{"taxonomy":"product_tag","embeddable":true,"href":"https:\/\/defabrica.com.mx\/defabrica\/wp-json\/wp\/v2\/product_tag?post=90586"}],"curies":[{"name":"wp","href":"https:\/\/api.w.org\/{rel}","templated":true}]}}