{"id":90523,"date":"2022-07-16T17:25:46","date_gmt":"2022-07-16T22:25:46","guid":{"rendered":"https:\/\/defabrica.com.mx\/defabrica\/?post_type=product&#038;p=90523"},"modified":"2022-07-18T14:06:42","modified_gmt":"2022-07-18T19:06:42","slug":"alienware-laptop-para-juegos-m15-r4-15-6-fhd-intel-core-i7-memoria-de-16-gb-nvidia-geforce-rtx-3070-unidad-de-estado-solido-de-512-gb-el-lado-oscuro-de-la-luna","status":"publish","type":"product","link":"https:\/\/defabrica.com.mx\/defabrica\/producto\/alienware-laptop-para-juegos-m15-r4-15-6-fhd-intel-core-i7-memoria-de-16-gb-nvidia-geforce-rtx-3070-unidad-de-estado-solido-de-512-gb-el-lado-oscuro-de-la-luna\/","title":{"rendered":"Alienware &#8211; Laptop para juegos m15 R4 15.6&#8243; FHD &#8211; Intel Core i7 &#8211; Memoria de 16 GB &#8211; NVIDIA GeForce RTX 3070 &#8211; Unidad de estado s\u00f3lido de 512 GB &#8211; El lado oscuro de la luna"},"content":{"rendered":"<div class=\"embedded-component-container lv product-description\">\n<div>\n<div id=\"shop-product-description-3381674\" class=\"_none\" data-version=\"1.3.46\">\n<div class=\"shop-product-description\">\n<section class=\"align-heading-left\" data-reactroot=\"\">\n<div class=\"long-description-container body-copy \">\n<div class=\"html-fragment\"><span>Con los procesadores Intel\u00ae Core\u2122 i7 de 10.\u00aa generaci\u00f3n que permiten hasta 8 n\u00facleos y 16 subprocesos de rendimiento multiproceso, la \u00faltima generaci\u00f3n de Alienware m17 supera a su predecesor.\u00a0Con la nueva NVIDIA GeForce RTX 3070 con el m\u00e1ximo rendimiento para jugadores y creadores.\u00a0Gr\u00e1ficos realistas con trazado de rayos y DLSS acelerado por IA.\u00a0Nuestra \u00faltima tecnolog\u00eda t\u00e9rmica, Advanced Alienware Cryo-Tech, es un enfoque de ingenier\u00eda en el que el rendimiento de los juegos de un sistema Alienware nunca se ve comprometido por m\u00e9todos el\u00e9ctricos y mec\u00e1nicos, al tiempo que mantiene la estabilidad del sistema durante los estados de mayor rendimiento.<\/span><\/div>\n<\/div>\n<\/section>\n<\/div>\n<\/div>\n<\/div>\n<\/div>\n<div class=\"embedded-component-container lv product-features\">\n<h3><\/h3>\n<h3 class=\"heading-5 v-fw-regular feature-heading\"><strong>Caracter\u00edsticas<\/strong><\/h3>\n<ul>\n<li><strong>Sistema operativo Windows 11<\/strong><br \/>\nWindows 11 tiene toda la potencia y la seguridad de Windows 10 con un aspecto renovado y redise\u00f1ado. Tambi\u00e9n viene con nuevas herramientas, sonidos y aplicaciones. Cada detalle ha sido considerado. Todo se une para brindarle una experiencia refrescante en su PC.<\/li>\n<li><strong>Sistema operativo Windows 10<\/strong><br \/>\nWindows 10 recupera el men\u00fa Inicio de Windows 7 e introduce nuevas caracter\u00edsticas, como el navegador web Edge que le permite marcar p\u00e1ginas web en su pantalla.<\/li>\n<li><strong>Pantalla Full HD de 15,6&#8243; y 300 Hz<\/strong><br \/>\nLa resoluci\u00f3n de 1920 x 1080 muestra sus juegos y pel\u00edculas HD con colores y claridad impresionantes. Para los jugadores que priorizan los juegos r\u00e1pidos e ininterrumpidos, el Alienware m17 ofrece un panel de 3 ms de 300 Hz con una gama de colores 100 % sRGB de 300 nits.<\/li>\n<li><strong>Intel\u00ae Core\u2122 i7-10870H de 10.\u00aa generaci\u00f3n<\/strong><br \/>\nPotente rendimiento de procesamiento de 8 n\u00facleos y 16 v\u00edas. La tecnolog\u00eda Intel Turbo Boost brinda potencia adicional din\u00e1mica cuando la necesita, al tiempo que aumenta la eficiencia energ\u00e9tica cuando no la necesita.<\/li>\n<li><strong>Memoria de 16 GB para multitarea y juegos avanzados<\/strong><br \/>\nMontones de RAM DDR4 de alto ancho de banda para ejecutar sin problemas sus juegos de PC con muchos gr\u00e1ficos y aplicaciones de edici\u00f3n de video, as\u00ed como numerosos programas y pesta\u00f1as del navegador, todo a la vez.<\/li>\n<li><strong>Unidad de estado s\u00f3lido PCIe M.2 de 512 GB<\/strong><br \/>\nGuarde archivos r\u00e1pidamente y almacene m\u00e1s datos. Con grandes cantidades de almacenamiento y poder de comunicaci\u00f3n avanzado, los SSD PCI-e son excelentes para las principales aplicaciones de juegos, m\u00faltiples servidores, copias de seguridad diarias y m\u00e1s.<\/li>\n<li><strong>NVIDIA GeForce RTX 3070<\/strong><br \/>\nM\u00e1ximo rendimiento para jugadores y creadores. Gr\u00e1ficos realistas con trazado de rayos y DLSS acelerado por IA.<\/li>\n<li><strong>Salida de audio digital 7.1<\/strong><br \/>\nSum\u00e9rgete en una experiencia de juego completa con salida de audio digital 7.1 a trav\u00e9s de la conexi\u00f3n HDMI (no incluye altavoces externos)<\/li>\n<li><strong>La salida HDMI 2.0 ampl\u00eda sus opciones de visualizaci\u00f3n<\/strong><br \/>\nCon\u00e9ctese a un HDTV o monitor de alta definici\u00f3n para configurar dos pantallas una al lado de la otra o simplemente ver m\u00e1s de la imagen general.<\/li>\n<li><strong>Puerto Thunderbolt 3<\/strong><br \/>\nEsta interfaz \u00fanica admite datos de alta velocidad y video de alta definici\u00f3n; m\u00e1s alimentaci\u00f3n por cable para dispositivos alimentados por bus. Ideal para creadores de contenido digital.<\/li>\n<li><strong>Lector de tarjetas integrado para una transferencia de fotos sencilla<\/strong><br \/>\nAdmite formatos de tarjeta de memoria SD, SDHC y SDXC.<\/li>\n<li><strong>Wi-Fi 6 &#8211; Inal\u00e1mbrico AX1650<\/strong><br \/>\nConectividad flexible de doble banda con mayor confiabilidad gracias a dos flujos de datos y antenas. Con\u00e9ctese a un enrutador Wi-Fi 6 (160 MHz) para experimentar velocidades Gigabit Wi-Fi casi 3 veces m\u00e1s r\u00e1pidas que Wi-Fi 5 est\u00e1ndar con una capacidad de respuesta mejorada para incluso m\u00e1s dispositivos.<\/li>\n<li><strong>Puerto Ethernet para juegos a m\u00e1xima velocidad<\/strong><br \/>\nKiller Gigabit Ethernet garantiza una velocidad ultrarr\u00e1pida y minimiza el retraso para un tr\u00e1fico de red fluido.<\/li>\n<li><strong>C\u00e1mara web<\/strong><br \/>\nC\u00e1mara web FHD incorporada<\/li>\n<li><strong>CRYO-TECNOLOG\u00cdA avanzada de Alenware<\/strong><br \/>\nAdvanced Alienware Cryo-Tech es un enfoque de ingenier\u00eda en el que el rendimiento de juego de un sistema Alienware nunca se ve comprometido por medio de m\u00e9todos el\u00e9ctricos y mec\u00e1nicos mientras se mantiene la estabilidad del sistema durante los estados de mayor rendimiento.<\/li>\n<li><strong>Regulaci\u00f3n de voltaje hipereficiente<\/strong><br \/>\nLa regulaci\u00f3n de voltaje hipereficiente es el resultado de la ingenier\u00eda de hardware que permite que los gr\u00e1ficos y\/o los procesadores funcionen a sus niveles m\u00e1s altos de rendimiento durante largos per\u00edodos de tiempo.<\/li>\n<li><strong>Paquete de software b\u00e1sico incluido<\/strong><br \/>\nPrueba de 30 d\u00edas de Microsoft Office<\/li>\n<li><strong>Puertos adicionales<\/strong><br \/>\nPuertos de salida de audio de 1\/8&#8243;, puerto de minipantalla 1.4, puerto de salida HDMI 2.1.<\/li>\n<li><strong>Xbox Game Pass Ultimate: descubre tu pr\u00f3ximo juego favorito.<\/strong><br \/>\n1 mes de Xbox Game Pass Ultimate incluido. Juega m\u00e1s de 100 juegos de alta calidad en Windows 10, consola y dispositivo m\u00f3vil. Incluye nuevos t\u00edtulos del primer d\u00eda, juegos ic\u00f3nicos de Bethesda y EA Play para PC.<\/li>\n<\/ul>\n<\/div>\n","protected":false},"excerpt":{"rendered":"<p>Con los procesadores Intel\u00ae Core\u2122 i7 de 10.\u00aa generaci\u00f3n que permiten hasta 8 n\u00facleos y 16 subprocesos de rendimiento multiproceso, la \u00faltima generaci\u00f3n de Alienware m17 supera a su predecesor.\u00a0Con<\/p>\n","protected":false},"featured_media":90524,"comment_status":"open","ping_status":"closed","template":"","meta":{"_acf_changed":false,"_joinchat":[]},"product_brand":[],"product_cat":[1515,277,280,432],"product_tag":[],"class_list":{"0":"post-90523","1":"product","2":"type-product","3":"status-publish","4":"has-post-thumbnail","6":"product_cat-ofetas-zonagamer","7":"product_cat-zona-gamer","8":"product_cat-pc-gaming","9":"product_cat-laptops-gamer","11":"first","12":"instock","13":"sale","14":"shipping-taxable","15":"purchasable","16":"product-type-simple"},"acf":[],"_links":{"self":[{"href":"https:\/\/defabrica.com.mx\/defabrica\/wp-json\/wp\/v2\/product\/90523","targetHints":{"allow":["GET"]}}],"collection":[{"href":"https:\/\/defabrica.com.mx\/defabrica\/wp-json\/wp\/v2\/product"}],"about":[{"href":"https:\/\/defabrica.com.mx\/defabrica\/wp-json\/wp\/v2\/types\/product"}],"replies":[{"embeddable":true,"href":"https:\/\/defabrica.com.mx\/defabrica\/wp-json\/wp\/v2\/comments?post=90523"}],"wp:featuredmedia":[{"embeddable":true,"href":"https:\/\/defabrica.com.mx\/defabrica\/wp-json\/wp\/v2\/media\/90524"}],"wp:attachment":[{"href":"https:\/\/defabrica.com.mx\/defabrica\/wp-json\/wp\/v2\/media?parent=90523"}],"wp:term":[{"taxonomy":"product_brand","embeddable":true,"href":"https:\/\/defabrica.com.mx\/defabrica\/wp-json\/wp\/v2\/product_brand?post=90523"},{"taxonomy":"product_cat","embeddable":true,"href":"https:\/\/defabrica.com.mx\/defabrica\/wp-json\/wp\/v2\/product_cat?post=90523"},{"taxonomy":"product_tag","embeddable":true,"href":"https:\/\/defabrica.com.mx\/defabrica\/wp-json\/wp\/v2\/product_tag?post=90523"}],"curies":[{"name":"wp","href":"https:\/\/api.w.org\/{rel}","templated":true}]}}