{"id":90262,"date":"2022-07-16T14:05:44","date_gmt":"2022-07-16T19:05:44","guid":{"rendered":"https:\/\/defabrica.com.mx\/defabrica\/?post_type=product&#038;p=90262"},"modified":"2023-01-18T16:06:42","modified_gmt":"2023-01-18T22:06:42","slug":"asus-laptop-para-juegos-rog-16-wqxga-165hz-intel-core-i9-memoria-ddr5-de-32gb-nvidia-geforce-rtx-3080-ti-ssd-de-2tb-negro-apagado","status":"publish","type":"product","link":"https:\/\/defabrica.com.mx\/defabrica\/producto\/asus-laptop-para-juegos-rog-16-wqxga-165hz-intel-core-i9-memoria-ddr5-de-32gb-nvidia-geforce-rtx-3080-ti-ssd-de-2tb-negro-apagado\/","title":{"rendered":"ASUS &#8211; Laptop para juegos ROG 16&#8243; WQXGA 165Hz &#8211; Intel Core i9 &#8211; Memoria DDR5 de 32GB &#8211; NVIDIA GeForce RTX 3080 Ti &#8211; SSD de 2TB &#8211; Negro apagado"},"content":{"rendered":"<div class=\"embedded-component-container lv product-description\">\n<div>\n<div id=\"shop-product-description-42343177\" class=\"_none\" data-version=\"1.3.46\">\n<div class=\"shop-product-description\">\n<section class=\"align-heading-left\" data-reactroot=\"\">\n<div class=\"long-description-container body-copy \">\n<div class=\"html-fragment\">Laptop para juegos ASUS ROG Zephyrus M16 con pantalla Nebula.\u00a0La GPU NVIDIA GeForce RTX 3080 Ti de 16 GB GDDR6 produce im\u00e1genes de alta calidad en la pantalla de 500 nits, 165 Hz, 16 pulgadas, 2560 x 1600, el procesador Inte Core i9 y 32 GB de RAM DDR5 de \u00faltima generaci\u00f3n.\u00a0Esta computadora port\u00e1til para juegos ASUS ROG Zephyrus M16 tiene SSD de 2 TB que acorta los tiempos de carga y ofrece un amplio almacenamiento.<\/div>\n<\/div>\n<\/section>\n<\/div>\n<\/div>\n<\/div>\n<\/div>\n<div class=\"embedded-component-container lv product-features\">\n<h3><\/h3>\n<h3 class=\"heading-5 v-fw-regular feature-heading\"><strong>Caracter\u00edsticas<\/strong><\/h3>\n<ul>\n<li><strong>Sistema operativo profesional Windows 11<\/strong><br \/>\nFamilia, amigos, pasiones, m\u00fasica, creaciones, juegos: Windows 11 es el \u00fanico lugar para todo.<\/li>\n<li><strong>Pantalla de nebulosa ROG<\/strong><br \/>\nPantalla ROG Nebula, garantiza brillo m\u00ednimo, representaci\u00f3n de color, tasas de actualizaci\u00f3n, tiempos de respuesta y m\u00e1s.<\/li>\n<li><strong>Pantalla WQXGA de 16&#8243; con frecuencia de actualizaci\u00f3n de 165 Hz<\/strong><br \/>\nPantalla de 500nits con resoluci\u00f3n de 2560 x 1600. Frecuencia de actualizaci\u00f3n r\u00e1pida de 165 hz con tiempo de respuesta de 3 ms. La precisi\u00f3n de color 100% DCI-P3 cuenta con un color y una claridad impresionantes. Retroiluminaci\u00f3n LED de bajo consumo.<\/li>\n<li><strong>Intel\u00ae Core\u2122 i9-12900H de 12.\u00aa generaci\u00f3n<\/strong><br \/>\nCPU Alder Lake Intel\u00ae Core\u2122 i9-12900H. 14 n\u00facleos y 20 hilos<\/li>\n<li><strong>Gr\u00e1ficos NVIDIA GeForce RTX 3080Ti 16GB GDDR6<\/strong><br \/>\nNVIDIA GeForce RTX 3080 Ti 16GB GDDR6 hasta 1175MHz con ROG Boost a 100W (120W con Dynamic Boost 2.0)<\/li>\n<li><strong>32 GB de memoria del sistema DDR5 de 4800 MHz de dos canales y de pr\u00f3xima generaci\u00f3n<\/strong><br \/>\n16 GB (8 GB + 8 GB) de memoria de doble canal aumentan significativamente el rendimiento, en comparaci\u00f3n con un solo canal, y el est\u00e1ndar de memoria de pr\u00f3xima generaci\u00f3n DDR5 de 4800 MHz ultrarr\u00e1pido permite que el Zephyrus M16 realice m\u00faltiples tareas con facilidad.<\/li>\n<li><strong>Unidad de estado s\u00f3lido de 2 TB (PCIe Gen4)<\/strong><br \/>\nGuarde archivos r\u00e1pidamente y almacene m\u00e1s datos y juegos. Con grandes cantidades de almacenamiento y poder de comunicaci\u00f3n avanzado, los SSD PCIe son excelentes para las principales aplicaciones de juegos, m\u00faltiples servidores, copias de seguridad diarias y m\u00e1s.<\/li>\n<li><strong>Conmutador Nvidia Optimus o MUX<\/strong><br \/>\nLa tecnolog\u00eda NVIDIA Optimus optimiza de manera inteligente su computadora port\u00e1til, al mismo tiempo que extiende la duraci\u00f3n de la bater\u00eda para disfrutar m\u00e1s tiempo. Para juegos competitivos, use el interruptor MUX incorporado para cambiar al modo GPU directo para reducir la latencia y aumentar el rendimiento en un promedio del 9 %.<\/li>\n<li><strong>Pesa 4,41 libras y mide 0,78&#8243; de grosor.<\/strong><br \/>\nEl M16 es un verdadero peso pluma para su clase, con un peso de solo 4,41 libras y un grosor de solo 0,78&#8243;. Este chasis extremadamente liviano significa que el M16 es excepcionalmente port\u00e1til, cabe incluso en bolsas peque\u00f1as y maletines de transporte.<\/li>\n<li><strong>Conectividad robusta con Thunderbolt 4<\/strong><br \/>\nROG Zephyrus M16 est\u00e1 lleno de conectividad. Con un USB Type-C dedicado compatible con Thunderbolt\u2122 4, un puerto USB 3.2 Gen 2 Type-C, dos puertos USB 3.2 Gen 2 Type-A y un puerto LAN RJ45, la m\u00e1quina tiene excelentes opciones incluso para dispositivos externos de alta velocidad .<\/li>\n<li><strong>Conectividad inal\u00e1mbrica\/por cable (WiFi 6E)<\/strong><br \/>\nEl \u00faltimo est\u00e1ndar WiFi 6E garantiza una latencia m\u00e1s baja y mejores conexiones de red, incluso en redes WiFi saturadas.<\/li>\n<li><strong>Refrigeraci\u00f3n inteligente ROG<\/strong><br \/>\nDisfruta de modos de refrigeraci\u00f3n inteligentes y din\u00e1micos con ROG Intelligent Cooling. Deje que el sistema elija autom\u00e1ticamente entre diferentes modos de refrigeraci\u00f3n. Esto le permite concentrarse en su trabajo y sumergirse en las pel\u00edculas. O tome el control y cambie manualmente la configuraci\u00f3n de refrigeraci\u00f3n.<\/li>\n<li><strong>Audio cristalino<\/strong><br \/>\nLos altavoces y subwoofers Dual Smart Amp compatibles con Dolby Atmos brindan un excelente sonido est\u00e9reo para su contenido favorito. Para las comunicaciones de voz, una matriz de 3 micr\u00f3fonos High SNR y AI Noise Cancelling mantienen las comunicaciones claras tanto para usted como para sus compa\u00f1eros de equipo, incluso en entornos ruidosos.<\/li>\n<li><strong>C\u00e1mara de infrarrojos de alta definici\u00f3n de 720p<\/strong><br \/>\nChatea por video con amigos y familiares e inicia sesi\u00f3n usando Windows Hello usando la c\u00e1mara HD IR frontal.<\/li>\n<li><strong>Retroiluminaci\u00f3n de teclado RGB de zona \u00fanica<\/strong><br \/>\nTrabaje o juegue en ambientes con poca luz con facilidad y elija cualquier color que se adapte a su estilo.<\/li>\n<li><strong>Paquete de software b\u00e1sico incluido<\/strong><br \/>\nPrueba de 30 d\u00edas de Microsoft Office 365.<\/li>\n<li><strong>Puertos adicionales<\/strong><br \/>\nConector combinado de auriculares\/micr\u00f3fono. Nota: esta computadora port\u00e1til no incluye una unidad de DVD\/CD incorporada.<\/li>\n<\/ul>\n<\/div>\n","protected":false},"excerpt":{"rendered":"<p>Laptop para juegos ASUS ROG Zephyrus M16 con pantalla Nebula.\u00a0La GPU NVIDIA GeForce RTX 3080 Ti de 16 GB GDDR6 produce im\u00e1genes de alta calidad en la pantalla de 500<\/p>\n","protected":false},"featured_media":90268,"comment_status":"open","ping_status":"closed","template":"","meta":{"_acf_changed":false,"_joinchat":[]},"product_brand":[],"product_cat":[277,280,432],"product_tag":[],"class_list":{"0":"post-90262","1":"product","2":"type-product","3":"status-publish","4":"has-post-thumbnail","6":"product_cat-zona-gamer","7":"product_cat-pc-gaming","8":"product_cat-laptops-gamer","10":"first","11":"instock","12":"sale","13":"shipping-taxable","14":"purchasable","15":"product-type-simple"},"acf":[],"_links":{"self":[{"href":"https:\/\/defabrica.com.mx\/defabrica\/wp-json\/wp\/v2\/product\/90262","targetHints":{"allow":["GET"]}}],"collection":[{"href":"https:\/\/defabrica.com.mx\/defabrica\/wp-json\/wp\/v2\/product"}],"about":[{"href":"https:\/\/defabrica.com.mx\/defabrica\/wp-json\/wp\/v2\/types\/product"}],"replies":[{"embeddable":true,"href":"https:\/\/defabrica.com.mx\/defabrica\/wp-json\/wp\/v2\/comments?post=90262"}],"wp:featuredmedia":[{"embeddable":true,"href":"https:\/\/defabrica.com.mx\/defabrica\/wp-json\/wp\/v2\/media\/90268"}],"wp:attachment":[{"href":"https:\/\/defabrica.com.mx\/defabrica\/wp-json\/wp\/v2\/media?parent=90262"}],"wp:term":[{"taxonomy":"product_brand","embeddable":true,"href":"https:\/\/defabrica.com.mx\/defabrica\/wp-json\/wp\/v2\/product_brand?post=90262"},{"taxonomy":"product_cat","embeddable":true,"href":"https:\/\/defabrica.com.mx\/defabrica\/wp-json\/wp\/v2\/product_cat?post=90262"},{"taxonomy":"product_tag","embeddable":true,"href":"https:\/\/defabrica.com.mx\/defabrica\/wp-json\/wp\/v2\/product_tag?post=90262"}],"curies":[{"name":"wp","href":"https:\/\/api.w.org\/{rel}","templated":true}]}}