{"id":90160,"date":"2022-07-15T19:36:01","date_gmt":"2022-07-16T00:36:01","guid":{"rendered":"https:\/\/defabrica.com.mx\/defabrica\/?post_type=product&#038;p=90160"},"modified":"2023-01-18T15:08:17","modified_gmt":"2023-01-18T21:08:17","slug":"corsair-k55-rgb-pro-teclado-para-juegos-de-membrana-domo-con-cable-de-tamano-completo-con-integracion-de-software-elgato-stream-deck-negro","status":"publish","type":"product","link":"https:\/\/defabrica.com.mx\/defabrica\/producto\/corsair-k55-rgb-pro-teclado-para-juegos-de-membrana-domo-con-cable-de-tamano-completo-con-integracion-de-software-elgato-stream-deck-negro\/","title":{"rendered":"CORSAIR &#8211; K55 RGB Pro Teclado para juegos de membrana domo con cable de tama\u00f1o completo con integraci\u00f3n de software Elgato Stream Deck &#8211; Negro"},"content":{"rendered":"<div class=\"embedded-component-container lv product-description\">\n<div>\n<div id=\"shop-product-description-46202909\" class=\"_none\" data-version=\"1.3.46\">\n<div class=\"shop-product-description\">\n<section class=\"align-heading-left\" data-reactroot=\"\">\n<div class=\"long-description-container body-copy \">\n<div class=\"html-fragment\">El teclado para juegos CORSAIR K55 RGB PRO ilumina su escritorio con una vibrante retroiluminaci\u00f3n RGB din\u00e1mica de cinco zonas y potencia su juego con seis teclas macro dedicadas f\u00e1ciles de configurar.\u00a0El K55 RGB PRO XT est\u00e1 certificado para resistencia al polvo y derrames IP42 para resistir el desgaste y m\u00e1s, con un reposamanos desmontable para garantizar la comodidad durante todo el d\u00eda.\u00a0Las teclas silenciosas y receptivas son c\u00f3modas para escribir o jugar, y las teclas multimedia dedicadas permiten reproducir, pausar y m\u00e1s al alcance de la mano.\u00a0El software CORSAIR iCUE facilita la personalizaci\u00f3n de la iluminaci\u00f3n y las macros, mientras que el anti-ghosting y el rollover selectivo de teclas garantizan que sus entradas cr\u00edticas se entreguen cuando m\u00e1s importan.<\/div>\n<\/div>\n<\/section>\n<\/div>\n<\/div>\n<\/div>\n<\/div>\n<div class=\"embedded-component-container lv product-features\">\n<h3><\/h3>\n<h3 class=\"heading-5 v-fw-regular feature-heading\"><strong>Caracter\u00edsticas<\/strong><\/h3>\n<ul>\n<li><strong>Retroiluminaci\u00f3n RGB din\u00e1mica:<\/strong><br \/>\nIlumine su escritorio con seis efectos de iluminaci\u00f3n integrados, asigne un color a cada zona de iluminaci\u00f3n o programe sus propios efectos de iluminaci\u00f3n vibrantes en cinco zonas de iluminaci\u00f3n RGB con el software CORSAIR iCUE.<\/li>\n<li><strong>Seis teclas macro dedicadas<\/strong><br \/>\nActive funciones, accesos directos o pulsaciones de teclas con solo un golpe con seis teclas de macro dedicadas, configure f\u00e1cilmente a trav\u00e9s del software CORSAIR iCUE o use comandos de transmisi\u00f3n instant\u00e1nea a trav\u00e9s del software Elgato Stream Deck.<\/li>\n<li><strong>Dise\u00f1o resistente al polvo y derrames<\/strong><br \/>\nLa protecci\u00f3n con clasificaci\u00f3n IP42 protege contra accidentes para que su juego nunca tenga que detenerse.<\/li>\n<li><strong>Reposamanos desmontable<\/strong><br \/>\nUn reposamanos de goma suave reduce el estr\u00e9s en las manos para que pueda jugar m\u00e1s tiempo con comodidad, con una superficie texturizada para evitar que las manos se resbalen.<\/li>\n<li><strong>Teclas multimedia y de volumen dedicadas<\/strong><br \/>\nControl conveniente para la reproducci\u00f3n de medios y el volumen de ajuste fino sobre la marcha sin tener que interrumpir su juego.<\/li>\n<li><strong>Teclas silenciosas y receptivas<\/strong><br \/>\nPara escribir c\u00f3modamente durante el trabajo y el juego, con un toque t\u00e1ctil para un rendimiento de juego receptivo.<\/li>\n<li><strong>Potente software CORSAIR iCUE<\/strong><br \/>\nOfrece control de iluminaci\u00f3n RGB din\u00e1mico, programaci\u00f3n macro sofisticada, sincronizaci\u00f3n de iluminaci\u00f3n en todo el sistema y mucho m\u00e1s, todo en una sola interfaz que conecta todos los dispositivos CORSAIR compatibles con iCUE en toda su configuraci\u00f3n.<\/li>\n<li><strong>Anti-Ghosting con transferencia selectiva de teclas<\/strong><br \/>\nGarantiza que sus entradas de juegos FPS y MOBA siempre se registren incluso con pulsaciones simult\u00e1neas de teclas.<\/li>\n<li><strong>Bot\u00f3n de bloqueo de teclas de Windows dedicado<\/strong><br \/>\nEvita las pulsaciones accidentales de Windows y del men\u00fa contextual para garantizar que nunca interrumpa su juego en momentos cr\u00edticos.<\/li>\n<\/ul>\n<\/div>\n","protected":false},"excerpt":{"rendered":"<p>El teclado para juegos CORSAIR K55 RGB PRO ilumina su escritorio con una vibrante retroiluminaci\u00f3n RGB din\u00e1mica de cinco zonas y potencia su juego con seis teclas macro dedicadas f\u00e1ciles<\/p>\n","protected":false},"featured_media":90162,"comment_status":"open","ping_status":"closed","template":"","meta":{"_acf_changed":false,"_joinchat":[]},"product_brand":[],"product_cat":[277,280,434],"product_tag":[],"class_list":{"0":"post-90160","1":"product","2":"type-product","3":"status-publish","4":"has-post-thumbnail","6":"product_cat-zona-gamer","7":"product_cat-pc-gaming","8":"product_cat-mouse-y-teclado-gamer","10":"first","11":"instock","12":"sale","13":"shipping-taxable","14":"purchasable","15":"product-type-simple"},"acf":[],"_links":{"self":[{"href":"https:\/\/defabrica.com.mx\/defabrica\/wp-json\/wp\/v2\/product\/90160","targetHints":{"allow":["GET"]}}],"collection":[{"href":"https:\/\/defabrica.com.mx\/defabrica\/wp-json\/wp\/v2\/product"}],"about":[{"href":"https:\/\/defabrica.com.mx\/defabrica\/wp-json\/wp\/v2\/types\/product"}],"replies":[{"embeddable":true,"href":"https:\/\/defabrica.com.mx\/defabrica\/wp-json\/wp\/v2\/comments?post=90160"}],"wp:featuredmedia":[{"embeddable":true,"href":"https:\/\/defabrica.com.mx\/defabrica\/wp-json\/wp\/v2\/media\/90162"}],"wp:attachment":[{"href":"https:\/\/defabrica.com.mx\/defabrica\/wp-json\/wp\/v2\/media?parent=90160"}],"wp:term":[{"taxonomy":"product_brand","embeddable":true,"href":"https:\/\/defabrica.com.mx\/defabrica\/wp-json\/wp\/v2\/product_brand?post=90160"},{"taxonomy":"product_cat","embeddable":true,"href":"https:\/\/defabrica.com.mx\/defabrica\/wp-json\/wp\/v2\/product_cat?post=90160"},{"taxonomy":"product_tag","embeddable":true,"href":"https:\/\/defabrica.com.mx\/defabrica\/wp-json\/wp\/v2\/product_tag?post=90160"}],"curies":[{"name":"wp","href":"https:\/\/api.w.org\/{rel}","templated":true}]}}