{"id":90143,"date":"2022-07-15T19:19:20","date_gmt":"2022-07-16T00:19:20","guid":{"rendered":"https:\/\/defabrica.com.mx\/defabrica\/?post_type=product&#038;p=90143"},"modified":"2022-07-15T19:19:20","modified_gmt":"2022-07-16T00:19:20","slug":"corsair-k70-rgb-tkl-champion-series-wired-mechanical-cherry-mx-speed-%e2%80%8b%e2%80%8blinear-keyswitches-teclado-para-juegos-con-tasa-de-sondeo-de-8000-hz-negro","status":"publish","type":"product","link":"https:\/\/defabrica.com.mx\/defabrica\/producto\/corsair-k70-rgb-tkl-champion-series-wired-mechanical-cherry-mx-speed-%e2%80%8b%e2%80%8blinear-keyswitches-teclado-para-juegos-con-tasa-de-sondeo-de-8000-hz-negro\/","title":{"rendered":"CORSAIR &#8211; K70 RGB TKL Champion Series Wired Mechanical Cherry MX Speed \u200b\u200bLinear Keyswitches Teclado para juegos con tasa de sondeo de 8000 Hz &#8211; Negro"},"content":{"rendered":"<div class=\"embedded-component-container lv product-description\">\n<div>\n<div id=\"shop-product-description-65451487\" class=\"_none\" data-version=\"1.3.46\">\n<div class=\"shop-product-description\">\n<section class=\"align-heading-left\" data-reactroot=\"\">\n<div class=\"long-description-container body-copy \">\n<div class=\"html-fragment\"><span>El teclado mec\u00e1nico para juegos CORSAIR K70 RGB TKL CHAMPION SERIES lo llevar\u00e1 a la victoria con un factor de forma compacto sin teclas, un rendimiento de nivel profesional impulsado por la tecnolog\u00eda de hiperprocesamiento CORSAIR AXON y los interruptores de tecla CHERRY MX de renombre mundial.\u00a0Gane con estilo con un marco de aluminio duradero y retroiluminaci\u00f3n RGB din\u00e1mica por tecla, y mueva el interruptor del torneo para desactivar instant\u00e1neamente las macros y cambiar a una iluminaci\u00f3n sin distracciones.\u00a0Las teclas PBT de doble disparo con un grosor de 1,5 m resisten el desgaste, la decoloraci\u00f3n y el brillo durante a\u00f1os.\u00a0El potente software iCUE tanto en PC como en macOS permite la programaci\u00f3n de macros personalizados y la reasignaci\u00f3n de teclas, mientras que las teclas de medios dedicadas y un control de volumen de aluminio ofrecen un control conveniente sobre los medios.\u00a0El K70 RGB TKL es una potencia port\u00e1til gracias a un cable USB tipo C desmontable y 8 MB de almacenamiento integrado para hasta 50 perfiles,<\/span><\/div>\n<\/div>\n<\/section>\n<\/div>\n<\/div>\n<\/div>\n<\/div>\n<div class=\"embedded-component-container lv product-features\">\n<h3><\/h3>\n<h3 class=\"heading-5 v-fw-regular feature-heading\"><strong>Caracter\u00edsticas<\/strong><\/h3>\n<ul>\n<li><strong>Construido para campeones<\/strong><br \/>\nLos productos CORSAIR CHAMPION SERIES est\u00e1n dise\u00f1ados y probados por los mejores profesionales de los deportes electr\u00f3nicos, lo que lo ayuda a alcanzar la victoria con un teclado de nivel de competencia que cuenta con un factor de forma sin teclas port\u00e1til y que ahorra espacio, un cable USB tipo C desmontable y un modo de torneo. cambiar.<\/li>\n<li><strong>Con la tecnolog\u00eda de hiperprocesamiento CORSAIR AXON<\/strong><br \/>\nTransmite sus entradas a su PC hasta 8 veces m\u00e1s r\u00e1pido que los teclados para juegos convencionales con hipersondeo de 8000 Hz.<\/li>\n<li><strong>Enfr\u00e9ntate a la competencia con estilo<\/strong><br \/>\nUn marco de aluminio duradero y refinado est\u00e1 iluminado por retroiluminaci\u00f3n RGB din\u00e1mica por tecla totalmente programable para lucir los colores de su equipo o crear sus propios efectos de iluminaci\u00f3n personalizados.<\/li>\n<li><strong>Torneo listo<\/strong><br \/>\nMueva el interruptor del torneo y conc\u00e9ntrese en ganar esos juegos cr\u00edticos, cambiando autom\u00e1ticamente a la retroiluminaci\u00f3n est\u00e1tica sin distracciones y desactivando las activaciones accidentales de macros.<\/li>\n<li><strong>Teclas PBT de doble disparo<\/strong><br \/>\nUn juego de teclas moldeadas con precisi\u00f3n con un dise\u00f1o de fila inferior est\u00e1ndar resiste el desgaste, la decoloraci\u00f3n y el brillo, con un grosor de 1,5 mm para una estabilidad r\u00edgida.<\/li>\n<li><strong>Interruptores de llave mec\u00e1nicos plateados 100 % CHERRY MX SPEED RGB<\/strong><br \/>\nOfrezca tiempos de respuesta ultrarr\u00e1pidos con una distancia de actuaci\u00f3n de 1,2 mm, registrando pulsaciones de teclas hasta 4 veces m\u00e1s r\u00e1pido que los teclados mec\u00e1nicos para juegos est\u00e1ndar con CORSAIR AXON, y est\u00e1n garantizados para 100 millones de pulsaciones de teclas.<\/li>\n<li><strong>Cable USB tipo C trenzado desmontable y duradero<\/strong><br \/>\nHace que el K70 RGB TKL sea f\u00e1cil de llevar y conectar en cualquier lugar.<\/li>\n<li><strong>Teclas multimedia dedicadas y rodillo de volumen<\/strong><br \/>\nLas c\u00f3modas teclas multimedia y el exclusivo rodillo de volumen de aluminio de CORSAIR le permiten tomar el control de sus medios sin interrumpir su juego.<\/li>\n<li><strong>Potente software iCUE<\/strong><br \/>\nCompatible con Windows y macOS, permite el control de iluminaci\u00f3n RGB din\u00e1mico, reasignaciones de teclas y programaci\u00f3n de macros, e integraciones exclusivas con juegos seleccionados que convierten la iluminaci\u00f3n de su sistema en una extensi\u00f3n de la acci\u00f3n.<\/li>\n<li><strong>Rollover N-Key completo (NKRO) y 100 % anti-ghosting<\/strong><br \/>\nGarantiza que cada pulsaci\u00f3n de tecla se registre, sin importar qu\u00e9 tan r\u00e1pido juegues.<\/li>\n<li><strong>8 MB de almacenamiento integrado<\/strong><br \/>\nAlmacene hasta 50 perfiles integrados con macros personalizadas y sus propios efectos de iluminaci\u00f3n RGB \u00fanicos y vibrantes con hasta 20 capas de iluminaci\u00f3n.<\/li>\n<\/ul>\n<\/div>\n","protected":false},"excerpt":{"rendered":"<p>El teclado mec\u00e1nico para juegos CORSAIR K70 RGB TKL CHAMPION SERIES lo llevar\u00e1 a la victoria con un factor de forma compacto sin teclas, un rendimiento de nivel profesional impulsado<\/p>\n","protected":false},"featured_media":90144,"comment_status":"open","ping_status":"closed","template":"","meta":{"_acf_changed":false,"_joinchat":[]},"product_brand":[],"product_cat":[277,280,434],"product_tag":[],"class_list":{"0":"post-90143","1":"product","2":"type-product","3":"status-publish","4":"has-post-thumbnail","6":"product_cat-zona-gamer","7":"product_cat-pc-gaming","8":"product_cat-mouse-y-teclado-gamer","10":"first","11":"instock","12":"sale","13":"shipping-taxable","14":"purchasable","15":"product-type-simple"},"acf":[],"_links":{"self":[{"href":"https:\/\/defabrica.com.mx\/defabrica\/wp-json\/wp\/v2\/product\/90143","targetHints":{"allow":["GET"]}}],"collection":[{"href":"https:\/\/defabrica.com.mx\/defabrica\/wp-json\/wp\/v2\/product"}],"about":[{"href":"https:\/\/defabrica.com.mx\/defabrica\/wp-json\/wp\/v2\/types\/product"}],"replies":[{"embeddable":true,"href":"https:\/\/defabrica.com.mx\/defabrica\/wp-json\/wp\/v2\/comments?post=90143"}],"wp:featuredmedia":[{"embeddable":true,"href":"https:\/\/defabrica.com.mx\/defabrica\/wp-json\/wp\/v2\/media\/90144"}],"wp:attachment":[{"href":"https:\/\/defabrica.com.mx\/defabrica\/wp-json\/wp\/v2\/media?parent=90143"}],"wp:term":[{"taxonomy":"product_brand","embeddable":true,"href":"https:\/\/defabrica.com.mx\/defabrica\/wp-json\/wp\/v2\/product_brand?post=90143"},{"taxonomy":"product_cat","embeddable":true,"href":"https:\/\/defabrica.com.mx\/defabrica\/wp-json\/wp\/v2\/product_cat?post=90143"},{"taxonomy":"product_tag","embeddable":true,"href":"https:\/\/defabrica.com.mx\/defabrica\/wp-json\/wp\/v2\/product_tag?post=90143"}],"curies":[{"name":"wp","href":"https:\/\/api.w.org\/{rel}","templated":true}]}}