{"id":90131,"date":"2022-07-15T19:11:02","date_gmt":"2022-07-16T00:11:02","guid":{"rendered":"https:\/\/defabrica.com.mx\/defabrica\/?post_type=product&#038;p=90131"},"modified":"2023-01-18T15:06:30","modified_gmt":"2023-01-18T21:06:30","slug":"corsair-raton-optico-inalambrico-para-juegos-katar-pro-con-tecnologia-slipstream-negro","status":"publish","type":"product","link":"https:\/\/defabrica.com.mx\/defabrica\/producto\/corsair-raton-optico-inalambrico-para-juegos-katar-pro-con-tecnologia-slipstream-negro\/","title":{"rendered":"CORSAIR &#8211; Rat\u00f3n \u00f3ptico inal\u00e1mbrico para juegos KATAR PRO con tecnolog\u00eda Slipstream &#8211; Negro"},"content":{"rendered":"<div class=\"embedded-component-container lv product-description\">\n<div>\n<div id=\"shop-product-description-22804441\" class=\"_none\" data-version=\"1.3.46\">\n<div class=\"shop-product-description\">\n<section class=\"align-heading-left\" data-reactroot=\"\">\n<div class=\"long-description-container body-copy \">\n<div class=\"html-fragment\">El mouse para juegos CORSAIR KATAR PRO WIRELESS liviano se conecta a trav\u00e9s de SLIPSTREAM WIRELESS ultrarr\u00e1pido o Bluetooth\u00ae de baja latencia.\u00a0Con un peso de solo 96 g, su forma sim\u00e9trica compacta es adecuada tanto para estilos de agarre con garra como con la punta de los dedos, mientras que un sensor \u00f3ptico de 10,000 DPI ofrece la precisi\u00f3n que necesita en momentos cr\u00edticos.\u00a0Tome el control con el software CORSAIR iCUE para programar los seis botones de KATAR PRO WIRELESS con reasignaciones de botones o macros personalizadas, ajuste la sensibilidad, personalice tres ajustes preestablecidos de DPI y m\u00e1s.\u00a0Juega hasta 135 horas con una sola bater\u00eda AA y lleva tu perfil de iluminaci\u00f3n y macro favorito contigo a cualquier lugar con el almacenamiento integrado.\u00a0Tome el KATAR PRO WIRELESS en la mano para un dise\u00f1o liviano y un rendimiento de peso pesado.<\/div>\n<\/div>\n<\/section>\n<\/div>\n<\/div>\n<\/div>\n<\/div>\n<div class=\"embedded-component-container lv product-features\">\n<h3><\/h3>\n<h3 class=\"heading-5 v-fw-regular feature-heading\"><strong>Caracter\u00edsticas<\/strong><\/h3>\n<ul>\n<li><strong>Juego en el carril r\u00e1pido<\/strong><br \/>\nJuegue con la TECNOLOG\u00cdA INAL\u00c1MBRICA SLIPSTREAM CORSAIR h\u00edper-r\u00e1pida de menos de 1 ms, o con\u00e9ctese a una amplia gama de dispositivos con Bluetooth\u00ae de baja latencia.<\/li>\n<li><strong>Ligero y \u00e1gil<\/strong><br \/>\nCon un peso de solo 96 g, el KATAR PRO WIRELESS es ideal para horas de juego FPS o MOBA de ritmo r\u00e1pido.<\/li>\n<li><strong>Juega por d\u00edas<\/strong><br \/>\nAlimentado por una sola bater\u00eda AA con hasta 135 horas de duraci\u00f3n de la bater\u00eda.<\/li>\n<li><strong>Forma sim\u00e9trica compacta<\/strong><br \/>\nIdeal para estilos de agarre de garra y punta de los dedos.<\/li>\n<li><strong>Sensor \u00f3ptico de 10 000 ppp<\/strong><br \/>\nUn sensor PMW3325 de PixArt ofrece la precisi\u00f3n y el seguimiento de alta precisi\u00f3n que necesita para la victoria.<\/li>\n<li><strong>Seis botones totalmente programables<\/strong><br \/>\nCrea una ventaja en el juego con reasignaciones de botones y macros personalizadas.<\/li>\n<li><strong>Configuraci\u00f3n sencilla<\/strong><br \/>\nSimplemente conecte el adaptador inal\u00e1mbrico a un puerto USB y encienda el mouse para comenzar a jugar de inmediato.<\/li>\n<li><strong>Potente software CORSAIR iCUE<\/strong><br \/>\nPermite la programaci\u00f3n de macros personalizada, la reasignaci\u00f3n de botones, el ajuste de la sensibilidad del mouse, la calibraci\u00f3n de la superficie y m\u00e1s.<\/li>\n<li><strong>Cambiar DPI sobre la marcha<\/strong><br \/>\nCambia entre tres configuraciones de DPI preestablecidas sin tener que interrumpir tu juego.<\/li>\n<li><strong>Almacenamiento de perfiles integrado<\/strong><br \/>\nGuarde su perfil de iluminaci\u00f3n y macro favorito para llevarlo a cualquier lugar y usarlo con cualquier PC o computadora port\u00e1til.<\/li>\n<\/ul>\n<\/div>\n","protected":false},"excerpt":{"rendered":"<p>El mouse para juegos CORSAIR KATAR PRO WIRELESS liviano se conecta a trav\u00e9s de SLIPSTREAM WIRELESS ultrarr\u00e1pido o Bluetooth\u00ae de baja latencia.\u00a0Con un peso de solo 96 g, su forma<\/p>\n","protected":false},"featured_media":90133,"comment_status":"open","ping_status":"closed","template":"","meta":{"_acf_changed":false,"_joinchat":[]},"product_brand":[],"product_cat":[277,280,434],"product_tag":[],"class_list":{"0":"post-90131","1":"product","2":"type-product","3":"status-publish","4":"has-post-thumbnail","6":"product_cat-zona-gamer","7":"product_cat-pc-gaming","8":"product_cat-mouse-y-teclado-gamer","10":"first","11":"instock","12":"sale","13":"shipping-taxable","14":"purchasable","15":"product-type-simple"},"acf":[],"_links":{"self":[{"href":"https:\/\/defabrica.com.mx\/defabrica\/wp-json\/wp\/v2\/product\/90131","targetHints":{"allow":["GET"]}}],"collection":[{"href":"https:\/\/defabrica.com.mx\/defabrica\/wp-json\/wp\/v2\/product"}],"about":[{"href":"https:\/\/defabrica.com.mx\/defabrica\/wp-json\/wp\/v2\/types\/product"}],"replies":[{"embeddable":true,"href":"https:\/\/defabrica.com.mx\/defabrica\/wp-json\/wp\/v2\/comments?post=90131"}],"wp:featuredmedia":[{"embeddable":true,"href":"https:\/\/defabrica.com.mx\/defabrica\/wp-json\/wp\/v2\/media\/90133"}],"wp:attachment":[{"href":"https:\/\/defabrica.com.mx\/defabrica\/wp-json\/wp\/v2\/media?parent=90131"}],"wp:term":[{"taxonomy":"product_brand","embeddable":true,"href":"https:\/\/defabrica.com.mx\/defabrica\/wp-json\/wp\/v2\/product_brand?post=90131"},{"taxonomy":"product_cat","embeddable":true,"href":"https:\/\/defabrica.com.mx\/defabrica\/wp-json\/wp\/v2\/product_cat?post=90131"},{"taxonomy":"product_tag","embeddable":true,"href":"https:\/\/defabrica.com.mx\/defabrica\/wp-json\/wp\/v2\/product_tag?post=90131"}],"curies":[{"name":"wp","href":"https:\/\/api.w.org\/{rel}","templated":true}]}}