{"id":90029,"date":"2022-07-15T14:20:12","date_gmt":"2022-07-15T19:20:12","guid":{"rendered":"https:\/\/defabrica.com.mx\/defabrica\/?post_type=product&#038;p=90029"},"modified":"2023-01-18T14:46:36","modified_gmt":"2023-01-18T20:46:36","slug":"hyperx-teclado-para-juegos-con-interruptor-rojo-mecanico-con-cable-de-tamano-completo-alloy-origins-con-iluminacion-trasera-rgb-negro","status":"publish","type":"product","link":"https:\/\/defabrica.com.mx\/defabrica\/producto\/hyperx-teclado-para-juegos-con-interruptor-rojo-mecanico-con-cable-de-tamano-completo-alloy-origins-con-iluminacion-trasera-rgb-negro\/","title":{"rendered":"HyperX &#8211; Teclado para juegos con interruptor rojo mec\u00e1nico con cable de tama\u00f1o completo Alloy Origins con iluminaci\u00f3n trasera RGB &#8211; Negro"},"content":{"rendered":"<p>Mant\u00e9ngase en la cima de su juego con este teclado mec\u00e1nico para juegos Kingston HyperX Alloy Origins.\u00a0El cuerpo de aluminio aumenta la durabilidad para el uso diario, mientras que los interruptores mec\u00e1nicos ofrecen precisi\u00f3n, permiti\u00e9ndole mantener el control total en todo momento.\u00a0Este teclado mec\u00e1nico para juegos Kingston HyperX Alloy Origins tiene tres \u00e1ngulos ajustables para una configuraci\u00f3n personalizada y c\u00f3moda, y el dise\u00f1o compacto con un cable USB tipo C desmontable le permite moverse libremente.<\/p>\n<h3><\/h3>\n<h3 class=\"heading-5 v-fw-regular feature-heading\"><strong>Caracter\u00edsticas<\/strong><\/h3>\n<ul>\n<li><strong>Interruptores mec\u00e1nicos HyperX Red<\/strong><br \/>\nOfrezca tiempos de respuesta r\u00e1pidos para una acci\u00f3n r\u00e1pida en el juego.<\/li>\n<li><strong>Software HyperX NGENUITY<\/strong><br \/>\nPermite personalizar la iluminaci\u00f3n, crear macros y ajustar el modo de juego.<\/li>\n<li><strong>Teclas retroiluminadas RGB<\/strong><br \/>\nLe permite ver su teclado incluso con poca luz.<\/li>\n<li><strong>Tres \u00e1ngulos de teclado ajustables<\/strong><br \/>\nOfrece varios \u00e1ngulos de inclinaci\u00f3n para una configuraci\u00f3n personalizada y mayor comodidad.<\/li>\n<li><strong>memoria a bordo<\/strong><br \/>\nPara almacenar hasta 3 perfiles de iluminaci\u00f3n y macro personalizables.<\/li>\n<li><strong>Teclado num\u00e9rico integrado<\/strong><br \/>\nPermite la entrada de datos simple cuando no est\u00e1 jugando para uso multifunci\u00f3n.<\/li>\n<li><strong>interfaz USB<\/strong><br \/>\nPermite una simple conexi\u00f3n por cable a su computadora.<\/li>\n<li><strong>Compatible con Windows<\/strong><br \/>\nPara usar con su computadora actual.<\/li>\n<li><strong>Cuerpo completo de aluminio de calidad aeron\u00e1utica<\/strong><br \/>\nOfrece una construcci\u00f3n duradera.<\/li>\n<li><strong>Dise\u00f1o compacto<\/strong><br \/>\nJunto con el cable desmontable, ofrece mayor portabilidad.<\/li>\n<li><strong>Controles multimedia<\/strong><br \/>\nPara que pueda ajustar la configuraci\u00f3n de audio mientras est\u00e1 en el juego.<\/li>\n<\/ul>\n","protected":false},"excerpt":{"rendered":"<p>Mant\u00e9ngase en la cima de su juego con este teclado mec\u00e1nico para juegos Kingston HyperX Alloy Origins.\u00a0El cuerpo de aluminio aumenta la durabilidad para el uso diario, mientras que los<\/p>\n","protected":false},"featured_media":90030,"comment_status":"open","ping_status":"closed","template":"","meta":{"_acf_changed":false,"_joinchat":[]},"product_brand":[],"product_cat":[277,280,434],"product_tag":[],"class_list":{"0":"post-90029","1":"product","2":"type-product","3":"status-publish","4":"has-post-thumbnail","6":"product_cat-zona-gamer","7":"product_cat-pc-gaming","8":"product_cat-mouse-y-teclado-gamer","10":"first","11":"instock","12":"sale","13":"shipping-taxable","14":"purchasable","15":"product-type-simple"},"acf":[],"_links":{"self":[{"href":"https:\/\/defabrica.com.mx\/defabrica\/wp-json\/wp\/v2\/product\/90029","targetHints":{"allow":["GET"]}}],"collection":[{"href":"https:\/\/defabrica.com.mx\/defabrica\/wp-json\/wp\/v2\/product"}],"about":[{"href":"https:\/\/defabrica.com.mx\/defabrica\/wp-json\/wp\/v2\/types\/product"}],"replies":[{"embeddable":true,"href":"https:\/\/defabrica.com.mx\/defabrica\/wp-json\/wp\/v2\/comments?post=90029"}],"wp:featuredmedia":[{"embeddable":true,"href":"https:\/\/defabrica.com.mx\/defabrica\/wp-json\/wp\/v2\/media\/90030"}],"wp:attachment":[{"href":"https:\/\/defabrica.com.mx\/defabrica\/wp-json\/wp\/v2\/media?parent=90029"}],"wp:term":[{"taxonomy":"product_brand","embeddable":true,"href":"https:\/\/defabrica.com.mx\/defabrica\/wp-json\/wp\/v2\/product_brand?post=90029"},{"taxonomy":"product_cat","embeddable":true,"href":"https:\/\/defabrica.com.mx\/defabrica\/wp-json\/wp\/v2\/product_cat?post=90029"},{"taxonomy":"product_tag","embeddable":true,"href":"https:\/\/defabrica.com.mx\/defabrica\/wp-json\/wp\/v2\/product_tag?post=90029"}],"curies":[{"name":"wp","href":"https:\/\/api.w.org\/{rel}","templated":true}]}}