{"id":90011,"date":"2022-07-15T14:10:56","date_gmt":"2022-07-15T19:10:56","guid":{"rendered":"https:\/\/defabrica.com.mx\/defabrica\/?post_type=product&#038;p=90011"},"modified":"2023-01-18T14:45:36","modified_gmt":"2023-01-18T20:45:36","slug":"hyperx-teclado-para-juegos-con-interruptor-rojo-lineal-mecanico-con-cable-60-alloy-origins-y-retroiluminacion-rgb-negro","status":"publish","type":"product","link":"https:\/\/defabrica.com.mx\/defabrica\/producto\/hyperx-teclado-para-juegos-con-interruptor-rojo-lineal-mecanico-con-cable-60-alloy-origins-y-retroiluminacion-rgb-negro\/","title":{"rendered":"HyperX &#8211; Teclado para juegos con interruptor rojo lineal mec\u00e1nico con cable 60 % Alloy Origins y retroiluminaci\u00f3n RGB &#8211; Negro"},"content":{"rendered":"<div class=\"embedded-component-container lv product-description\">\n<div>\n<div id=\"shop-product-description-38980495\" class=\"_none\" data-version=\"1.3.46\">\n<div class=\"shop-product-description\">\n<section class=\"align-heading-left\" data-reactroot=\"\">\n<div class=\"long-description-container body-copy \">\n<div class=\"html-fragment\">El HyperX Alloy Origins 60 es un teclado sumamente port\u00e1til con un factor de forma del 60 % que le brinda m\u00e1s espacio para movimientos de barrido del mouse.\u00a0Cuenta con un marco de aluminio cepillado duradero y conmutadores HyperX confiables equilibrados para velocidad y rendimiento que est\u00e1n clasificados para soportar 80 millones de pulsaciones de teclas.\u00a0Las teclas PBT de doble disparo est\u00e1ndar tienen funciones secundarias impresas para que pueda ubicar r\u00e1pidamente la funcionalidad adicional.\u00a0Deje que su estilo brille con el dise\u00f1o LED expuesto de los interruptores HyperX y los sorprendentes efectos de iluminaci\u00f3n.\u00a0Personaliza a\u00fan m\u00e1s tu teclado con macros, perfiles de iluminaci\u00f3n personalizados y m\u00e1s con el software HyperX NGENUITY.<\/div>\n<\/div>\n<\/section>\n<\/div>\n<\/div>\n<\/div>\n<\/div>\n<div class=\"embedded-component-container lv product-features\">\n<h3><\/h3>\n<h3 class=\"heading-5 v-fw-regular feature-heading\"><strong>Caracter\u00edsticas<\/strong><\/h3>\n<ul>\n<li><strong>Factor de forma peque\u00f1o del 60 %<\/strong><br \/>\nLibere m\u00e1s espacio para su mouse con este teclado sumamente compacto.<\/li>\n<li><strong>Cuerpo completo de aluminio de calidad aeron\u00e1utica<\/strong><br \/>\nLa carcasa de aluminio mantiene el teclado estructuralmente s\u00f3lido y estable cuando la acci\u00f3n se vuelve intensa y el juego pende de un hilo; batalla tras batalla, noche tras noche.<\/li>\n<li><strong>Teclas PBT de doble disparo con funciones secundarias impresas en el lateral<\/strong><br \/>\nLas teclas est\u00e1n dise\u00f1adas con material PBT duradero que es resistente al desgaste, la fricci\u00f3n y los solventes. Las funciones secundarias est\u00e1n impresas en los lados de las teclas para un reconocimiento r\u00e1pido<\/li>\n<li><strong>Interruptores mec\u00e1nicos HyperX*<\/strong><br \/>\nLos interruptores de llave est\u00e1n dise\u00f1ados a medida para lograr un equilibrio entre capacidad de respuesta y precisi\u00f3n, con un tiempo de recorrido corto y una fuerza de actuaci\u00f3n baja. Tambi\u00e9n son confiables, clasificados para 80 millones de pulsaciones de teclas sin p\u00e9rdida de calidad.<\/li>\n<li><strong>Teclas retroiluminadas RGB con efectos de iluminaci\u00f3n radiante<\/strong><br \/>\nObtenga una iluminaci\u00f3n RGB m\u00e1s brillante y luminosa, gracias al dise\u00f1o LED expuesto de los interruptores mec\u00e1nicos HyperX.<\/li>\n<li><strong>Compatibilidad multiplataforma<\/strong><br \/>\nEl teclado es compatible con PC, PS5, PS4, Xbox Series X|S y Xbox One, por lo que puede tener un teclado para juegos de PC y consola.<\/li>\n<li><strong>Memoria integrada para tres perfiles<\/strong><br \/>\nCrea tus propios espect\u00e1culos de luces dise\u00f1ados a medida, gu\u00e1rdalos directamente en el teclado y ll\u00e9valos contigo dondequiera que vayas.<\/li>\n<li><strong>Modo de juego, 100 % anti-ghosting y rollover de tecla N<\/strong><br \/>\nAseg\u00farate de registrar todas las pulsaciones de teclas y de no salirte del juego accidentalmente en momentos clave.<\/li>\n<li><strong>Personalizaci\u00f3n avanzada con HyperX NGENUITY<\/strong><br \/>\nPersonalice el modo de juego, cree macros y configure la iluminaci\u00f3n y los efectos por tecla.<\/li>\n<li><strong>Tres \u00e1ngulos de teclado ajustables y cable USB-C desmontable<\/strong><br \/>\nLos pies de teclado de dos pasos le permiten configurar su teclado en 3 \u00e1ngulos de inclinaci\u00f3n diferentes. Un cable USC-C desmontable hace que este teclado ultracompacto sea s\u00faper port\u00e1til.<\/li>\n<\/ul>\n<\/div>\n","protected":false},"excerpt":{"rendered":"<p>El HyperX Alloy Origins 60 es un teclado sumamente port\u00e1til con un factor de forma del 60 % que le brinda m\u00e1s espacio para movimientos de barrido del mouse.\u00a0Cuenta con<\/p>\n","protected":false},"featured_media":90012,"comment_status":"open","ping_status":"closed","template":"","meta":{"_acf_changed":false,"_joinchat":[]},"product_brand":[],"product_cat":[277,280,434],"product_tag":[],"class_list":{"0":"post-90011","1":"product","2":"type-product","3":"status-publish","4":"has-post-thumbnail","6":"product_cat-zona-gamer","7":"product_cat-pc-gaming","8":"product_cat-mouse-y-teclado-gamer","10":"first","11":"instock","12":"sale","13":"shipping-taxable","14":"purchasable","15":"product-type-simple"},"acf":[],"_links":{"self":[{"href":"https:\/\/defabrica.com.mx\/defabrica\/wp-json\/wp\/v2\/product\/90011","targetHints":{"allow":["GET"]}}],"collection":[{"href":"https:\/\/defabrica.com.mx\/defabrica\/wp-json\/wp\/v2\/product"}],"about":[{"href":"https:\/\/defabrica.com.mx\/defabrica\/wp-json\/wp\/v2\/types\/product"}],"replies":[{"embeddable":true,"href":"https:\/\/defabrica.com.mx\/defabrica\/wp-json\/wp\/v2\/comments?post=90011"}],"wp:featuredmedia":[{"embeddable":true,"href":"https:\/\/defabrica.com.mx\/defabrica\/wp-json\/wp\/v2\/media\/90012"}],"wp:attachment":[{"href":"https:\/\/defabrica.com.mx\/defabrica\/wp-json\/wp\/v2\/media?parent=90011"}],"wp:term":[{"taxonomy":"product_brand","embeddable":true,"href":"https:\/\/defabrica.com.mx\/defabrica\/wp-json\/wp\/v2\/product_brand?post=90011"},{"taxonomy":"product_cat","embeddable":true,"href":"https:\/\/defabrica.com.mx\/defabrica\/wp-json\/wp\/v2\/product_cat?post=90011"},{"taxonomy":"product_tag","embeddable":true,"href":"https:\/\/defabrica.com.mx\/defabrica\/wp-json\/wp\/v2\/product_tag?post=90011"}],"curies":[{"name":"wp","href":"https:\/\/api.w.org\/{rel}","templated":true}]}}